CRAN Package Check Results for Package ecespa

Last updated on 2015-04-28 17:46:49.

Flavor Version Tinstall Tcheck Ttotal Status Flags
r-devel-linux-x86_64-debian-clang 1.1-7 4.12 46.00 50.12 NOTE
r-devel-linux-x86_64-debian-gcc 1.1-7 3.94 44.04 47.98 NOTE
r-devel-linux-x86_64-fedora-clang 1.1-7 101.27 NOTE
r-devel-linux-x86_64-fedora-gcc 1.1-7 95.27 NOTE
r-devel-osx-x86_64-clang 1.1-7 87.44 NOTE
r-devel-windows-ix86+x86_64 1.1-7 14.00 86.00 100.00 NOTE
r-patched-linux-x86_64 1.1-7 4.20 43.93 48.13 NOTE
r-patched-solaris-sparc 1.1-7 586.70 NOTE
r-patched-solaris-x86 1.1-7 135.60 NOTE
r-release-linux-x86_64 1.1-7 4.01 45.34 49.35 NOTE
r-release-osx-x86_64-mavericks 1.1-7 NOTE
r-release-osx-x86_64-snowleopard 1.1-7 NOTE
r-release-windows-ix86+x86_64 1.1-7 14.00 90.00 104.00 NOTE
r-oldrel-windows-ix86+x86_64 1.1-7 15.00 109.00 124.00 NOTE

Check Details

Version: 1.1-7
Check: dependencies in R code
Result: NOTE
    'library' or 'require' call to ‘spatstat’ which was already attached by Depends.
     Please remove these calls from your code.
Flavors: r-devel-linux-x86_64-debian-clang, r-devel-linux-x86_64-debian-gcc, r-devel-linux-x86_64-fedora-clang, r-devel-linux-x86_64-fedora-gcc, r-devel-osx-x86_64-clang, r-devel-windows-ix86+x86_64, r-patched-linux-x86_64, r-patched-solaris-sparc, r-patched-solaris-x86, r-release-linux-x86_64, r-release-osx-x86_64-mavericks, r-release-windows-ix86+x86_64, r-oldrel-windows-ix86+x86_64

Version: 1.1-7
Check: Rd line widths
Result: NOTE
    Rd file 'marksum.rd':
     \usage lines wider than 90 characters:
     plot(x, what="normalized", contour=FALSE, grid=FALSE, ribbon=TRUE,col=NULL ,main=NULL,xlab="",ylab="",...)
     \examples lines wider than 100 characters:
     plot(seed.m, what="normalized", dimyx=200, contour=TRUE, sigma = 5, grid=TRUE) # normalized mark-sum measure
    
    These lines will be truncated in the PDF manual.
Flavors: r-devel-linux-x86_64-debian-clang, r-devel-linux-x86_64-debian-gcc, r-devel-linux-x86_64-fedora-clang, r-devel-linux-x86_64-fedora-gcc, r-patched-linux-x86_64, r-release-linux-x86_64

Version: 1.1-7
Check: dependencies in R code
Result: NOTE
    'library' or 'require' call to ‘spatstat’ which was already attached by Depends.
     Please remove these calls from your code.
    See the information on DESCRIPTION files in the chapter ‘Creating R
    packages’ of the ‘Writing R Extensions’ manual.
Flavor: r-release-osx-x86_64-snowleopard