CRAN Package Check Results for Package ecespa

Last updated on 2014-04-24 15:50:36.

Flavor Version Tinstall Tcheck Ttotal Status Flags
r-devel-linux-x86_64-debian-clang 1.1-7 5.25 55.25 60.50 NOTE
r-devel-linux-x86_64-debian-gcc 1.1-7 5.39 56.00 61.40 NOTE
r-devel-linux-x86_64-fedora-clang 1.1-7 141.01 NOTE
r-devel-linux-x86_64-fedora-gcc 1.1-7 136.76 NOTE
r-devel-osx-x86_64-clang 1.1-7 103.78 NOTE
r-devel-osx-x86_64-gcc 1.1-7 NOTE
r-devel-windows-ix86+x86_64 1.1-7 17.00 97.00 114.00 NOTE
r-patched-linux-x86_64 1.1-7 5.11 55.72 60.83 NOTE
r-patched-solaris-sparc 1.1-7 722.20 NOTE
r-patched-solaris-x86 1.1-7 174.00 NOTE
r-release-linux-ix86 1.1-7 8.00 88.00 96.00 NOTE
r-release-linux-x86_64 1.1-7 5.60 55.67 61.27 NOTE
r-release-osx-x86_64-mavericks 1.1-7 WARN
r-release-osx-x86_64-snowleopard 1.1-7 NOTE
r-release-windows-ix86+x86_64 1.1-7 15.00 91.00 106.00 NOTE
r-oldrel-windows-ix86+x86_64 1.1-7 15.00 99.00 114.00 NOTE

Check Details

Version: 1.1-7
Check: dependencies in R code
Result: NOTE
    'library' or 'require' call to ‘spatstat’ which was already attached by Depends.
     Please remove these calls from your code.
    See the information on DESCRIPTION files in the chapter ‘Creating R
    packages’ of the ‘Writing R Extensions’ manual.
Flavors: r-devel-linux-x86_64-debian-clang, r-devel-linux-x86_64-debian-gcc, r-devel-linux-x86_64-fedora-clang, r-devel-linux-x86_64-fedora-gcc, r-devel-osx-x86_64-clang, r-devel-osx-x86_64-gcc, r-devel-windows-ix86+x86_64, r-patched-linux-x86_64, r-patched-solaris-sparc, r-patched-solaris-x86, r-release-linux-ix86, r-release-linux-x86_64, r-release-osx-x86_64-mavericks, r-release-osx-x86_64-snowleopard, r-release-windows-ix86+x86_64, r-oldrel-windows-ix86+x86_64

Version: 1.1-7
Check: Rd line widths
Result: NOTE
    Rd file 'marksum.rd':
     \usage lines wider than 90 characters:
     plot(x, what="normalized", contour=FALSE, grid=FALSE, ribbon=TRUE,col=NULL ,main=NULL,xlab="",ylab="",...)
     \examples lines wider than 100 characters:
     plot(seed.m, what="normalized", dimyx=200, contour=TRUE, sigma = 5, grid=TRUE) # normalized mark-sum measure
    
    These lines will be truncated in the PDF manual.
Flavors: r-devel-linux-x86_64-fedora-clang, r-devel-linux-x86_64-fedora-gcc

Version: 1.1-7
Check: PDF version of manual
Result: WARNING
    LaTeX errors when creating PDF version.
    This typically indicates Rd problems.
    LaTeX errors found:
    ! LaTeX Error: File `upquote.sty' not found.
    
    Type X to quit or <RETURN> to proceed,
    or enter new name. (Default extension: sty)
    
    d01fcbf/Rd2.tex:8: ==> Fatal error occurred, no output PDF file produced!
Flavor: r-release-osx-x86_64-mavericks