CRAN Package Check Results for Package ecespa

Last updated on 2014-12-20 12:47:24.

Flavor Version Tinstall Tcheck Ttotal Status Flags
r-devel-linux-x86_64-debian-clang 1.1-7 5.28 53.44 58.72 NOTE
r-devel-linux-x86_64-debian-gcc 1.1-7 4.66 52.05 56.71 NOTE
r-devel-linux-x86_64-fedora-clang 1.1-7 137.62 NOTE
r-devel-linux-x86_64-fedora-gcc 1.1-7 121.07 NOTE
r-devel-osx-x86_64-clang 1.1-7 116.68 NOTE
r-devel-windows-ix86+x86_64 1.1-7 17.00 104.00 121.00 NOTE
r-patched-linux-x86_64 1.1-7 5.15 54.05 59.20 NOTE
r-patched-solaris-sparc 1.1-7 728.70 NOTE
r-patched-solaris-x86 1.1-7 177.50 NOTE
r-release-linux-ix86 1.1-7 5.85 64.54 70.39 NOTE
r-release-linux-x86_64 1.1-7 5.09 54.88 59.97 NOTE
r-release-osx-x86_64-mavericks 1.1-7 NOTE
r-release-osx-x86_64-snowleopard 1.1-7 NOTE
r-release-windows-ix86+x86_64 1.1-7 19.00 106.00 125.00 NOTE
r-oldrel-windows-ix86+x86_64 1.1-7 20.00 107.00 127.00 NOTE

Check Details

Version: 1.1-7
Check: dependencies in R code
Result: NOTE
    'library' or 'require' call to ‘spatstat’ which was already attached by Depends.
     Please remove these calls from your code.
    See the information on DESCRIPTION files in the chapter ‘Creating R
    packages’ of the ‘Writing R Extensions’ manual.
Flavors: r-devel-linux-x86_64-debian-clang, r-devel-linux-x86_64-debian-gcc, r-devel-linux-x86_64-fedora-clang, r-devel-linux-x86_64-fedora-gcc, r-devel-osx-x86_64-clang, r-devel-windows-ix86+x86_64, r-patched-linux-x86_64, r-patched-solaris-sparc, r-patched-solaris-x86, r-release-linux-ix86, r-release-linux-x86_64, r-release-osx-x86_64-mavericks, r-release-osx-x86_64-snowleopard, r-release-windows-ix86+x86_64, r-oldrel-windows-ix86+x86_64

Version: 1.1-7
Check: Rd line widths
Result: NOTE
    Rd file 'marksum.rd':
     \usage lines wider than 90 characters:
     plot(x, what="normalized", contour=FALSE, grid=FALSE, ribbon=TRUE,col=NULL ,main=NULL,xlab="",ylab="",...)
     \examples lines wider than 100 characters:
     plot(seed.m, what="normalized", dimyx=200, contour=TRUE, sigma = 5, grid=TRUE) # normalized mark-sum measure
    
    These lines will be truncated in the PDF manual.
Flavors: r-devel-linux-x86_64-debian-clang, r-devel-linux-x86_64-debian-gcc, r-devel-linux-x86_64-fedora-clang, r-devel-linux-x86_64-fedora-gcc, r-patched-linux-x86_64, r-release-linux-x86_64