CRAN Package Check Results for Package ecespa

Last updated on 2017-05-27 20:46:13.

Flavor Version Tinstall Tcheck Ttotal Status Flags
r-devel-linux-x86_64-debian-clang 1.1-8 4.02 47.36 51.37 NOTE
r-devel-linux-x86_64-debian-gcc 1.1-8 4.28 45.30 49.58 NOTE
r-devel-linux-x86_64-fedora-clang 1.1-8 107.09 NOTE
r-devel-linux-x86_64-fedora-gcc 1.1-8 104.33 NOTE
r-devel-windows-ix86+x86_64 1.1-8 14.00 105.00 119.00 OK
r-patched-linux-x86_64 1.1-8 4.05 46.71 50.76 NOTE
r-patched-solaris-sparc 1.1-8 610.20 OK
r-patched-solaris-x86 1.1-8 147.00 OK
r-release-linux-x86_64 1.1-8 3.81 45.72 49.53 NOTE
r-release-windows-ix86+x86_64 1.1-8 13.00 98.00 111.00 OK
r-release-osx-x86_64 1.1-8 OK
r-oldrel-windows-ix86+x86_64 1.1-8 19.00 92.00 111.00 OK
r-oldrel-osx-x86_64 1.1-8 OK

Check Details

Version: 1.1-8
Check: compiled code
Result: NOTE
    File ‘ecespa/libs/ecespa.so’:
     Found no calls to: ‘R_registerRoutines’, ‘R_useDynamicSymbols’
    
    It is good practice to register native routines and to disable symbol
    search.
    
    See ‘Writing portable packages’ in the ‘Writing R Extensions’ manual.
Flavors: r-devel-linux-x86_64-debian-clang, r-devel-linux-x86_64-debian-gcc, r-devel-linux-x86_64-fedora-clang, r-devel-linux-x86_64-fedora-gcc, r-patched-linux-x86_64, r-release-linux-x86_64