CRAN Package Check Results for Package ecespa

Last updated on 2017-07-24 10:46:40.

Flavor Version Tinstall Tcheck Ttotal Status Flags
r-devel-linux-x86_64-debian-clang 1.1-8 3.80 53.44 57.25 NOTE
r-devel-linux-x86_64-debian-gcc 1.1-8 4.01 52.65 56.66 NOTE
r-devel-linux-x86_64-fedora-clang 1.1-8 116.04 NOTE
r-devel-linux-x86_64-fedora-gcc 1.1-8 103.02 NOTE
r-devel-windows-ix86+x86_64 1.1-8 19.00 135.00 154.00 OK
r-patched-linux-x86_64 1.1-8 4.15 53.10 57.26 NOTE
r-patched-solaris-x86 1.1-8 145.90 OK
r-release-linux-x86_64 1.1-8 3.72 53.33 57.05 NOTE
r-release-windows-ix86+x86_64 1.1-8 13.00 142.00 155.00 OK
r-release-osx-x86_64 1.1-8 OK
r-oldrel-windows-ix86+x86_64 1.1-8 13.00 98.00 111.00 OK
r-oldrel-osx-x86_64 1.1-8 OK

Check Details

Version: 1.1-8
Check: compiled code
Result: NOTE
    File ‘ecespa/libs/ecespa.so’:
     Found no calls to: ‘R_registerRoutines’, ‘R_useDynamicSymbols’
    
    It is good practice to register native routines and to disable symbol
    search.
    
    See ‘Writing portable packages’ in the ‘Writing R Extensions’ manual.
Flavors: r-devel-linux-x86_64-debian-clang, r-devel-linux-x86_64-debian-gcc, r-devel-linux-x86_64-fedora-clang, r-devel-linux-x86_64-fedora-gcc, r-patched-linux-x86_64, r-release-linux-x86_64