CRAN Package Check Results for Package ecespa

Last updated on 2015-07-05 22:47:24.

Flavor Version Tinstall Tcheck Ttotal Status Flags
r-devel-linux-x86_64-debian-clang 1.1-8 4.18 45.11 49.29 OK
r-devel-linux-x86_64-debian-gcc 1.1-8 4.24 44.68 48.92 OK
r-devel-linux-x86_64-fedora-clang 1.1-8 54.80 OK
r-devel-linux-x86_64-fedora-gcc 1.1-8 52.20 OK
r-devel-osx-x86_64-clang 1.1-8 48.26 OK
r-devel-windows-ix86+x86_64 1.1-8 20.00 88.00 108.00 OK
r-patched-linux-x86_64 1.1-7 4.06 44.21 48.26 NOTE
r-patched-solaris-sparc 1.1-8 557.80 OK
r-patched-solaris-x86 1.1-8 117.30 OK
r-release-linux-x86_64 1.1-7 4.19 45.44 49.63 NOTE
r-release-osx-x86_64-mavericks 1.1-8 OK
r-release-windows-ix86+x86_64 1.1-8 19.00 116.00 135.00 OK
r-oldrel-windows-ix86+x86_64 1.1-8 24.00 158.00 182.00 OK

Check Details

Version: 1.1-7
Check: dependencies in R code
Result: NOTE
    'library' or 'require' call to ‘spatstat’ which was already attached by Depends.
     Please remove these calls from your code.
Flavors: r-patched-linux-x86_64, r-release-linux-x86_64

Version: 1.1-7
Check: Rd line widths
Result: NOTE
    Rd file 'marksum.rd':
     \usage lines wider than 90 characters:
     plot(x, what="normalized", contour=FALSE, grid=FALSE, ribbon=TRUE,col=NULL ,main=NULL,xlab="",ylab="",...)
     \examples lines wider than 100 characters:
     plot(seed.m, what="normalized", dimyx=200, contour=TRUE, sigma = 5, grid=TRUE) # normalized mark-sum measure
    
    These lines will be truncated in the PDF manual.
Flavors: r-patched-linux-x86_64, r-release-linux-x86_64