CRAN Package Check Results for Package ecespa

Last updated on 2014-11-22 03:49:27.

Flavor Version Tinstall Tcheck Ttotal Status Flags
r-devel-linux-x86_64-debian-clang 1.1-7 5.32 53.72 59.04 NOTE
r-devel-linux-x86_64-debian-gcc 1.1-7 5.06 52.19 57.25 NOTE
r-devel-linux-x86_64-fedora-clang 1.1-7 136.73 NOTE
r-devel-linux-x86_64-fedora-gcc 1.1-7 129.66 NOTE
r-devel-osx-x86_64-clang 1.1-7 116.37 NOTE
r-devel-windows-ix86+x86_64 1.1-7 17.00 133.00 150.00 NOTE
r-patched-linux-x86_64 1.1-7 5.14 55.86 61.00 NOTE
r-patched-solaris-sparc 1.1-7 728.70 NOTE
r-patched-solaris-x86 1.1-7 178.20 NOTE
r-release-linux-ix86 1.1-7 5.72 65.10 70.82 NOTE
r-release-linux-x86_64 1.1-7 5.02 54.66 59.68 NOTE
r-release-osx-x86_64-mavericks 1.1-7 NOTE
r-release-osx-x86_64-snowleopard 1.1-7 NOTE
r-release-windows-ix86+x86_64 1.1-7 25.00 106.00 131.00 NOTE
r-oldrel-windows-ix86+x86_64 1.1-7 18.00 103.00 121.00 NOTE

Check Details

Version: 1.1-7
Check: dependencies in R code
Result: NOTE
    'library' or 'require' call to ‘spatstat’ which was already attached by Depends.
     Please remove these calls from your code.
    See the information on DESCRIPTION files in the chapter ‘Creating R
    packages’ of the ‘Writing R Extensions’ manual.
Flavors: r-devel-linux-x86_64-debian-clang, r-devel-linux-x86_64-debian-gcc, r-devel-linux-x86_64-fedora-clang, r-devel-linux-x86_64-fedora-gcc, r-devel-osx-x86_64-clang, r-devel-windows-ix86+x86_64, r-patched-linux-x86_64, r-patched-solaris-sparc, r-patched-solaris-x86, r-release-linux-ix86, r-release-linux-x86_64, r-release-osx-x86_64-mavericks, r-release-osx-x86_64-snowleopard, r-release-windows-ix86+x86_64, r-oldrel-windows-ix86+x86_64

Version: 1.1-7
Check: Rd line widths
Result: NOTE
    Rd file 'marksum.rd':
     \usage lines wider than 90 characters:
     plot(x, what="normalized", contour=FALSE, grid=FALSE, ribbon=TRUE,col=NULL ,main=NULL,xlab="",ylab="",...)
     \examples lines wider than 100 characters:
     plot(seed.m, what="normalized", dimyx=200, contour=TRUE, sigma = 5, grid=TRUE) # normalized mark-sum measure
    
    These lines will be truncated in the PDF manual.
Flavors: r-devel-linux-x86_64-debian-clang, r-devel-linux-x86_64-debian-gcc, r-devel-linux-x86_64-fedora-clang, r-devel-linux-x86_64-fedora-gcc, r-patched-linux-x86_64, r-release-linux-x86_64