CRAN Package Check Results for Package ecespa

Last updated on 2017-11-25 11:55:12 CET.

Flavor Version Tinstall Tcheck Ttotal Status Flags
r-devel-linux-x86_64-debian-clang 1.1-8 4.89 100.62 105.51 NOTE
r-devel-linux-x86_64-debian-gcc 1.1-8 4.56 89.57 94.14 NOTE
r-devel-linux-x86_64-fedora-clang 1.1-9 135.87 OK
r-devel-linux-x86_64-fedora-gcc 1.1-9 129.73 OK
r-devel-windows-ix86+x86_64 1.1-8 33.00 95.00 128.00 OK
r-patched-linux-x86_64 1.1-8 5.17 103.79 108.95 NOTE
r-patched-solaris-x86 1.1-9 184.60 OK
r-release-linux-x86_64 1.1-8 5.25 106.06 111.31 NOTE
r-release-windows-ix86+x86_64 1.1-8 13.00 97.00 110.00 OK
r-release-osx-x86_64 1.1-8 OK
r-oldrel-windows-ix86+x86_64 1.1-8 12.00 100.00 112.00 OK
r-oldrel-osx-x86_64 1.1-8 OK

Check Details

Version: 1.1-8
Check: compiled code
Result: NOTE
    File ‘ecespa/libs/ecespa.so’:
     Found no calls to: ‘R_registerRoutines’, ‘R_useDynamicSymbols’
    
    It is good practice to register native routines and to disable symbol
    search.
    
    See ‘Writing portable packages’ in the ‘Writing R Extensions’ manual.
Flavors: r-devel-linux-x86_64-debian-clang, r-devel-linux-x86_64-debian-gcc, r-patched-linux-x86_64, r-release-linux-x86_64