CRAN Package Check Results for Package ecespa

Last updated on 2017-02-23 15:48:14.

Flavor Version Tinstall Tcheck Ttotal Status Flags
r-devel-linux-x86_64-debian-clang 1.1-8 3.77 44.95 48.72 NOTE
r-devel-linux-x86_64-debian-gcc 1.1-8 3.66 44.48 48.15 NOTE
r-devel-linux-x86_64-fedora-clang 1.1-8 106.73 NOTE --no-stop-on-test-error
r-devel-linux-x86_64-fedora-gcc 1.1-8 102.52 NOTE --no-stop-on-test-error
r-devel-macos-x86_64-clang 1.1-8 81.78 NOTE --no-stop-on-test-error
r-devel-windows-ix86+x86_64 1.1-8 22.00 132.00 154.00 OK
r-patched-linux-x86_64 1.1-8 3.62 42.68 46.30 OK
r-patched-solaris-sparc 1.1-8 578.60 OK
r-patched-solaris-x86 1.1-8 127.90 OK
r-release-linux-x86_64 1.1-8 3.66 43.09 46.75 OK
r-release-osx-x86_64-mavericks 1.1-8 OK
r-release-windows-ix86+x86_64 1.1-8 21.00 140.00 161.00 OK
r-oldrel-windows-ix86+x86_64 1.1-8 25.00 144.00 169.00 OK

Check Details

Version: 1.1-8
Check: compiled code
Result: NOTE
    File ‘ecespa/libs/ecespa.so’:
     Found no calls to: ‘R_registerRoutines’, ‘R_useDynamicSymbols’
    
    It is good practice to register native routines and to disable symbol
    search.
    
    See ‘Writing portable packages’ in the ‘Writing R Extensions’ manual.
Flavors: r-devel-linux-x86_64-debian-clang, r-devel-linux-x86_64-debian-gcc

Version: 1.1-8
Flags: --no-stop-on-test-error
Check: compiled code
Result: NOTE
    File ‘ecespa/libs/ecespa.so’:
     Found no calls to: ‘R_registerRoutines’, ‘R_useDynamicSymbols’
    
    It is good practice to register native routines and to disable symbol
    search.
    
    See ‘Writing portable packages’ in the ‘Writing R Extensions’ manual.
Flavors: r-devel-linux-x86_64-fedora-clang, r-devel-linux-x86_64-fedora-gcc, r-devel-macos-x86_64-clang