CRAN Package Check Results for Package ecespa

Last updated on 2017-09-21 05:48:23.

Flavor Version Tinstall Tcheck Ttotal Status Flags
r-devel-linux-x86_64-debian-clang 1.1-8 3.92 45.98 49.91 NOTE
r-devel-linux-x86_64-debian-gcc 1.1-8 3.71 44.72 48.43 NOTE
r-devel-linux-x86_64-fedora-clang 1.1-8 107.65 NOTE
r-devel-linux-x86_64-fedora-gcc 1.1-8 108.67 NOTE
r-devel-windows-ix86+x86_64 1.1-8 13.00 136.00 149.00 OK
r-patched-linux-x86_64 1.1-8 4.09 45.48 49.56 NOTE
r-patched-solaris-x86 1.1-8 148.00 OK
r-release-linux-x86_64 1.1-8 4.22 46.01 50.23 NOTE
r-release-windows-ix86+x86_64 1.1-8 14.00 105.00 119.00 OK
r-release-osx-x86_64 1.1-8 OK
r-oldrel-windows-ix86+x86_64 1.1-8 14.00 87.00 101.00 OK
r-oldrel-osx-x86_64 1.1-8 OK

Check Details

Version: 1.1-8
Check: compiled code
Result: NOTE
    File ‘ecespa/libs/ecespa.so’:
     Found no calls to: ‘R_registerRoutines’, ‘R_useDynamicSymbols’
    
    It is good practice to register native routines and to disable symbol
    search.
    
    See ‘Writing portable packages’ in the ‘Writing R Extensions’ manual.
Flavors: r-devel-linux-x86_64-debian-clang, r-devel-linux-x86_64-debian-gcc, r-devel-linux-x86_64-fedora-clang, r-devel-linux-x86_64-fedora-gcc, r-patched-linux-x86_64, r-release-linux-x86_64