CRAN Package Check Results for Package ecespa

Last updated on 2015-03-31 03:48:28.

Flavor Version Tinstall Tcheck Ttotal Status Flags
r-devel-linux-x86_64-debian-clang 1.1-7 4.08 44.57 48.65 NOTE
r-devel-linux-x86_64-debian-gcc 1.1-7 3.76 43.67 47.43 NOTE
r-devel-linux-x86_64-fedora-clang 1.1-7 98.85 NOTE
r-devel-linux-x86_64-fedora-gcc 1.1-7 97.70 NOTE
r-devel-osx-x86_64-clang 1.1-7 95.07 NOTE
r-prerel-windows-ix86+x86_64 1.1-7 20.00 88.00 108.00 NOTE
r-prerel-linux-x86_64 1.1-7 3.70 42.42 46.12 NOTE
r-prerel-solaris-sparc 1.1-7 586.70 NOTE
r-prerel-solaris-x86 1.1-7 129.50 NOTE
r-release-linux-x86_64 1.1-7 5.76 55.81 61.57 NOTE
r-release-osx-x86_64-mavericks 1.1-7 NOTE
r-release-osx-x86_64-snowleopard 1.1-7 NOTE
r-release-windows-ix86+x86_64 1.1-7 17.00 105.00 122.00 NOTE
r-oldrel-windows-ix86+x86_64 1.1-7 21.00 99.00 120.00 NOTE

Check Details

Version: 1.1-7
Check: dependencies in R code
Result: NOTE
    'library' or 'require' call to ‘spatstat’ which was already attached by Depends.
     Please remove these calls from your code.
Flavors: r-devel-linux-x86_64-debian-clang, r-devel-linux-x86_64-debian-gcc, r-devel-linux-x86_64-fedora-clang, r-devel-linux-x86_64-fedora-gcc, r-devel-osx-x86_64-clang, r-prerel-windows-ix86+x86_64, r-prerel-linux-x86_64, r-prerel-solaris-sparc, r-prerel-solaris-x86, r-release-linux-x86_64, r-release-windows-ix86+x86_64

Version: 1.1-7
Check: Rd line widths
Result: NOTE
    Rd file 'marksum.rd':
     \usage lines wider than 90 characters:
     plot(x, what="normalized", contour=FALSE, grid=FALSE, ribbon=TRUE,col=NULL ,main=NULL,xlab="",ylab="",...)
     \examples lines wider than 100 characters:
     plot(seed.m, what="normalized", dimyx=200, contour=TRUE, sigma = 5, grid=TRUE) # normalized mark-sum measure
    
    These lines will be truncated in the PDF manual.
Flavors: r-devel-linux-x86_64-debian-clang, r-devel-linux-x86_64-debian-gcc, r-devel-linux-x86_64-fedora-clang, r-devel-linux-x86_64-fedora-gcc, r-prerel-linux-x86_64, r-release-linux-x86_64

Version: 1.1-7
Check: dependencies in R code
Result: NOTE
    'library' or 'require' call to ‘spatstat’ which was already attached by Depends.
     Please remove these calls from your code.
    See the information on DESCRIPTION files in the chapter ‘Creating R
    packages’ of the ‘Writing R Extensions’ manual.
Flavors: r-release-osx-x86_64-mavericks, r-release-osx-x86_64-snowleopard, r-oldrel-windows-ix86+x86_64