CRAN Package Check Results for Package ecespa

Last updated on 2014-07-25 17:47:59.

Flavor Version Tinstall Tcheck Ttotal Status Flags
r-devel-linux-x86_64-debian-clang 1.1-7 5.15 54.28 59.43 NOTE
r-devel-linux-x86_64-debian-gcc 1.1-7 4.90 52.91 57.82 NOTE
r-devel-linux-x86_64-fedora-clang 1.1-7 140.71 NOTE
r-devel-linux-x86_64-fedora-gcc 1.1-7 133.16 NOTE
r-devel-osx-x86_64-clang 1.1-7 108.09 NOTE
r-devel-windows-ix86+x86_64 1.1-7 18.00 94.00 112.00 NOTE
r-patched-linux-x86_64 1.1-7 4.99 52.78 57.77 NOTE
r-patched-solaris-sparc 1.1-7 722.20 NOTE
r-patched-solaris-x86 1.1-7 172.50 NOTE
r-release-linux-ix86 1.1-7 5.95 65.35 71.30 NOTE
r-release-linux-x86_64 1.1-7 6.22 53.81 60.04 NOTE
r-release-osx-x86_64-mavericks 1.1-7 NOTE
r-release-osx-x86_64-snowleopard 1.1-7 NOTE
r-release-windows-ix86+x86_64 1.1-7 15.00 98.00 113.00 NOTE
r-oldrel-windows-ix86+x86_64 1.1-7 16.00 99.00 115.00 NOTE

Check Details

Version: 1.1-7
Check: dependencies in R code
Result: NOTE
    'library' or 'require' call to ‘spatstat’ which was already attached by Depends.
     Please remove these calls from your code.
    See the information on DESCRIPTION files in the chapter ‘Creating R
    packages’ of the ‘Writing R Extensions’ manual.
Flavors: r-devel-linux-x86_64-debian-clang, r-devel-linux-x86_64-debian-gcc, r-devel-linux-x86_64-fedora-clang, r-devel-linux-x86_64-fedora-gcc, r-devel-osx-x86_64-clang, r-devel-windows-ix86+x86_64, r-patched-linux-x86_64, r-patched-solaris-sparc, r-patched-solaris-x86, r-release-linux-ix86, r-release-linux-x86_64, r-release-osx-x86_64-mavericks, r-release-osx-x86_64-snowleopard, r-release-windows-ix86+x86_64, r-oldrel-windows-ix86+x86_64

Version: 1.1-7
Check: Rd line widths
Result: NOTE
    Rd file 'marksum.rd':
     \usage lines wider than 90 characters:
     plot(x, what="normalized", contour=FALSE, grid=FALSE, ribbon=TRUE,col=NULL ,main=NULL,xlab="",ylab="",...)
     \examples lines wider than 100 characters:
     plot(seed.m, what="normalized", dimyx=200, contour=TRUE, sigma = 5, grid=TRUE) # normalized mark-sum measure
    
    These lines will be truncated in the PDF manual.
Flavors: r-devel-linux-x86_64-fedora-clang, r-devel-linux-x86_64-fedora-gcc