CRAN Package Check Results for Package ech

Last updated on 2021-04-17 09:49:58 CEST.

Flavor Version Tinstall Tcheck Ttotal Status Flags
r-devel-linux-x86_64-debian-clang 0.1.1.2 18.37 145.76 164.13 OK
r-devel-linux-x86_64-debian-gcc 0.1.1.2 13.41 109.00 122.41 OK
r-devel-linux-x86_64-fedora-clang 0.1.1.2 214.19 NOTE
r-devel-linux-x86_64-fedora-gcc 0.1.1.2 200.86 NOTE
r-devel-windows-ix86+x86_64 0.1.1.2 44.00 171.00 215.00 OK
r-devel-windows-x86_64-gcc10-UCRT 0.1.1.2 NOTE
r-patched-linux-x86_64 0.1.1.2 16.59 134.94 151.53 OK
r-patched-solaris-x86 0.1.1.2 269.80 NOTE
r-release-linux-x86_64 0.1.1.2 16.51 135.88 152.39 OK
r-release-macos-x86_64 0.1.1.2 NOTE
r-release-windows-ix86+x86_64 0.1.1.2 41.00 175.00 216.00 OK
r-oldrel-macos-x86_64 0.1.1.2 NOTE
r-oldrel-windows-ix86+x86_64 0.1.1.2 29.00 164.00 193.00 OK

Check Details

Version: 0.1.1.2
Check: data for non-ASCII characters
Result: NOTE
     Note: found 1409 marked UTF-8 strings
Flavors: r-devel-linux-x86_64-fedora-clang, r-devel-linux-x86_64-fedora-gcc, r-devel-windows-x86_64-gcc10-UCRT, r-patched-solaris-x86, r-release-macos-x86_64, r-oldrel-macos-x86_64