CRAN Package Check Results for Package ecodist

Last updated on 2017-01-16 10:47:41.

Flavor Version Tinstall Tcheck Ttotal Status Flags
r-devel-linux-x86_64-debian-clang 1.2.9 1.75 17.66 19.41 OK
r-devel-linux-x86_64-debian-gcc 1.2.9 1.50 17.06 18.56 OK
r-devel-linux-x86_64-fedora-clang 1.2.9 33.41 OK --no-stop-on-test-error
r-devel-linux-x86_64-fedora-gcc 1.2.9 30.82 NOTE --no-stop-on-test-error
r-devel-macos-x86_64-clang 1.2.9 28.37 OK --no-stop-on-test-error
r-devel-windows-ix86+x86_64 1.2.9 13.00 43.00 56.00 OK
r-patched-linux-x86_64 1.2.9 1.25 14.90 16.15 OK
r-patched-solaris-sparc 1.2.9 196.20 OK
r-patched-solaris-x86 1.2.9 39.20 OK
r-release-linux-x86_64 1.2.9 1.28 15.15 16.43 OK
r-release-osx-x86_64-mavericks 1.2.9 OK
r-release-windows-ix86+x86_64 1.2.9 11.00 41.00 52.00 OK
r-oldrel-windows-ix86+x86_64 1.2.9 14.00 38.00 52.00 OK

Check Details

Version: 1.2.9
Flags: --no-stop-on-test-error
Check: compiled code
Result: NOTE
    File ‘ecodist/libs/ecodist.so’:
     Found no calls to: ‘R_registerRoutines’, ‘R_useDynamicSymbols’
    
    It is good practice to use registered native symbols and disable symbol
    search.
    
    See ‘Writing portable packages’ in the ‘Writing R Extensions’ manual.
Flavor: r-devel-linux-x86_64-fedora-gcc