CRAN Package Check Results for Package ecodist

Last updated on 2017-04-24 12:47:29.

Flavor Version Tinstall Tcheck Ttotal Status Flags
r-devel-linux-x86_64-debian-clang 1.2.9 1.68 17.77 19.45 NOTE
r-devel-linux-x86_64-debian-gcc 1.2.9 1.47 17.46 18.93 NOTE
r-devel-linux-x86_64-fedora-clang 1.2.9 33.50 NOTE --no-stop-on-test-error
r-devel-linux-x86_64-fedora-gcc 1.2.9 31.56 NOTE --no-stop-on-test-error
r-devel-windows-ix86+x86_64 1.2.9 8.00 44.00 52.00 OK
r-patched-linux-x86_64 1.2.9 1.41 17.53 18.93 NOTE
r-patched-solaris-sparc 1.2.9 212.60 OK
r-patched-solaris-x86 1.2.9 45.60 OK
r-release-linux-x86_64 1.2.9 1.40 17.75 19.15 NOTE
r-release-windows-ix86+x86_64 1.2.9 7.00 41.00 48.00 OK
r-release-osx-x86_64 1.2.9 OK
r-oldrel-windows-ix86+x86_64 1.2.9 11.00 41.00 52.00 OK
r-oldrel-osx-x86_64 1.2.9 OK

Check Details

Version: 1.2.9
Check: compiled code
Result: NOTE
    File ‘ecodist/libs/ecodist.so’:
     Found no calls to: ‘R_registerRoutines’, ‘R_useDynamicSymbols’
    
    It is good practice to register native routines and to disable symbol
    search.
    
    See ‘Writing portable packages’ in the ‘Writing R Extensions’ manual.
Flavors: r-devel-linux-x86_64-debian-clang, r-devel-linux-x86_64-debian-gcc, r-patched-linux-x86_64, r-release-linux-x86_64

Version: 1.2.9
Flags: --no-stop-on-test-error
Check: compiled code
Result: NOTE
    File ‘ecodist/libs/ecodist.so’:
     Found no calls to: ‘R_registerRoutines’, ‘R_useDynamicSymbols’
    
    It is good practice to register native routines and to disable symbol
    search.
    
    See ‘Writing portable packages’ in the ‘Writing R Extensions’ manual.
Flavors: r-devel-linux-x86_64-fedora-clang, r-devel-linux-x86_64-fedora-gcc