CRAN Package Check Results for Package ecodist

Last updated on 2017-05-26 19:47:47.

Flavor Version Tinstall Tcheck Ttotal Status Flags
r-devel-linux-x86_64-debian-clang 1.2.9 1.72 19.28 20.99 NOTE
r-devel-linux-x86_64-debian-gcc 1.2.9 1.51 18.07 19.57 NOTE
r-devel-linux-x86_64-fedora-clang 1.2.9 34.49 NOTE
r-devel-linux-x86_64-fedora-gcc 1.2.9 32.16 NOTE
r-devel-windows-ix86+x86_64 1.2.9 13.00 57.00 70.00 OK
r-patched-linux-x86_64 1.2.9 1.74 18.92 20.66 NOTE
r-patched-solaris-sparc 1.2.9 212.60 OK
r-patched-solaris-x86 1.2.9 45.40 OK
r-release-linux-x86_64 1.2.9 1.50 17.79 19.29 NOTE
r-release-windows-ix86+x86_64 1.2.9 7.00 41.00 48.00 OK
r-release-osx-x86_64 1.2.9 OK
r-oldrel-windows-ix86+x86_64 1.2.9 11.00 41.00 52.00 OK
r-oldrel-osx-x86_64 1.2.9 OK

Check Details

Version: 1.2.9
Check: compiled code
Result: NOTE
    File ‘ecodist/libs/ecodist.so’:
     Found no calls to: ‘R_registerRoutines’, ‘R_useDynamicSymbols’
    
    It is good practice to register native routines and to disable symbol
    search.
    
    See ‘Writing portable packages’ in the ‘Writing R Extensions’ manual.
Flavors: r-devel-linux-x86_64-debian-clang, r-devel-linux-x86_64-debian-gcc, r-devel-linux-x86_64-fedora-clang, r-devel-linux-x86_64-fedora-gcc, r-patched-linux-x86_64, r-release-linux-x86_64