CRAN Package Check Results for Package ecolMod

Last updated on 2014-08-30 21:47:22.

Flavor Version Tinstall Tcheck Ttotal Status Flags
r-devel-linux-x86_64-debian-clang 1.2.5 1.19 35.59 36.78 NOTE
r-devel-linux-x86_64-debian-gcc 1.2.5 1.18 33.25 34.44 NOTE
r-devel-linux-x86_64-fedora-clang 1.2.5 79.25 NOTE
r-devel-linux-x86_64-fedora-gcc 1.2.5 76.92 NOTE
r-devel-osx-x86_64-clang 1.2.5 70.21 NOTE
r-devel-windows-ix86+x86_64 1.2.5 7.00 66.00 73.00 NOTE
r-patched-linux-x86_64 1.2.5 1.23 35.20 36.43 NOTE
r-patched-solaris-sparc 1.2.5 525.20 NOTE
r-patched-solaris-x86 1.2.5 99.30 NOTE
r-release-linux-ix86 1.2.5 2.02 48.46 50.48 NOTE
r-release-linux-x86_64 1.2.5 1.26 35.68 36.94 NOTE
r-release-osx-x86_64-mavericks 1.2.5 NOTE
r-release-osx-x86_64-snowleopard 1.2.5 NOTE
r-release-windows-ix86+x86_64 1.2.5 8.00 78.00 86.00 NOTE
r-oldrel-windows-ix86+x86_64 1.2.5 7.00 73.00 80.00 NOTE

Check Details

Version: 1.2.5
Check: dependencies in R code
Result: NOTE
    Packages in Depends field not imported from:
     ‘deSolve’ ‘diagram’ ‘rootSolve’
     These packages need to be imported from (in the NAMESPACE file)
     for when this namespace is loaded but not attached.
    See the information on DESCRIPTION files in the chapter ‘Creating R
    packages’ of the ‘Writing R Extensions’ manual.
Flavors: r-devel-linux-x86_64-debian-clang, r-devel-linux-x86_64-debian-gcc, r-devel-linux-x86_64-fedora-clang, r-devel-linux-x86_64-fedora-gcc, r-devel-osx-x86_64-clang, r-devel-windows-ix86+x86_64, r-patched-linux-x86_64, r-patched-solaris-sparc, r-patched-solaris-x86, r-release-linux-ix86, r-release-linux-x86_64, r-release-osx-x86_64-mavericks, r-release-windows-ix86+x86_64, r-oldrel-windows-ix86+x86_64

Version: 1.2.5
Check: R code for possible problems
Result: NOTE
    OMEXDIAsteady: no visible global function definition for ‘steady.band’
    dilution: no visible global function definition for ‘emptyplot’
    dilution: no visible global function definition for ‘filledcircle’
Flavors: r-devel-linux-x86_64-debian-clang, r-devel-linux-x86_64-debian-gcc, r-devel-linux-x86_64-fedora-clang, r-devel-linux-x86_64-fedora-gcc, r-devel-osx-x86_64-clang, r-devel-windows-ix86+x86_64

Version: 1.2.5
Check: dependencies in R code
Result: NOTE
    Packages in Depends field not imported from:
     ‘deSolve’ ‘diagram’ ‘rootSolve’
     These packages need to be imported from for the case when
     this namespace is loaded but not attached.
    See the information on DESCRIPTION files in the chapter ‘Creating R
    packages’ of the ‘Writing R Extensions’ manual.
Flavor: r-release-osx-x86_64-snowleopard