CRAN Package Check Results for Package ecolMod

Last updated on 2016-08-29 03:46:55.

Flavor Version Tinstall Tcheck Ttotal Status Flags
r-devel-linux-x86_64-debian-clang 1.2.6 1.34 26.07 27.42 NOTE
r-devel-linux-x86_64-debian-gcc 1.2.6 1.35 25.50 26.85 NOTE
r-devel-linux-x86_64-fedora-clang 1.2.6 51.86 NOTE
r-devel-linux-x86_64-fedora-gcc 1.2.6 49.32 NOTE
r-devel-osx-x86_64-clang 1.2.6 42.06 NOTE
r-devel-windows-ix86+x86_64 1.2.6 9.00 66.00 75.00 NOTE
r-patched-linux-x86_64 1.2.6 1.27 25.47 26.74 NOTE
r-patched-solaris-sparc 1.2.6 321.70 NOTE
r-patched-solaris-x86 1.2.6 58.10 NOTE
r-release-linux-x86_64 1.2.6 1.58 26.06 27.64 NOTE
r-release-osx-x86_64-mavericks 1.2.6 NOTE
r-release-windows-ix86+x86_64 1.2.6 21.00 93.00 114.00 NOTE
r-oldrel-windows-ix86+x86_64 1.2.6 16.00 106.00 122.00 OK

Check Details

Version: 1.2.6
Check: R code for possible problems
Result: NOTE
    dilution: no visible global function definition for ‘grey’
    dilution: no visible global function definition for ‘lines’
    dilution: no visible global function definition for ‘rect’
    dilution: no visible global function definition for ‘segments’
    dilution: no visible global function definition for ‘text’
    dilution: no visible global function definition for ‘arrows’
    pricefit: no visible global function definition for ‘runif’
    Undefined global functions or variables:
     arrows grey lines rect runif segments text
    Consider adding
     importFrom("grDevices", "grey")
     importFrom("graphics", "arrows", "lines", "rect", "segments", "text")
     importFrom("stats", "runif")
    to your NAMESPACE file.
Flavors: r-devel-linux-x86_64-debian-clang, r-devel-linux-x86_64-debian-gcc, r-devel-linux-x86_64-fedora-clang, r-devel-linux-x86_64-fedora-gcc, r-devel-osx-x86_64-clang, r-devel-windows-ix86+x86_64, r-patched-linux-x86_64, r-patched-solaris-sparc, r-patched-solaris-x86, r-release-linux-x86_64, r-release-osx-x86_64-mavericks, r-release-windows-ix86+x86_64