CRAN Package Check Results for Package ecolMod

Last updated on 2017-06-28 23:55:09.

Flavor Version Tinstall Tcheck Ttotal Status Flags
r-devel-linux-x86_64-debian-clang 1.2.6 1.41 29.79 31.20 NOTE
r-devel-linux-x86_64-debian-gcc 1.2.6 1.46 28.51 29.97 NOTE
r-devel-linux-x86_64-fedora-clang 1.2.6 57.03 NOTE
r-devel-linux-x86_64-fedora-gcc 1.2.6 55.24 NOTE
r-devel-windows-ix86+x86_64 1.2.6 9.00 94.00 103.00 NOTE
r-patched-linux-x86_64 1.2.6 1.39 28.54 29.93 NOTE
r-patched-solaris-sparc 1.2.6 352.80 NOTE
r-patched-solaris-x86 1.2.6 70.80 NOTE
r-release-linux-x86_64 1.2.6 1.34 28.40 29.74 NOTE
r-release-windows-ix86+x86_64 1.2.6 14.00 87.00 101.00 NOTE
r-release-osx-x86_64 1.2.6 NOTE
r-oldrel-windows-ix86+x86_64 1.2.6 8.00 98.00 106.00 NOTE
r-oldrel-osx-x86_64 1.2.6 NOTE

Check Details

Version: 1.2.6
Check: R code for possible problems
Result: NOTE
    dilution: no visible global function definition for ‘grey’
    dilution: no visible global function definition for ‘lines’
    dilution: no visible global function definition for ‘rect’
    dilution: no visible global function definition for ‘segments’
    dilution: no visible global function definition for ‘text’
    dilution: no visible global function definition for ‘arrows’
    pricefit: no visible global function definition for ‘runif’
    Undefined global functions or variables:
     arrows grey lines rect runif segments text
    Consider adding
     importFrom("grDevices", "grey")
     importFrom("graphics", "arrows", "lines", "rect", "segments", "text")
     importFrom("stats", "runif")
    to your NAMESPACE file.
Flavors: r-devel-linux-x86_64-debian-clang, r-devel-linux-x86_64-debian-gcc, r-devel-linux-x86_64-fedora-clang, r-devel-linux-x86_64-fedora-gcc, r-devel-windows-ix86+x86_64, r-patched-linux-x86_64, r-patched-solaris-sparc, r-patched-solaris-x86, r-release-linux-x86_64, r-release-windows-ix86+x86_64, r-release-osx-x86_64, r-oldrel-windows-ix86+x86_64, r-oldrel-osx-x86_64

Version: 1.2.6
Check: compiled code
Result: NOTE
    File ‘ecolMod/libs/ecolMod.so’:
     Found no calls to: ‘R_registerRoutines’, ‘R_useDynamicSymbols’
    
    It is good practice to register native routines and to disable symbol
    search.
    
    See ‘Writing portable packages’ in the ‘Writing R Extensions’ manual.
Flavors: r-devel-linux-x86_64-debian-clang, r-devel-linux-x86_64-debian-gcc, r-devel-linux-x86_64-fedora-clang, r-devel-linux-x86_64-fedora-gcc, r-patched-linux-x86_64, r-release-linux-x86_64