CRAN Package Check Results for Package ecolMod

Last updated on 2016-02-12 09:50:40.

Flavor Version Tinstall Tcheck Ttotal Status Flags
r-devel-linux-x86_64-debian-gcc 1.2.6 1.41 24.01 25.42 NOTE
r-devel-linux-x86_64-fedora-clang 1.2.6 50.73 NOTE
r-devel-linux-x86_64-fedora-gcc 1.2.6 49.17 NOTE
r-devel-osx-x86_64-clang 1.2.6 56.23 NOTE
r-devel-windows-ix86+x86_64 1.2.6 9.00 50.00 59.00 NOTE
r-patched-linux-x86_64 1.2.6 1.38 34.50 35.87 OK
r-patched-solaris-sparc 1.2.6 499.20 OK
r-patched-solaris-x86 1.2.6 85.20 OK
r-release-linux-x86_64 1.2.6 1.42 34.18 35.59 OK
r-release-osx-x86_64-mavericks 1.2.6 OK
r-release-windows-ix86+x86_64 1.2.6 10.00 68.00 78.00 OK
r-oldrel-windows-ix86+x86_64 1.2.6 12.00 75.00 87.00 OK

Check Details

Version: 1.2.6
Check: R code for possible problems
Result: NOTE
    dilution: no visible global function definition for ‘grey’
    dilution: no visible global function definition for ‘lines’
    dilution: no visible global function definition for ‘rect’
    dilution: no visible global function definition for ‘segments’
    dilution: no visible global function definition for ‘text’
    dilution: no visible global function definition for ‘arrows’
    pricefit: no visible global function definition for ‘runif’
    Undefined global functions or variables:
     arrows grey lines rect runif segments text
    Consider adding
     importFrom("grDevices", "grey")
     importFrom("graphics", "arrows", "lines", "rect", "segments", "text")
     importFrom("stats", "runif")
    to your NAMESPACE file.
Flavors: r-devel-linux-x86_64-debian-gcc, r-devel-linux-x86_64-fedora-clang, r-devel-linux-x86_64-fedora-gcc, r-devel-osx-x86_64-clang, r-devel-windows-ix86+x86_64