CRAN Package Check Results for Package ecolMod

Last updated on 2014-12-21 23:46:59.

Flavor Version Tinstall Tcheck Ttotal Status Flags
r-devel-linux-x86_64-debian-clang 1.2.5 1.26 36.96 38.21 NOTE
r-devel-linux-x86_64-debian-gcc 1.2.5 1.25 35.48 36.73 NOTE
r-devel-linux-x86_64-fedora-clang 1.2.5 80.03 NOTE
r-devel-linux-x86_64-fedora-gcc 1.2.5 76.08 NOTE
r-devel-osx-x86_64-clang 1.2.5 73.23 NOTE
r-devel-windows-ix86+x86_64 1.2.5 8.00 93.00 101.00 NOTE
r-patched-linux-x86_64 1.2.5 1.26 37.26 38.53 NOTE
r-patched-solaris-sparc 1.2.5 493.20 NOTE
r-patched-solaris-x86 1.2.5 93.00 NOTE
r-release-linux-ix86 1.2.5 1.87 45.96 47.82 NOTE
r-release-linux-x86_64 1.2.5 1.27 37.50 38.76 NOTE
r-release-osx-x86_64-mavericks 1.2.5 NOTE
r-release-osx-x86_64-snowleopard 1.2.5 NOTE
r-release-windows-ix86+x86_64 1.2.5 7.00 75.00 82.00 NOTE
r-oldrel-windows-ix86+x86_64 1.2.5 7.00 69.00 76.00 NOTE

Check Details

Version: 1.2.5
Check: dependencies in R code
Result: NOTE
    Packages in Depends field not imported from:
     ‘deSolve’ ‘diagram’ ‘rootSolve’
     These packages need to be imported from (in the NAMESPACE file)
     for when this namespace is loaded but not attached.
    See the information on DESCRIPTION files in the chapter ‘Creating R
    packages’ of the ‘Writing R Extensions’ manual.
Flavors: r-devel-linux-x86_64-debian-clang, r-devel-linux-x86_64-debian-gcc, r-devel-linux-x86_64-fedora-clang, r-devel-linux-x86_64-fedora-gcc, r-devel-osx-x86_64-clang, r-devel-windows-ix86+x86_64, r-patched-linux-x86_64, r-patched-solaris-sparc, r-patched-solaris-x86, r-release-linux-ix86, r-release-linux-x86_64, r-release-osx-x86_64-mavericks, r-release-windows-ix86+x86_64, r-oldrel-windows-ix86+x86_64

Version: 1.2.5
Check: R code for possible problems
Result: NOTE
    OMEXDIAsteady: no visible global function definition for ‘steady.band’
    dilution: no visible global function definition for ‘emptyplot’
    dilution: no visible global function definition for ‘filledcircle’
Flavors: r-devel-linux-x86_64-debian-clang, r-devel-linux-x86_64-debian-gcc, r-devel-linux-x86_64-fedora-clang, r-devel-linux-x86_64-fedora-gcc, r-devel-osx-x86_64-clang, r-devel-windows-ix86+x86_64, r-patched-linux-x86_64, r-patched-solaris-sparc, r-patched-solaris-x86, r-release-linux-ix86, r-release-linux-x86_64, r-release-windows-ix86+x86_64

Version: 1.2.5
Check: compiled code
Result: NOTE
    File ‘ecolMod/libs/ecolMod.so’:
     Found ‘_gfortran_rand’, possibly from ‘rand’ (Fortran)
     Object: ‘competition.o’
    
    Compiled code should not call entry points which might terminate R nor
    write to stdout/stderr instead of to the console, nor the system RNG.
    
    See ‘Writing portable packages’ in the ‘Writing R Extensions’ manual.
Flavors: r-devel-linux-x86_64-debian-clang, r-devel-linux-x86_64-debian-gcc, r-devel-linux-x86_64-fedora-clang, r-devel-linux-x86_64-fedora-gcc, r-patched-linux-x86_64

Version: 1.2.5
Check: compiled code
Result: NOTE
    File ‘ecolMod/libs/ecolMod.so’:
     Found ‘__gfortran_rand’, possibly from ‘rand’ (Fortran)
     Object: ‘competition.o’
    
    Compiled code should not call entry points which might terminate R nor
    write to stdout/stderr instead of to the console, nor the system RNG.
    
    See ‘Writing portable packages’ in the ‘Writing R Extensions’ manual.
Flavor: r-devel-osx-x86_64-clang

Version: 1.2.5
Check: compiled code
Result: NOTE
    File ‘ecolMod/libs/ecolMod.so’:
     Found ‘rand_’, possibly from ‘rand’ (Fortran)
     Object: ‘competition.o’
    
    Compiled code should not call entry points which might terminate R nor
    write to stdout/stderr instead of to the console, nor the system RNG.
    
    See ‘Writing portable packages’ in the ‘Writing R Extensions’ manual.
Flavors: r-patched-solaris-sparc, r-patched-solaris-x86

Version: 1.2.5
Check: dependencies in R code
Result: NOTE
    Packages in Depends field not imported from:
     ‘deSolve’ ‘diagram’ ‘rootSolve’
     These packages need to be imported from for the case when
     this namespace is loaded but not attached.
    See the information on DESCRIPTION files in the chapter ‘Creating R
    packages’ of the ‘Writing R Extensions’ manual.
Flavor: r-release-osx-x86_64-snowleopard