CRAN Package Check Results for Package ecolMod

Last updated on 2017-05-22 18:51:39.

Flavor Version Tinstall Tcheck Ttotal Status Flags
r-devel-linux-x86_64-debian-clang 1.2.6 1.46 29.14 30.60 NOTE
r-devel-linux-x86_64-debian-gcc 1.2.6 1.35 28.64 29.99 NOTE
r-devel-linux-x86_64-fedora-clang 1.2.6 57.33 NOTE --no-stop-on-test-error
r-devel-linux-x86_64-fedora-gcc 1.2.6 55.21 NOTE --no-stop-on-test-error
r-devel-windows-ix86+x86_64 1.2.6 21.00 90.00 111.00 NOTE
r-patched-linux-x86_64 1.2.6 1.48 28.40 29.88 NOTE
r-patched-solaris-sparc 1.2.6 352.80 NOTE
r-patched-solaris-x86 1.2.6 69.10 NOTE
r-release-linux-x86_64 1.2.6 1.40 28.56 29.96 NOTE
r-release-windows-ix86+x86_64 1.2.6 9.00 92.00 101.00 NOTE
r-release-osx-x86_64 1.2.6 NOTE
r-oldrel-windows-ix86+x86_64 1.2.6 15.00 98.00 113.00 NOTE
r-oldrel-osx-x86_64 1.2.6 NOTE

Check Details

Version: 1.2.6
Check: R code for possible problems
Result: NOTE
    dilution: no visible global function definition for ‘grey’
    dilution: no visible global function definition for ‘lines’
    dilution: no visible global function definition for ‘rect’
    dilution: no visible global function definition for ‘segments’
    dilution: no visible global function definition for ‘text’
    dilution: no visible global function definition for ‘arrows’
    pricefit: no visible global function definition for ‘runif’
    Undefined global functions or variables:
     arrows grey lines rect runif segments text
    Consider adding
     importFrom("grDevices", "grey")
     importFrom("graphics", "arrows", "lines", "rect", "segments", "text")
     importFrom("stats", "runif")
    to your NAMESPACE file.
Flavors: r-devel-linux-x86_64-debian-clang, r-devel-linux-x86_64-debian-gcc, r-devel-windows-ix86+x86_64, r-patched-linux-x86_64, r-patched-solaris-sparc, r-patched-solaris-x86, r-release-linux-x86_64, r-release-windows-ix86+x86_64, r-release-osx-x86_64, r-oldrel-windows-ix86+x86_64, r-oldrel-osx-x86_64

Version: 1.2.6
Check: compiled code
Result: NOTE
    File ‘ecolMod/libs/ecolMod.so’:
     Found no calls to: ‘R_registerRoutines’, ‘R_useDynamicSymbols’
    
    It is good practice to register native routines and to disable symbol
    search.
    
    See ‘Writing portable packages’ in the ‘Writing R Extensions’ manual.
Flavors: r-devel-linux-x86_64-debian-clang, r-devel-linux-x86_64-debian-gcc, r-patched-linux-x86_64, r-release-linux-x86_64

Version: 1.2.6
Flags: --no-stop-on-test-error
Check: R code for possible problems
Result: NOTE
    dilution: no visible global function definition for ‘grey’
    dilution: no visible global function definition for ‘lines’
    dilution: no visible global function definition for ‘rect’
    dilution: no visible global function definition for ‘segments’
    dilution: no visible global function definition for ‘text’
    dilution: no visible global function definition for ‘arrows’
    pricefit: no visible global function definition for ‘runif’
    Undefined global functions or variables:
     arrows grey lines rect runif segments text
    Consider adding
     importFrom("grDevices", "grey")
     importFrom("graphics", "arrows", "lines", "rect", "segments", "text")
     importFrom("stats", "runif")
    to your NAMESPACE file.
Flavors: r-devel-linux-x86_64-fedora-clang, r-devel-linux-x86_64-fedora-gcc

Version: 1.2.6
Flags: --no-stop-on-test-error
Check: compiled code
Result: NOTE
    File ‘ecolMod/libs/ecolMod.so’:
     Found no calls to: ‘R_registerRoutines’, ‘R_useDynamicSymbols’
    
    It is good practice to register native routines and to disable symbol
    search.
    
    See ‘Writing portable packages’ in the ‘Writing R Extensions’ manual.
Flavors: r-devel-linux-x86_64-fedora-clang, r-devel-linux-x86_64-fedora-gcc