CRAN Package Check Results for Package ecolMod

Last updated on 2016-12-04 23:47:51.

Flavor Version Tinstall Tcheck Ttotal Status Flags
r-devel-linux-x86_64-debian-clang 1.2.6 1.52 29.08 30.60 NOTE
r-devel-linux-x86_64-debian-gcc 1.2.6 1.48 27.78 29.26 NOTE
r-devel-linux-x86_64-fedora-clang 1.2.6 59.55 NOTE --no-stop-on-test-error
r-devel-linux-x86_64-fedora-gcc 1.2.6 56.59 NOTE --no-stop-on-test-error
r-devel-macos-x86_64-clang 1.2.6 46.65 NOTE
r-devel-windows-ix86+x86_64 1.2.6 9.00 96.00 105.00 NOTE
r-patched-linux-x86_64 1.2.6 1.42 25.29 26.71 NOTE
r-patched-solaris-sparc 1.2.6 321.70 NOTE
r-patched-solaris-x86 1.2.6 58.30 NOTE
r-release-linux-x86_64 1.2.6 1.30 26.14 27.44 NOTE
r-release-osx-x86_64-mavericks 1.2.6 NOTE
r-release-windows-ix86+x86_64 1.2.6 12.00 69.00 81.00 NOTE
r-oldrel-windows-ix86+x86_64 1.2.6 8.00 84.00 92.00 OK

Check Details

Version: 1.2.6
Check: R code for possible problems
Result: NOTE
    dilution: no visible global function definition for ‘grey’
    dilution: no visible global function definition for ‘lines’
    dilution: no visible global function definition for ‘rect’
    dilution: no visible global function definition for ‘segments’
    dilution: no visible global function definition for ‘text’
    dilution: no visible global function definition for ‘arrows’
    pricefit: no visible global function definition for ‘runif’
    Undefined global functions or variables:
     arrows grey lines rect runif segments text
    Consider adding
     importFrom("grDevices", "grey")
     importFrom("graphics", "arrows", "lines", "rect", "segments", "text")
     importFrom("stats", "runif")
    to your NAMESPACE file.
Flavors: r-devel-linux-x86_64-debian-clang, r-devel-linux-x86_64-debian-gcc, r-devel-macos-x86_64-clang, r-devel-windows-ix86+x86_64, r-patched-linux-x86_64, r-patched-solaris-sparc, r-patched-solaris-x86, r-release-linux-x86_64, r-release-osx-x86_64-mavericks, r-release-windows-ix86+x86_64

Version: 1.2.6
Flags: --no-stop-on-test-error
Check: R code for possible problems
Result: NOTE
    dilution: no visible global function definition for ‘grey’
    dilution: no visible global function definition for ‘lines’
    dilution: no visible global function definition for ‘rect’
    dilution: no visible global function definition for ‘segments’
    dilution: no visible global function definition for ‘text’
    dilution: no visible global function definition for ‘arrows’
    pricefit: no visible global function definition for ‘runif’
    Undefined global functions or variables:
     arrows grey lines rect runif segments text
    Consider adding
     importFrom("grDevices", "grey")
     importFrom("graphics", "arrows", "lines", "rect", "segments", "text")
     importFrom("stats", "runif")
    to your NAMESPACE file.
Flavors: r-devel-linux-x86_64-fedora-clang, r-devel-linux-x86_64-fedora-gcc