CRAN Package Check Results for Package ecolMod

Last updated on 2014-04-16 15:49:26.

Flavor Version Tinstall Tcheck Ttotal Status Flags
r-devel-linux-x86_64-debian-clang 1.2.5 1.32 37.55 38.86 NOTE
r-devel-linux-x86_64-debian-gcc 1.2.5 1.37 37.57 38.94 NOTE
r-devel-linux-x86_64-fedora-clang 1.2.5 84.19 NOTE
r-devel-linux-x86_64-fedora-gcc 1.2.5 80.68 NOTE
r-devel-macosx-x86_64-clang 1.2.5 73.78 NOTE
r-devel-macosx-x86_64-gcc 1.2.5 NOTE
r-devel-windows-ix86+x86_64 1.2.5 6.00 91.00 97.00 NOTE
r-patched-linux-x86_64 1.2.5 1.33 38.35 39.68 NOTE
r-patched-solaris-sparc 1.2.5 511.70 NOTE
r-patched-solaris-x86 1.2.5 93.00 NOTE
r-release-linux-ix86 1.2.5 4.00 63.00 67.00 NOTE
r-release-linux-x86_64 1.2.5 1.28 37.25 38.54 NOTE
r-release-macosx-x86_64 1.2.5 NOTE
r-release-windows-ix86+x86_64 1.2.5 14.00 95.00 109.00 NOTE
r-oldrel-windows-ix86+x86_64 1.2.5 8.00 74.00 82.00 NOTE

Check Details

Version: 1.2.5
Check: dependencies in R code
Result: NOTE
    Packages in Depends field not imported from:
     ‘deSolve’ ‘diagram’ ‘rootSolve’
     These packages need to be imported from (in the NAMESPACE file)
     for when this namespace is loaded but not attached.
    See the information on DESCRIPTION files in the chapter ‘Creating R
    packages’ of the ‘Writing R Extensions’ manual.
Flavors: r-devel-linux-x86_64-debian-clang, r-devel-linux-x86_64-debian-gcc, r-devel-linux-x86_64-fedora-clang, r-devel-linux-x86_64-fedora-gcc, r-devel-macosx-x86_64-clang, r-devel-macosx-x86_64-gcc, r-devel-windows-ix86+x86_64, r-patched-linux-x86_64, r-patched-solaris-sparc, r-patched-solaris-x86, r-release-linux-ix86, r-release-linux-x86_64, r-release-windows-ix86+x86_64, r-oldrel-windows-ix86+x86_64

Version: 1.2.5
Check: dependencies in R code
Result: NOTE
    Packages in Depends field not imported from:
     ‘deSolve’ ‘diagram’ ‘rootSolve’
     These packages need to be imported from for the case when
     this namespace is loaded but not attached.
    See the information on DESCRIPTION files in the chapter ‘Creating R
    packages’ of the ‘Writing R Extensions’ manual.
Flavor: r-release-macosx-x86_64