CRAN Package Check Results for Package ecolMod

Last updated on 2017-03-29 03:50:24.

Flavor Version Tinstall Tcheck Ttotal Status Flags
r-devel-linux-x86_64-debian-clang 1.2.6 1.50 29.31 30.81 NOTE
r-devel-linux-x86_64-debian-gcc 1.2.6 1.38 29.01 30.39 NOTE
r-devel-linux-x86_64-fedora-clang 1.2.6 57.81 NOTE --no-stop-on-test-error
r-devel-linux-x86_64-fedora-gcc 1.2.6 56.26 NOTE --no-stop-on-test-error
r-devel-macos-x86_64-clang 1.2.6 46.10 NOTE --no-stop-on-test-error
r-devel-windows-ix86+x86_64 1.2.6 9.00 67.00 76.00 NOTE
r-patched-linux-x86_64 1.2.6 1.32 28.86 30.18 NOTE
r-patched-solaris-sparc 1.2.6 352.80 NOTE
r-patched-solaris-x86 1.2.6 74.70 NOTE
r-release-linux-x86_64 1.2.6 1.35 25.24 26.58 NOTE
r-release-osx-x86_64-mavericks 1.2.6 NOTE
r-release-windows-ix86+x86_64 1.2.6 12.00 131.00 143.00 NOTE
r-oldrel-windows-ix86+x86_64 1.2.6 9.00 110.00 119.00 OK

Check Details

Version: 1.2.6
Check: R code for possible problems
Result: NOTE
    dilution: no visible global function definition for ‘grey’
    dilution: no visible global function definition for ‘lines’
    dilution: no visible global function definition for ‘rect’
    dilution: no visible global function definition for ‘segments’
    dilution: no visible global function definition for ‘text’
    dilution: no visible global function definition for ‘arrows’
    pricefit: no visible global function definition for ‘runif’
    Undefined global functions or variables:
     arrows grey lines rect runif segments text
    Consider adding
     importFrom("grDevices", "grey")
     importFrom("graphics", "arrows", "lines", "rect", "segments", "text")
     importFrom("stats", "runif")
    to your NAMESPACE file.
Flavors: r-devel-linux-x86_64-debian-clang, r-devel-linux-x86_64-debian-gcc, r-devel-windows-ix86+x86_64, r-patched-linux-x86_64, r-patched-solaris-sparc, r-patched-solaris-x86, r-release-linux-x86_64, r-release-osx-x86_64-mavericks, r-release-windows-ix86+x86_64

Version: 1.2.6
Check: compiled code
Result: NOTE
    File ‘ecolMod/libs/ecolMod.so’:
     Found no calls to: ‘R_registerRoutines’, ‘R_useDynamicSymbols’
    
    It is good practice to register native routines and to disable symbol
    search.
    
    See ‘Writing portable packages’ in the ‘Writing R Extensions’ manual.
Flavors: r-devel-linux-x86_64-debian-clang, r-devel-linux-x86_64-debian-gcc, r-patched-linux-x86_64

Version: 1.2.6
Flags: --no-stop-on-test-error
Check: R code for possible problems
Result: NOTE
    dilution: no visible global function definition for ‘grey’
    dilution: no visible global function definition for ‘lines’
    dilution: no visible global function definition for ‘rect’
    dilution: no visible global function definition for ‘segments’
    dilution: no visible global function definition for ‘text’
    dilution: no visible global function definition for ‘arrows’
    pricefit: no visible global function definition for ‘runif’
    Undefined global functions or variables:
     arrows grey lines rect runif segments text
    Consider adding
     importFrom("grDevices", "grey")
     importFrom("graphics", "arrows", "lines", "rect", "segments", "text")
     importFrom("stats", "runif")
    to your NAMESPACE file.
Flavors: r-devel-linux-x86_64-fedora-clang, r-devel-linux-x86_64-fedora-gcc, r-devel-macos-x86_64-clang

Version: 1.2.6
Flags: --no-stop-on-test-error
Check: compiled code
Result: NOTE
    File ‘ecolMod/libs/ecolMod.so’:
     Found no calls to: ‘R_registerRoutines’, ‘R_useDynamicSymbols’
    
    It is good practice to register native routines and to disable symbol
    search.
    
    See ‘Writing portable packages’ in the ‘Writing R Extensions’ manual.
Flavors: r-devel-linux-x86_64-fedora-clang, r-devel-linux-x86_64-fedora-gcc, r-devel-macos-x86_64-clang