CRAN Package Check Results for Package ecolMod

Last updated on 2015-08-04 06:47:34.

Flavor Version Tinstall Tcheck Ttotal Status Flags
r-devel-linux-x86_64-debian-clang 1.2.6 1.30 35.99 37.29 NOTE
r-devel-linux-x86_64-debian-gcc 1.2.6 1.20 37.65 38.85 NOTE
r-devel-linux-x86_64-fedora-clang 1.2.6 75.53 NOTE
r-devel-linux-x86_64-fedora-gcc 1.2.6 68.43 NOTE
r-devel-osx-x86_64-clang 1.2.6 65.25 OK
r-devel-windows-ix86+x86_64 1.2.6 15.00 68.00 83.00 NOTE
r-patched-linux-x86_64 1.2.6 1.27 35.90 37.18 OK
r-patched-solaris-sparc 1.2.6 522.50 OK
r-patched-solaris-x86 1.2.6 91.00 OK
r-release-linux-x86_64 1.2.6 1.38 35.14 36.51 OK
r-release-osx-x86_64-mavericks 1.2.6 OK
r-release-windows-ix86+x86_64 1.2.6 12.00 71.00 83.00 OK
r-oldrel-windows-ix86+x86_64 1.2.6 12.00 85.00 97.00 OK

Check Details

Version: 1.2.6
Check: R code for possible problems
Result: NOTE
    dilution: no visible global function definition for ‘grey’
    dilution: no visible global function definition for ‘lines’
    dilution: no visible global function definition for ‘rect’
    dilution: no visible global function definition for ‘segments’
    dilution: no visible global function definition for ‘text’
    dilution: no visible global function definition for ‘arrows’
    pricefit: no visible global function definition for ‘runif’
    Undefined global functions or variables:
     arrows grey lines rect runif segments text
    Consider adding
     importFrom("grDevices", "grey")
     importFrom("graphics", "arrows", "lines", "rect", "segments", "text")
     importFrom("stats", "runif")
    to your NAMESPACE.
Flavors: r-devel-linux-x86_64-debian-clang, r-devel-linux-x86_64-debian-gcc, r-devel-linux-x86_64-fedora-clang, r-devel-linux-x86_64-fedora-gcc, r-devel-windows-ix86+x86_64