CRAN Package Check Results for Package ecolMod

Last updated on 2017-02-20 13:50:45.

Flavor Version Tinstall Tcheck Ttotal Status Flags
r-devel-linux-x86_64-debian-clang 1.2.6 1.40 29.18 30.59 NOTE
r-devel-linux-x86_64-debian-gcc 1.2.6 1.47 27.92 29.39 NOTE
r-devel-linux-x86_64-fedora-clang 1.2.6 56.75 NOTE --no-stop-on-test-error
r-devel-linux-x86_64-fedora-gcc 1.2.6 55.31 NOTE --no-stop-on-test-error
r-devel-macos-x86_64-clang 1.2.6 47.18 NOTE --no-stop-on-test-error
r-devel-windows-ix86+x86_64 1.2.6 9.00 91.00 100.00 NOTE
r-patched-linux-x86_64 1.2.6 1.33 25.91 27.24 NOTE
r-patched-solaris-sparc 1.2.6 329.50 NOTE
r-patched-solaris-x86 1.2.6 62.60 NOTE
r-release-linux-x86_64 1.2.6 1.42 25.25 26.68 NOTE
r-release-osx-x86_64-mavericks 1.2.6 NOTE
r-release-windows-ix86+x86_64 1.2.6 6.00 65.00 71.00 NOTE
r-oldrel-windows-ix86+x86_64 1.2.6 8.00 121.00 129.00 OK

Check Details

Version: 1.2.6
Check: R code for possible problems
Result: NOTE
    dilution: no visible global function definition for ‘grey’
    dilution: no visible global function definition for ‘lines’
    dilution: no visible global function definition for ‘rect’
    dilution: no visible global function definition for ‘segments’
    dilution: no visible global function definition for ‘text’
    dilution: no visible global function definition for ‘arrows’
    pricefit: no visible global function definition for ‘runif’
    Undefined global functions or variables:
     arrows grey lines rect runif segments text
    Consider adding
     importFrom("grDevices", "grey")
     importFrom("graphics", "arrows", "lines", "rect", "segments", "text")
     importFrom("stats", "runif")
    to your NAMESPACE file.
Flavors: r-devel-linux-x86_64-debian-clang, r-devel-linux-x86_64-debian-gcc, r-devel-windows-ix86+x86_64, r-patched-linux-x86_64, r-patched-solaris-sparc, r-patched-solaris-x86, r-release-linux-x86_64, r-release-osx-x86_64-mavericks, r-release-windows-ix86+x86_64

Version: 1.2.6
Check: compiled code
Result: NOTE
    File ‘ecolMod/libs/ecolMod.so’:
     Found no calls to: ‘R_registerRoutines’, ‘R_useDynamicSymbols’
    
    It is good practice to register native routines and to disable symbol
    search.
    
    See ‘Writing portable packages’ in the ‘Writing R Extensions’ manual.
Flavors: r-devel-linux-x86_64-debian-clang, r-devel-linux-x86_64-debian-gcc

Version: 1.2.6
Flags: --no-stop-on-test-error
Check: R code for possible problems
Result: NOTE
    dilution: no visible global function definition for ‘grey’
    dilution: no visible global function definition for ‘lines’
    dilution: no visible global function definition for ‘rect’
    dilution: no visible global function definition for ‘segments’
    dilution: no visible global function definition for ‘text’
    dilution: no visible global function definition for ‘arrows’
    pricefit: no visible global function definition for ‘runif’
    Undefined global functions or variables:
     arrows grey lines rect runif segments text
    Consider adding
     importFrom("grDevices", "grey")
     importFrom("graphics", "arrows", "lines", "rect", "segments", "text")
     importFrom("stats", "runif")
    to your NAMESPACE file.
Flavors: r-devel-linux-x86_64-fedora-clang, r-devel-linux-x86_64-fedora-gcc, r-devel-macos-x86_64-clang

Version: 1.2.6
Flags: --no-stop-on-test-error
Check: compiled code
Result: NOTE
    File ‘ecolMod/libs/ecolMod.so’:
     Found no calls to: ‘R_registerRoutines’, ‘R_useDynamicSymbols’
    
    It is good practice to register native routines and to disable symbol
    search.
    
    See ‘Writing portable packages’ in the ‘Writing R Extensions’ manual.
Flavors: r-devel-linux-x86_64-fedora-clang, r-devel-linux-x86_64-fedora-gcc, r-devel-macos-x86_64-clang