CRAN Package Check Results for Package ecolMod

Last updated on 2015-07-07 23:47:42.

Flavor Version Tinstall Tcheck Ttotal Status Flags
r-devel-linux-x86_64-debian-clang 1.2.6 1.30 35.11 36.41 NOTE
r-devel-linux-x86_64-debian-gcc 1.2.6 1.25 35.71 36.96 NOTE
r-devel-linux-x86_64-fedora-clang 1.2.6 71.36 NOTE
r-devel-linux-x86_64-fedora-gcc 1.2.6 68.30 NOTE
r-devel-osx-x86_64-clang 1.2.6 62.39 OK
r-devel-windows-ix86+x86_64 1.2.6 12.00 66.00 78.00 NOTE
r-patched-linux-x86_64 1.2.6 1.26 36.32 37.58 OK
r-patched-solaris-sparc 1.2.6 504.30 OK
r-patched-solaris-x86 1.2.6 87.20 OK
r-release-linux-x86_64 1.2.6 1.26 33.24 34.50 OK
r-release-osx-x86_64-mavericks 1.2.6 OK
r-release-windows-ix86+x86_64 1.2.6 14.00 70.00 84.00 OK
r-oldrel-windows-ix86+x86_64 1.2.6 10.00 77.00 87.00 OK

Check Details

Version: 1.2.6
Check: R code for possible problems
Result: NOTE
    dilution: no visible global function definition for ‘grey’
    dilution: no visible global function definition for ‘lines’
    dilution: no visible global function definition for ‘rect’
    dilution: no visible global function definition for ‘segments’
    dilution: no visible global function definition for ‘text’
    dilution: no visible global function definition for ‘arrows’
    pricefit: no visible global function definition for ‘runif’
    Undefined global functions or variables:
     arrows grey lines rect runif segments text
Flavors: r-devel-linux-x86_64-debian-clang, r-devel-linux-x86_64-debian-gcc, r-devel-linux-x86_64-fedora-clang, r-devel-linux-x86_64-fedora-gcc, r-devel-windows-ix86+x86_64