CRAN Package Check Results for Package ecolMod

Last updated on 2014-09-22 21:47:03.

Flavor Version Tinstall Tcheck Ttotal Status Flags
r-devel-linux-x86_64-debian-clang 1.2.5 1.35 36.35 37.70 NOTE
r-devel-linux-x86_64-debian-gcc 1.2.5 1.16 35.45 36.61 NOTE
r-devel-linux-x86_64-fedora-clang 1.2.5 81.81 NOTE
r-devel-linux-x86_64-fedora-gcc 1.2.5 74.67 NOTE
r-devel-osx-x86_64-clang 1.2.5 72.12 NOTE
r-devel-windows-ix86+x86_64 1.2.5 7.00 66.00 73.00 NOTE
r-patched-linux-x86_64 1.2.5 1.21 37.40 38.62 NOTE
r-patched-solaris-sparc 1.2.5 525.20 NOTE
r-patched-solaris-x86 1.2.5 94.00 NOTE
r-release-linux-ix86 1.2.5 1.90 48.92 50.82 NOTE
r-release-linux-x86_64 1.2.5 1.39 46.86 48.25 NOTE
r-release-osx-x86_64-mavericks 1.2.5 NOTE
r-release-osx-x86_64-snowleopard 1.2.5 NOTE
r-release-windows-ix86+x86_64 1.2.5 8.00 78.00 86.00 NOTE
r-oldrel-windows-ix86+x86_64 1.2.5 7.00 73.00 80.00 NOTE

Check Details

Version: 1.2.5
Check: dependencies in R code
Result: NOTE
    Packages in Depends field not imported from:
     ‘deSolve’ ‘diagram’ ‘rootSolve’
     These packages need to be imported from (in the NAMESPACE file)
     for when this namespace is loaded but not attached.
    See the information on DESCRIPTION files in the chapter ‘Creating R
    packages’ of the ‘Writing R Extensions’ manual.
Flavors: r-devel-linux-x86_64-debian-clang, r-devel-linux-x86_64-debian-gcc, r-devel-linux-x86_64-fedora-clang, r-devel-linux-x86_64-fedora-gcc, r-devel-osx-x86_64-clang, r-devel-windows-ix86+x86_64, r-patched-linux-x86_64, r-patched-solaris-sparc, r-patched-solaris-x86, r-release-linux-ix86, r-release-linux-x86_64, r-release-osx-x86_64-mavericks, r-release-windows-ix86+x86_64, r-oldrel-windows-ix86+x86_64

Version: 1.2.5
Check: R code for possible problems
Result: NOTE
    OMEXDIAsteady: no visible global function definition for ‘steady.band’
    dilution: no visible global function definition for ‘emptyplot’
    dilution: no visible global function definition for ‘filledcircle’
Flavors: r-devel-linux-x86_64-debian-clang, r-devel-linux-x86_64-debian-gcc, r-devel-linux-x86_64-fedora-clang, r-devel-linux-x86_64-fedora-gcc, r-devel-osx-x86_64-clang, r-devel-windows-ix86+x86_64

Version: 1.2.5
Check: dependencies in R code
Result: NOTE
    Packages in Depends field not imported from:
     ‘deSolve’ ‘diagram’ ‘rootSolve’
     These packages need to be imported from for the case when
     this namespace is loaded but not attached.
    See the information on DESCRIPTION files in the chapter ‘Creating R
    packages’ of the ‘Writing R Extensions’ manual.
Flavor: r-release-osx-x86_64-snowleopard