CRAN Package Check Results for Package ecolMod

Last updated on 2014-07-25 10:51:57.

Flavor Version Tinstall Tcheck Ttotal Status Flags
r-devel-linux-x86_64-debian-clang 1.2.5 1.20 35.61 36.80 NOTE
r-devel-linux-x86_64-debian-gcc 1.2.5 1.20 34.58 35.79 NOTE
r-devel-linux-x86_64-fedora-clang 1.2.5 81.77 NOTE
r-devel-linux-x86_64-fedora-gcc 1.2.5 80.32 NOTE
r-devel-osx-x86_64-clang 1.2.5 71.38 NOTE
r-devel-windows-ix86+x86_64 1.2.5 7.00 66.00 73.00 NOTE
r-patched-linux-x86_64 1.2.5 1.34 35.16 36.50 NOTE
r-patched-solaris-sparc 1.2.5 511.70 NOTE
r-patched-solaris-x86 1.2.5 98.10 NOTE
r-release-linux-ix86 1.2.5 1.94 47.67 49.61 NOTE
r-release-linux-x86_64 1.2.5 1.30 36.27 37.57 NOTE
r-release-osx-x86_64-mavericks 1.2.5 NOTE
r-release-osx-x86_64-snowleopard 1.2.5 NOTE
r-release-windows-ix86+x86_64 1.2.5 11.00 102.00 113.00 NOTE
r-oldrel-windows-ix86+x86_64 1.2.5 8.00 65.00 73.00 NOTE

Check Details

Version: 1.2.5
Check: dependencies in R code
Result: NOTE
    Packages in Depends field not imported from:
     ‘deSolve’ ‘diagram’ ‘rootSolve’
     These packages need to be imported from (in the NAMESPACE file)
     for when this namespace is loaded but not attached.
    See the information on DESCRIPTION files in the chapter ‘Creating R
    packages’ of the ‘Writing R Extensions’ manual.
Flavors: r-devel-linux-x86_64-debian-clang, r-devel-linux-x86_64-debian-gcc, r-devel-linux-x86_64-fedora-clang, r-devel-linux-x86_64-fedora-gcc, r-devel-osx-x86_64-clang, r-devel-windows-ix86+x86_64, r-patched-linux-x86_64, r-patched-solaris-sparc, r-patched-solaris-x86, r-release-linux-ix86, r-release-linux-x86_64, r-release-osx-x86_64-mavericks, r-release-windows-ix86+x86_64, r-oldrel-windows-ix86+x86_64

Version: 1.2.5
Check: dependencies in R code
Result: NOTE
    Packages in Depends field not imported from:
     ‘deSolve’ ‘diagram’ ‘rootSolve’
     These packages need to be imported from for the case when
     this namespace is loaded but not attached.
    See the information on DESCRIPTION files in the chapter ‘Creating R
    packages’ of the ‘Writing R Extensions’ manual.
Flavor: r-release-osx-x86_64-snowleopard