CRAN Package Check Results for Package ecolMod

Last updated on 2016-05-27 23:47:11.

Flavor Version Tinstall Tcheck Ttotal Status Flags
r-devel-linux-x86_64-debian-gcc 1.2.6 1.52 25.04 26.55 NOTE
r-devel-linux-x86_64-fedora-clang 1.2.6 54.46 NOTE
r-devel-linux-x86_64-fedora-gcc 1.2.6 48.58 NOTE
r-devel-osx-x86_64-clang 1.2.6 56.44 NOTE
r-devel-windows-ix86+x86_64 1.2.6 6.00 68.00 74.00 NOTE
r-patched-linux-x86_64 1.2.6 1.35 26.24 27.59 NOTE
r-patched-solaris-sparc 1.2.6 320.50 NOTE
r-patched-solaris-x86 1.2.6 59.90 NOTE
r-release-linux-x86_64 1.2.6 1.38 24.94 26.32 NOTE
r-release-osx-x86_64-mavericks 1.2.6 NOTE
r-release-windows-ix86+x86_64 1.2.6 13.00 97.00 110.00 NOTE

Check Details

Version: 1.2.6
Check: R code for possible problems
Result: NOTE
    dilution: no visible global function definition for ‘grey’
    dilution: no visible global function definition for ‘lines’
    dilution: no visible global function definition for ‘rect’
    dilution: no visible global function definition for ‘segments’
    dilution: no visible global function definition for ‘text’
    dilution: no visible global function definition for ‘arrows’
    pricefit: no visible global function definition for ‘runif’
    Undefined global functions or variables:
     arrows grey lines rect runif segments text
    Consider adding
     importFrom("grDevices", "grey")
     importFrom("graphics", "arrows", "lines", "rect", "segments", "text")
     importFrom("stats", "runif")
    to your NAMESPACE file.
Flavors: r-devel-linux-x86_64-debian-gcc, r-devel-linux-x86_64-fedora-clang, r-devel-linux-x86_64-fedora-gcc, r-devel-osx-x86_64-clang, r-devel-windows-ix86+x86_64, r-patched-linux-x86_64, r-patched-solaris-sparc, r-patched-solaris-x86, r-release-linux-x86_64, r-release-osx-x86_64-mavericks, r-release-windows-ix86+x86_64