CRAN Package Check Results for Package econet

Last updated on 2020-01-26 01:47:06 CET.

Flavor Version Tinstall Tcheck Ttotal Status Flags
r-devel-linux-x86_64-debian-clang 0.1.81 15.41 115.91 131.32 OK
r-devel-linux-x86_64-debian-gcc 0.1.81 13.64 90.07 103.71 OK
r-devel-linux-x86_64-fedora-clang 0.1.81 147.46 WARN
r-devel-linux-x86_64-fedora-gcc 0.1.81 87.40 NOTE
r-devel-windows-ix86+x86_64 0.1.81 33.00 197.00 230.00 OK
r-devel-windows-ix86+x86_64-gcc8 0.1.81 45.00 136.00 181.00 OK
r-patched-linux-x86_64 0.1.81 12.82 102.18 115.00 OK
r-patched-solaris-x86 0.1.81 201.60 NOTE
r-release-linux-x86_64 0.1.81 12.05 102.15 114.20 OK
r-release-windows-ix86+x86_64 0.1.81 25.00 189.00 214.00 OK
r-release-osx-x86_64 0.1.81 NOTE
r-oldrel-windows-ix86+x86_64 0.1.81 16.00 112.00 128.00 OK
r-oldrel-osx-x86_64 0.1.81 NOTE

Check Details

Version: 0.1.81
Check: package dependencies
Result: WARN
    Requires orphaned package: ‘tnet’
Flavor: r-devel-linux-x86_64-fedora-clang

Version: 0.1.81
Check: dependencies in R code
Result: NOTE
    Namespace in Imports field not imported from: ‘tnet’
     All declared Imports should be used.
Flavors: r-devel-linux-x86_64-fedora-clang, r-devel-linux-x86_64-fedora-gcc, r-patched-solaris-x86, r-release-osx-x86_64, r-oldrel-osx-x86_64