CRAN Package Check Results for Package economiccomplexity

Last updated on 2024-02-22 06:51:38 CET.

Flavor Version Tinstall Tcheck Ttotal Status Flags
r-devel-linux-x86_64-debian-clang 1.5.0 OK
r-devel-linux-x86_64-debian-gcc 1.5.0 8.54 148.97 157.51 OK
r-devel-linux-x86_64-fedora-clang 1.5.0 247.43 NOTE
r-devel-linux-x86_64-fedora-gcc 1.5.0 260.31 NOTE
r-devel-windows-x86_64 1.5.0 9.00 160.00 169.00 OK
r-patched-linux-x86_64 1.5.0 9.74 192.84 202.58 OK
r-release-linux-x86_64 1.5.0 9.93 195.32 205.25 OK
r-release-macos-arm64 1.5.0 95.00 OK
r-release-macos-x86_64 1.5.0 152.00 OK
r-release-windows-x86_64 1.5.0 12.00 200.00 212.00 OK
r-oldrel-macos-arm64 1.5.0 78.00 OK
r-oldrel-windows-x86_64 1.5.0 13.00 211.00 224.00 OK

Check Details

Version: 1.5.0
Check: dependencies in R code
Result: NOTE Namespace in Imports field not imported from: ‘Rdpack’ All declared Imports should be used. Flavors: r-devel-linux-x86_64-fedora-clang, r-devel-linux-x86_64-fedora-gcc