CRAN Package Check Results for Package ecosim

Last updated on 2016-02-09 06:49:43.

Flavor Version Tinstall Tcheck Ttotal Status Flags
r-devel-linux-x86_64-debian-gcc 1.2 0.69 14.69 15.37 NOTE
r-devel-linux-x86_64-fedora-clang 1.2 29.01 NOTE
r-devel-linux-x86_64-fedora-gcc 1.2 27.45 NOTE
r-devel-osx-x86_64-clang 1.2 32.20 NOTE
r-devel-windows-ix86+x86_64 1.2 3.00 42.00 45.00 NOTE
r-patched-linux-x86_64 1.2 0.88 15.02 15.90 OK
r-patched-solaris-sparc 1.2 188.00 OK
r-patched-solaris-x86 1.2 38.70 OK
r-release-linux-x86_64 1.2 0.82 15.23 16.04 OK
r-release-osx-x86_64-mavericks 1.2 OK
r-release-windows-ix86+x86_64 1.2 3.00 28.00 31.00 OK
r-oldrel-windows-ix86+x86_64 1.2 4.00 34.00 38.00 OK

Check Details

Version: 1.2
Check: R code for possible problems
Result: NOTE
    get.param.val: no visible global function definition for ‘approx’
    plotres: no visible global function definition for ‘pdf’
    plotres: no visible global function definition for ‘par’
    plotres: no visible global function definition for ‘plot’
    plotres: no visible global function definition for ‘lines’
    plotres: no visible global function definition for ‘legend’
    plotres: no visible global function definition for ‘dev.off’
    randnorm: no visible global function definition for ‘rnorm’
    randou: no visible global function definition for ‘rnorm’
    Undefined global functions or variables:
     approx dev.off legend lines par pdf plot rnorm
    Consider adding
     importFrom("grDevices", "dev.off", "pdf")
     importFrom("graphics", "legend", "lines", "par", "plot")
     importFrom("stats", "approx", "rnorm")
    to your NAMESPACE file.
Flavors: r-devel-linux-x86_64-debian-gcc, r-devel-linux-x86_64-fedora-clang, r-devel-linux-x86_64-fedora-gcc, r-devel-osx-x86_64-clang, r-devel-windows-ix86+x86_64