CRAN Package Check Results for Package ecosim

Last updated on 2016-05-02 03:48:37.

Flavor Version Tinstall Tcheck Ttotal Status Flags
r-devel-linux-x86_64-debian-gcc 1.2 0.75 15.18 15.93 NOTE
r-devel-linux-x86_64-fedora-clang 1.2 28.39 NOTE
r-devel-linux-x86_64-fedora-gcc 1.2 26.51 NOTE
r-devel-osx-x86_64-clang 1.2 32.33 NOTE
r-devel-windows-ix86+x86_64 1.2 2.00 36.00 38.00 NOTE
r-patched-linux-x86_64 1.2 0.68 15.41 16.09 NOTE
r-patched-solaris-sparc 1.2 187.30 NOTE
r-patched-solaris-x86 1.2 39.30 NOTE
r-release-linux-x86_64 1.2 0.83 16.10 16.93 OK
r-release-osx-x86_64-mavericks 1.2 OK
r-release-windows-ix86+x86_64 1.2 3.00 35.00 38.00 OK
r-oldrel-windows-ix86+x86_64 1.2 5.00 38.00 43.00 OK

Check Details

Version: 1.2
Check: R code for possible problems
Result: NOTE
    get.param.val: no visible global function definition for ‘approx’
    plotres: no visible global function definition for ‘pdf’
    plotres: no visible global function definition for ‘par’
    plotres: no visible global function definition for ‘plot’
    plotres: no visible global function definition for ‘lines’
    plotres: no visible global function definition for ‘legend’
    plotres: no visible global function definition for ‘dev.off’
    randnorm: no visible global function definition for ‘rnorm’
    randou: no visible global function definition for ‘rnorm’
    Undefined global functions or variables:
     approx dev.off legend lines par pdf plot rnorm
    Consider adding
     importFrom("grDevices", "dev.off", "pdf")
     importFrom("graphics", "legend", "lines", "par", "plot")
     importFrom("stats", "approx", "rnorm")
    to your NAMESPACE file.
Flavors: r-devel-linux-x86_64-debian-gcc, r-devel-linux-x86_64-fedora-clang, r-devel-linux-x86_64-fedora-gcc, r-devel-osx-x86_64-clang, r-devel-windows-ix86+x86_64, r-patched-linux-x86_64, r-patched-solaris-sparc, r-patched-solaris-x86