CRAN Package Check Results for Package ecosim

Last updated on 2016-07-27 06:47:54.

Flavor Version Tinstall Tcheck Ttotal Status Flags
r-devel-linux-x86_64-debian-clang 1.2 0.99 18.14 19.13 NOTE
r-devel-linux-x86_64-debian-gcc 1.2 1.00 18.83 19.83 NOTE
r-devel-linux-x86_64-fedora-clang 1.2 28.67 NOTE
r-devel-linux-x86_64-fedora-gcc 1.2 25.94 NOTE
r-devel-osx-x86_64-clang 1.2 24.97 NOTE
r-devel-windows-ix86+x86_64 1.2 2.00 36.00 38.00 NOTE
r-patched-linux-x86_64 1.2 0.94 18.69 19.63 NOTE
r-patched-solaris-sparc 1.2 187.00 NOTE
r-patched-solaris-x86 1.2 38.40 NOTE
r-release-linux-x86_64 1.2 0.85 17.59 18.45 NOTE
r-release-osx-x86_64-mavericks 1.2 NOTE
r-release-windows-ix86+x86_64 1.2 3.00 35.00 38.00 NOTE
r-oldrel-windows-ix86+x86_64 1.2 3.00 34.00 37.00 OK

Check Details

Version: 1.2
Check: R code for possible problems
Result: NOTE
    get.param.val: no visible global function definition for ‘approx’
    plotres: no visible global function definition for ‘pdf’
    plotres: no visible global function definition for ‘par’
    plotres: no visible global function definition for ‘plot’
    plotres: no visible global function definition for ‘lines’
    plotres: no visible global function definition for ‘legend’
    plotres: no visible global function definition for ‘dev.off’
    randnorm: no visible global function definition for ‘rnorm’
    randou: no visible global function definition for ‘rnorm’
    Undefined global functions or variables:
     approx dev.off legend lines par pdf plot rnorm
    Consider adding
     importFrom("grDevices", "dev.off", "pdf")
     importFrom("graphics", "legend", "lines", "par", "plot")
     importFrom("stats", "approx", "rnorm")
    to your NAMESPACE file.
Flavors: r-devel-linux-x86_64-debian-clang, r-devel-linux-x86_64-debian-gcc, r-devel-linux-x86_64-fedora-clang, r-devel-linux-x86_64-fedora-gcc, r-devel-osx-x86_64-clang, r-devel-windows-ix86+x86_64, r-patched-linux-x86_64, r-patched-solaris-sparc, r-patched-solaris-x86, r-release-linux-x86_64, r-release-osx-x86_64-mavericks, r-release-windows-ix86+x86_64