CRAN Package Check Results for Package ecosim

Last updated on 2015-08-28 19:47:11.

Flavor Version Tinstall Tcheck Ttotal Status Flags
r-devel-linux-x86_64-debian-clang 1.2 0.72 15.26 15.98 NOTE
r-devel-linux-x86_64-debian-gcc 1.2 0.66 15.06 15.71 NOTE
r-devel-linux-x86_64-fedora-clang 1.2 30.25 NOTE
r-devel-linux-x86_64-fedora-gcc 1.2 29.03 NOTE
r-devel-osx-x86_64-clang 1.2 35.35 OK
r-devel-windows-ix86+x86_64 1.2 3.00 43.00 46.00 NOTE
r-patched-linux-x86_64 1.2 0.73 15.14 15.87 OK
r-patched-solaris-sparc 1.2 204.00 OK
r-patched-solaris-x86 1.2 44.20 OK
r-release-linux-x86_64 1.2 0.74 15.20 15.94 OK
r-release-osx-x86_64-mavericks 1.2 OK
r-release-windows-ix86+x86_64 1.2 5.00 31.00 36.00 OK
r-oldrel-windows-ix86+x86_64 1.2 4.00 34.00 38.00 OK

Check Details

Version: 1.2
Check: R code for possible problems
Result: NOTE
    get.param.val: no visible global function definition for ‘approx’
    plotres: no visible global function definition for ‘pdf’
    plotres: no visible global function definition for ‘par’
    plotres: no visible global function definition for ‘plot’
    plotres: no visible global function definition for ‘lines’
    plotres: no visible global function definition for ‘legend’
    plotres: no visible global function definition for ‘dev.off’
    randnorm: no visible global function definition for ‘rnorm’
    randou: no visible global function definition for ‘rnorm’
    Undefined global functions or variables:
     approx dev.off legend lines par pdf plot rnorm
    Consider adding
     importFrom("grDevices", "dev.off", "pdf")
     importFrom("graphics", "legend", "lines", "par", "plot")
     importFrom("stats", "approx", "rnorm")
    to your NAMESPACE.
Flavors: r-devel-linux-x86_64-debian-clang, r-devel-linux-x86_64-debian-gcc, r-devel-linux-x86_64-fedora-clang, r-devel-linux-x86_64-fedora-gcc, r-devel-windows-ix86+x86_64