CRAN Package Check Results for Package ecosim

Last updated on 2016-12-04 05:47:48.

Flavor Version Tinstall Tcheck Ttotal Status Flags
r-devel-linux-x86_64-debian-clang 1.2 0.81 17.33 18.13 NOTE
r-devel-linux-x86_64-debian-gcc 1.2 0.76 16.79 17.55 NOTE
r-devel-linux-x86_64-fedora-clang 1.2 34.26 NOTE --no-stop-on-test-error
r-devel-linux-x86_64-fedora-gcc 1.2 32.87 NOTE
r-devel-macos-x86_64-clang 1.2 27.99 NOTE
r-devel-windows-ix86+x86_64 1.2 4.00 47.00 51.00 NOTE
r-patched-linux-x86_64 1.2 0.70 15.25 15.95 NOTE
r-patched-solaris-sparc 1.2 187.00 NOTE
r-patched-solaris-x86 1.2 38.70 NOTE
r-release-linux-x86_64 1.2 0.73 15.18 15.91 NOTE
r-release-osx-x86_64-mavericks 1.2 NOTE
r-release-windows-ix86+x86_64 1.2 3.00 38.00 41.00 NOTE
r-oldrel-windows-ix86+x86_64 1.2 3.00 30.00 33.00 OK

Check Details

Version: 1.2
Check: R code for possible problems
Result: NOTE
    get.param.val: no visible global function definition for ‘approx’
    plotres: no visible global function definition for ‘pdf’
    plotres: no visible global function definition for ‘par’
    plotres: no visible global function definition for ‘plot’
    plotres: no visible global function definition for ‘lines’
    plotres: no visible global function definition for ‘legend’
    plotres: no visible global function definition for ‘dev.off’
    randnorm: no visible global function definition for ‘rnorm’
    randou: no visible global function definition for ‘rnorm’
    Undefined global functions or variables:
     approx dev.off legend lines par pdf plot rnorm
    Consider adding
     importFrom("grDevices", "dev.off", "pdf")
     importFrom("graphics", "legend", "lines", "par", "plot")
     importFrom("stats", "approx", "rnorm")
    to your NAMESPACE file.
Flavors: r-devel-linux-x86_64-debian-clang, r-devel-linux-x86_64-debian-gcc, r-devel-linux-x86_64-fedora-gcc, r-devel-macos-x86_64-clang, r-devel-windows-ix86+x86_64, r-patched-linux-x86_64, r-patched-solaris-sparc, r-patched-solaris-x86, r-release-linux-x86_64, r-release-osx-x86_64-mavericks, r-release-windows-ix86+x86_64

Version: 1.2
Flags: --no-stop-on-test-error
Check: R code for possible problems
Result: NOTE
    get.param.val: no visible global function definition for ‘approx’
    plotres: no visible global function definition for ‘pdf’
    plotres: no visible global function definition for ‘par’
    plotres: no visible global function definition for ‘plot’
    plotres: no visible global function definition for ‘lines’
    plotres: no visible global function definition for ‘legend’
    plotres: no visible global function definition for ‘dev.off’
    randnorm: no visible global function definition for ‘rnorm’
    randou: no visible global function definition for ‘rnorm’
    Undefined global functions or variables:
     approx dev.off legend lines par pdf plot rnorm
    Consider adding
     importFrom("grDevices", "dev.off", "pdf")
     importFrom("graphics", "legend", "lines", "par", "plot")
     importFrom("stats", "approx", "rnorm")
    to your NAMESPACE file.
Flavor: r-devel-linux-x86_64-fedora-clang