CRAN Package Check Results for Package ecospace

Last updated on 2020-07-15 11:47:39 CEST.

Flavor Version Tinstall Tcheck Ttotal Status Flags
r-devel-linux-x86_64-debian-clang 1.4.2 10.12 137.40 147.52 OK
r-devel-linux-x86_64-debian-gcc 1.4.2 7.80 101.38 109.18 OK
r-devel-linux-x86_64-fedora-clang 1.4.2 181.72 OK
r-devel-linux-x86_64-fedora-gcc 1.4.2 194.16 OK
r-devel-windows-ix86+x86_64 1.4.2 24.00 194.00 218.00 OK
r-patched-linux-x86_64 1.4.2 9.62 134.24 143.86 OK
r-patched-solaris-x86 1.4.2 228.40 OK
r-release-linux-x86_64 1.4.2 8.03 134.42 142.45 OK
r-release-macos-x86_64 1.4.2 ERROR
r-release-windows-ix86+x86_64 1.4.2 25.00 150.00 175.00 OK
r-oldrel-macos-x86_64 1.4.2 ERROR
r-oldrel-windows-ix86+x86_64 1.3.1 16.00 201.00 217.00 OK

Check Details

Version: 1.4.2
Check: whether package can be installed
Result: ERROR
    Installation failed.
Flavors: r-release-macos-x86_64, r-oldrel-macos-x86_64