CRAN Package Check Results for Package ecospat

Last updated on 2020-08-10 04:47:27 CEST.

Flavor Version Tinstall Tcheck Ttotal Status Flags
r-devel-linux-x86_64-debian-clang 3.1 34.60 327.96 362.56 OK
r-devel-linux-x86_64-debian-gcc 3.1 30.60 253.15 283.75 OK
r-devel-linux-x86_64-fedora-clang 3.1 441.37 NOTE
r-devel-linux-x86_64-fedora-gcc 3.1 445.93 NOTE
r-devel-windows-ix86+x86_64 3.1 95.00 511.00 606.00 OK
r-patched-linux-x86_64 3.1 29.69 318.34 348.03 OK
r-patched-solaris-x86 3.1 625.80 NOTE
r-release-linux-x86_64 3.1 30.66 319.31 349.97 OK
r-release-macos-x86_64 3.1 NOTE
r-release-windows-ix86+x86_64 3.1 114.00 535.00 649.00 OK
r-oldrel-macos-x86_64 3.1 NOTE
r-oldrel-windows-ix86+x86_64 3.1 63.00 327.00 390.00 OK

Check Details

Version: 3.1
Check: package dependencies
Result: NOTE
    Imports includes 21 non-default packages.
    Importing from so many packages makes the package vulnerable to any of
    them becoming unavailable. Move as many as possible to Suggests and
    use conditionally.
Flavor: r-devel-linux-x86_64-fedora-clang

Version: 3.1
Check: dependencies in R code
Result: NOTE
    Namespace in Imports field not imported from: ‘maps’
     All declared Imports should be used.
Flavors: r-devel-linux-x86_64-fedora-clang, r-devel-linux-x86_64-fedora-gcc, r-patched-solaris-x86, r-release-macos-x86_64, r-oldrel-macos-x86_64