CRAN Package Check Results for Package ecp

Last updated on 2016-06-28 10:47:14.

Flavor Version Tinstall Tcheck Ttotal Status Flags
r-devel-linux-x86_64-debian-gcc 2.0.0 11.61 22.12 33.74 NOTE
r-devel-linux-x86_64-fedora-clang 2.0.0 61.27 NOTE
r-devel-linux-x86_64-fedora-gcc 2.0.0 60.53 NOTE
r-devel-osx-x86_64-clang 2.0.0 41.93 NOTE
r-devel-windows-ix86+x86_64 2.0.0 55.00 45.00 100.00 NOTE
r-patched-linux-x86_64 2.0.0 11.05 21.99 33.04 NOTE
r-patched-solaris-sparc 2.0.0 317.00 NOTE
r-patched-solaris-x86 2.0.0 70.60 NOTE
r-release-linux-x86_64 2.0.0 10.57 21.34 31.90 NOTE
r-release-osx-x86_64-mavericks 2.0.0 NOTE
r-release-windows-ix86+x86_64 2.0.0 57.00 62.00 119.00 NOTE
r-oldrel-windows-ix86+x86_64 2.0.0 54.00 53.00 107.00 OK

Check Details

Version: 2.0.0
Check: R code for possible problems
Result: NOTE
    e.divisive: no visible global function definition for ‘dist’
    e.divisive: no visible global function definition for ‘tail’
    gof.update: no visible global function definition for ‘tail’
    Undefined global functions or variables:
     dist tail
    Consider adding
     importFrom("stats", "dist")
     importFrom("utils", "tail")
    to your NAMESPACE file.
Flavors: r-devel-linux-x86_64-debian-gcc, r-devel-linux-x86_64-fedora-clang, r-devel-linux-x86_64-fedora-gcc, r-devel-osx-x86_64-clang, r-devel-windows-ix86+x86_64, r-patched-linux-x86_64, r-patched-solaris-sparc, r-patched-solaris-x86, r-release-linux-x86_64, r-release-osx-x86_64-mavericks, r-release-windows-ix86+x86_64

Version: 2.0.0
Check: installed package size
Result: NOTE
     installed size is 6.9Mb
     sub-directories of 1Mb or more:
     data 1.0Mb
     libs 5.0Mb
Flavors: r-patched-solaris-sparc, r-patched-solaris-x86