CRAN Package Check Results for Package ecp

Last updated on 2016-04-30 21:46:57.

Flavor Version Tinstall Tcheck Ttotal Status Flags
r-devel-linux-x86_64-debian-gcc 2.0.0 10.73 21.82 32.54 NOTE
r-devel-linux-x86_64-fedora-clang 2.0.0 60.52 NOTE
r-devel-linux-x86_64-fedora-gcc 2.0.0 60.12 NOTE
r-devel-osx-x86_64-clang 2.0.0 52.90 NOTE
r-devel-windows-ix86+x86_64 2.0.0 42.00 48.00 90.00 NOTE
r-patched-linux-x86_64 2.0.0 10.91 21.56 32.48 NOTE
r-patched-solaris-sparc 2.0.0 317.40 NOTE
r-patched-solaris-x86 2.0.0 70.60 NOTE
r-release-linux-x86_64 2.0.0 11.16 23.81 34.98 OK
r-release-osx-x86_64-mavericks 2.0.0 OK
r-release-windows-ix86+x86_64 2.0.0 51.00 71.00 122.00 OK
r-oldrel-windows-ix86+x86_64 2.0.0 53.00 80.00 133.00 OK

Check Details

Version: 2.0.0
Check: R code for possible problems
Result: NOTE
    e.divisive: no visible global function definition for ‘dist’
    e.divisive: no visible global function definition for ‘tail’
    gof.update: no visible global function definition for ‘tail’
    Undefined global functions or variables:
     dist tail
    Consider adding
     importFrom("stats", "dist")
     importFrom("utils", "tail")
    to your NAMESPACE file.
Flavors: r-devel-linux-x86_64-debian-gcc, r-devel-linux-x86_64-fedora-clang, r-devel-linux-x86_64-fedora-gcc, r-devel-osx-x86_64-clang, r-devel-windows-ix86+x86_64, r-patched-linux-x86_64, r-patched-solaris-sparc, r-patched-solaris-x86