CRAN Package Check Results for Package ecp

Last updated on 2016-08-31 17:47:38.

Flavor Version Tinstall Tcheck Ttotal Status Flags
r-devel-linux-x86_64-debian-clang 2.0.0 11.35 22.13 33.49 NOTE
r-devel-linux-x86_64-debian-gcc 2.0.0 11.81 21.62 33.43 NOTE
r-devel-linux-x86_64-fedora-clang 2.0.0 62.13 NOTE
r-devel-linux-x86_64-fedora-gcc 2.0.0 60.49 NOTE
r-devel-osx-x86_64-clang 2.0.0 42.08 NOTE
r-devel-windows-ix86+x86_64 2.0.0 55.00 79.00 134.00 NOTE
r-patched-linux-x86_64 2.0.0 10.39 21.37 31.76 NOTE
r-patched-solaris-sparc 2.0.0 326.50 NOTE
r-patched-solaris-x86 2.0.0 68.60 NOTE
r-release-linux-x86_64 2.0.0 10.31 21.45 31.77 NOTE
r-release-osx-x86_64-mavericks 2.0.0 NOTE
r-release-windows-ix86+x86_64 2.0.0 56.00 76.00 132.00 NOTE
r-oldrel-windows-ix86+x86_64 2.0.0 44.00 65.00 109.00 OK

Check Details

Version: 2.0.0
Check: R code for possible problems
Result: NOTE
    e.divisive: no visible global function definition for ‘dist’
    e.divisive: no visible global function definition for ‘tail’
    gof.update: no visible global function definition for ‘tail’
    Undefined global functions or variables:
     dist tail
    Consider adding
     importFrom("stats", "dist")
     importFrom("utils", "tail")
    to your NAMESPACE file.
Flavors: r-devel-linux-x86_64-debian-clang, r-devel-linux-x86_64-debian-gcc, r-devel-linux-x86_64-fedora-clang, r-devel-linux-x86_64-fedora-gcc, r-devel-osx-x86_64-clang, r-devel-windows-ix86+x86_64, r-patched-linux-x86_64, r-patched-solaris-sparc, r-patched-solaris-x86, r-release-linux-x86_64, r-release-osx-x86_64-mavericks, r-release-windows-ix86+x86_64