CRAN Package Check Results for Package ecp

Last updated on 2017-02-24 10:47:29.

Flavor Version Tinstall Tcheck Ttotal Status Flags
r-devel-linux-x86_64-debian-clang 3.0.0 12.44 27.09 39.53 NOTE
r-devel-linux-x86_64-debian-gcc 3.0.0 12.73 27.65 40.38 NOTE
r-devel-linux-x86_64-fedora-clang 3.0.0 78.95 NOTE --no-stop-on-test-error
r-devel-linux-x86_64-fedora-gcc 3.0.0 75.86 NOTE --no-stop-on-test-error
r-devel-macos-x86_64-clang 3.0.0 53.03 NOTE --no-stop-on-test-error
r-devel-windows-ix86+x86_64 3.0.0 86.00 69.00 155.00 OK
r-patched-linux-x86_64 3.0.0 10.56 22.92 33.48 OK
r-patched-solaris-sparc 3.0.0 327.00 OK
r-patched-solaris-x86 3.0.0 75.50 OK
r-release-linux-x86_64 3.0.0 10.71 22.90 33.62 OK
r-release-osx-x86_64-mavericks 3.0.0 OK
r-release-windows-ix86+x86_64 3.0.0 78.00 73.00 151.00 OK
r-oldrel-windows-ix86+x86_64 3.0.0 77.00 118.00 195.00 OK

Memtest notes: clang-ASAN gcc6-ASAN gcc7-ASAN valgrind

Check Details

Version: 3.0.0
Check: compiled code
Result: NOTE
    File ‘ecp/libs/ecp.so’:
     Found no calls to: ‘R_registerRoutines’, ‘R_useDynamicSymbols’
    
    It is good practice to register native routines and to disable symbol
    search.
    
    See ‘Writing portable packages’ in the ‘Writing R Extensions’ manual.
Flavors: r-devel-linux-x86_64-debian-clang, r-devel-linux-x86_64-debian-gcc

Version: 3.0.0
Flags: --no-stop-on-test-error
Check: compiled code
Result: NOTE
    File ‘ecp/libs/ecp.so’:
     Found no calls to: ‘R_registerRoutines’, ‘R_useDynamicSymbols’
    
    It is good practice to register native routines and to disable symbol
    search.
    
    See ‘Writing portable packages’ in the ‘Writing R Extensions’ manual.
Flavors: r-devel-linux-x86_64-fedora-clang, r-devel-linux-x86_64-fedora-gcc, r-devel-macos-x86_64-clang