CRAN Package Check Results for Package ecp

Last updated on 2016-05-25 23:47:48.

Flavor Version Tinstall Tcheck Ttotal Status Flags
r-devel-linux-x86_64-debian-gcc 2.0.0 12.02 21.76 33.78 NOTE
r-devel-linux-x86_64-fedora-clang 2.0.0 65.55 NOTE
r-devel-linux-x86_64-fedora-gcc 2.0.0 60.06 NOTE
r-devel-osx-x86_64-clang 2.0.0 56.11 NOTE
r-devel-windows-ix86+x86_64 2.0.0 43.00 49.00 92.00 NOTE
r-patched-linux-x86_64 2.0.0 11.40 21.48 32.88 NOTE
r-patched-solaris-sparc 2.0.0 318.50 NOTE
r-patched-solaris-x86 2.0.0 69.80 NOTE
r-release-linux-x86_64 2.0.0 10.81 21.20 32.01 NOTE
r-release-osx-x86_64-mavericks 2.0.0 NOTE
r-release-windows-ix86+x86_64 2.0.0 60.00 62.00 122.00 NOTE
r-oldrel-windows-ix86+x86_64 2.0.0 36.00 72.00 108.00 OK

Check Details

Version: 2.0.0
Check: R code for possible problems
Result: NOTE
    e.divisive: no visible global function definition for ‘dist’
    e.divisive: no visible global function definition for ‘tail’
    gof.update: no visible global function definition for ‘tail’
    Undefined global functions or variables:
     dist tail
    Consider adding
     importFrom("stats", "dist")
     importFrom("utils", "tail")
    to your NAMESPACE file.
Flavors: r-devel-linux-x86_64-debian-gcc, r-devel-linux-x86_64-fedora-clang, r-devel-linux-x86_64-fedora-gcc, r-devel-osx-x86_64-clang, r-devel-windows-ix86+x86_64, r-patched-linux-x86_64, r-patched-solaris-sparc, r-patched-solaris-x86, r-release-linux-x86_64, r-release-osx-x86_64-mavericks, r-release-windows-ix86+x86_64