CRAN Package Check Results for Package ecp

Last updated on 2017-07-25 03:49:20.

Flavor Version Tinstall Tcheck Ttotal Status Flags
r-devel-linux-x86_64-debian-clang 3.0.0 13.59 34.81 48.39 NOTE
r-devel-linux-x86_64-debian-gcc 3.0.0 13.53 34.20 47.73 NOTE
r-devel-linux-x86_64-fedora-clang 3.0.0 84.61 NOTE
r-devel-linux-x86_64-fedora-gcc 3.0.0 78.02 NOTE
r-devel-windows-ix86+x86_64 3.0.0 67.00 73.00 140.00 OK
r-patched-linux-x86_64 3.0.0 13.47 34.19 47.66 NOTE
r-patched-solaris-x86 3.0.0 89.80 OK
r-release-linux-x86_64 3.0.0 13.54 34.27 47.81 NOTE
r-release-windows-ix86+x86_64 3.0.0 48.00 90.00 138.00 OK
r-release-osx-x86_64 3.0.0 OK
r-oldrel-windows-ix86+x86_64 3.0.0 45.00 62.00 107.00 OK
r-oldrel-osx-x86_64 3.0.0 OK

Additional issues

clang-ASAN gcc-ASAN valgrind

Check Details

Version: 3.0.0
Check: compiled code
Result: NOTE
    File ‘ecp/libs/ecp.so’:
     Found no calls to: ‘R_registerRoutines’, ‘R_useDynamicSymbols’
    
    It is good practice to register native routines and to disable symbol
    search.
    
    See ‘Writing portable packages’ in the ‘Writing R Extensions’ manual.
Flavors: r-devel-linux-x86_64-debian-clang, r-devel-linux-x86_64-debian-gcc, r-devel-linux-x86_64-fedora-clang, r-devel-linux-x86_64-fedora-gcc, r-patched-linux-x86_64, r-release-linux-x86_64