CRAN Package Check Results for Package ecp

Last updated on 2015-09-02 17:49:15.

Flavor Version Tinstall Tcheck Ttotal Status Flags
r-devel-linux-x86_64-debian-clang 2.0.0 9.22 21.17 30.39 NOTE
r-devel-linux-x86_64-debian-gcc 2.0.0 11.16 21.36 32.52 NOTE
r-devel-linux-x86_64-fedora-clang 2.0.0 62.09 NOTE
r-devel-linux-x86_64-fedora-gcc 2.0.0 64.08 NOTE
r-devel-osx-x86_64-clang 2.0.0 47.23 OK
r-devel-windows-ix86+x86_64 2.0.0 53.00 68.00 121.00 NOTE
r-patched-linux-x86_64 2.0.0 11.43 23.86 35.29 OK
r-patched-solaris-sparc 2.0.0 350.90 OK
r-patched-solaris-x86 2.0.0 77.10 OK
r-release-linux-x86_64 2.0.0 11.67 22.73 34.40 OK
r-release-osx-x86_64-mavericks 2.0.0 OK
r-release-windows-ix86+x86_64 2.0.0 47.00 70.00 117.00 OK
r-oldrel-windows-ix86+x86_64 2.0.0 50.00 62.00 112.00 OK

Check Details

Version: 2.0.0
Check: R code for possible problems
Result: NOTE
    e.divisive: no visible global function definition for ‘dist’
    e.divisive: no visible global function definition for ‘tail’
    gof.update: no visible global function definition for ‘tail’
    Undefined global functions or variables:
     dist tail
    Consider adding
     importFrom("stats", "dist")
     importFrom("utils", "tail")
    to your NAMESPACE.
Flavors: r-devel-linux-x86_64-debian-clang, r-devel-linux-x86_64-debian-gcc, r-devel-linux-x86_64-fedora-clang, r-devel-linux-x86_64-fedora-gcc, r-devel-windows-ix86+x86_64