CRAN Package Check Results for Package ecp

Last updated on 2015-07-29 03:48:20.

Flavor Version Tinstall Tcheck Ttotal Status Flags
r-devel-linux-x86_64-debian-clang 2.0.0 9.86 22.33 32.19 NOTE
r-devel-linux-x86_64-debian-gcc 2.0.0 11.20 22.68 33.87 NOTE
r-devel-linux-x86_64-fedora-clang 2.0.0 63.69 NOTE
r-devel-linux-x86_64-fedora-gcc 2.0.0 66.38 NOTE
r-devel-osx-x86_64-clang 2.0.0 49.52 OK
r-devel-windows-ix86+x86_64 2.0.0 36.00 44.00 80.00 NOTE
r-patched-linux-x86_64 2.0.0 11.44 23.52 34.96 OK
r-patched-solaris-sparc 2.0.0 350.90 OK
r-patched-solaris-x86 2.0.0 77.60 OK
r-release-linux-x86_64 2.0.0 11.55 22.76 34.31 OK
r-release-osx-x86_64-mavericks 2.0.0 OK
r-release-windows-ix86+x86_64 2.0.0 44.00 51.00 95.00 OK
r-oldrel-windows-ix86+x86_64 2.0.0 48.00 59.00 107.00 OK

Check Details

Version: 2.0.0
Check: R code for possible problems
Result: NOTE
    e.divisive: no visible global function definition for ‘dist’
    e.divisive: no visible global function definition for ‘tail’
    gof.update: no visible global function definition for ‘tail’
    Undefined global functions or variables:
     dist tail
    Consider adding
     importFrom("stats", "dist")
     importFrom("utils", "tail")
    to your NAMESPACE.
Flavors: r-devel-linux-x86_64-debian-clang, r-devel-linux-x86_64-debian-gcc, r-devel-linux-x86_64-fedora-clang, r-devel-linux-x86_64-fedora-gcc, r-devel-windows-ix86+x86_64