CRAN Package Check Results for Package ecp

Last updated on 2017-11-23 00:47:07 CET.

Flavor Version Tinstall Tcheck Ttotal Status Flags
r-devel-linux-x86_64-debian-clang 3.0.0 13.08 38.99 52.07 NOTE
r-devel-linux-x86_64-debian-gcc 3.0.0 14.92 60.58 75.50 NOTE
r-devel-linux-x86_64-fedora-clang 3.0.0 75.21 NOTE
r-devel-linux-x86_64-fedora-gcc 3.0.0 111.96 NOTE
r-devel-windows-ix86+x86_64 3.0.0 47.00 68.00 115.00 OK
r-patched-linux-x86_64 3.0.0 13.36 28.15 41.51 NOTE
r-patched-solaris-x86 3.0.0 90.50 OK
r-release-linux-x86_64 3.0.0 13.80 28.00 41.80 NOTE
r-release-windows-ix86+x86_64 3.0.0 44.00 72.00 116.00 OK
r-release-osx-x86_64 3.0.0 OK
r-oldrel-windows-ix86+x86_64 3.0.0 44.00 61.00 105.00 OK
r-oldrel-osx-x86_64 3.0.0 OK

Additional issues

clang-ASAN gcc-ASAN valgrind

Check Details

Version: 3.0.0
Check: compiled code
Result: NOTE
    File ‘ecp/libs/ecp.so’:
     Found no calls to: ‘R_registerRoutines’, ‘R_useDynamicSymbols’
    
    It is good practice to register native routines and to disable symbol
    search.
    
    See ‘Writing portable packages’ in the ‘Writing R Extensions’ manual.
Flavors: r-devel-linux-x86_64-debian-clang, r-devel-linux-x86_64-debian-gcc, r-devel-linux-x86_64-fedora-clang, r-devel-linux-x86_64-fedora-gcc, r-patched-linux-x86_64, r-release-linux-x86_64