CRAN Package Check Results for Package ecp

Last updated on 2016-02-14 13:47:04.

Flavor Version Tinstall Tcheck Ttotal Status Flags
r-devel-linux-x86_64-debian-gcc 2.0.0 10.95 20.46 31.41 NOTE
r-devel-linux-x86_64-fedora-clang 2.0.0 60.12 NOTE
r-devel-linux-x86_64-fedora-gcc 2.0.0 60.07 NOTE
r-devel-osx-x86_64-clang 2.0.0 47.51 NOTE
r-devel-windows-ix86+x86_64 2.0.0 50.00 54.00 104.00 NOTE
r-patched-linux-x86_64 2.0.0 11.35 23.03 34.38 OK
r-patched-solaris-sparc 2.0.0 333.70 OK
r-patched-solaris-x86 2.0.0 72.30 OK
r-release-linux-x86_64 2.0.0 11.13 23.06 34.20 OK
r-release-osx-x86_64-mavericks 2.0.0 OK
r-release-windows-ix86+x86_64 2.0.0 52.00 73.00 125.00 OK
r-oldrel-windows-ix86+x86_64 2.0.0 51.00 57.00 108.00 OK

Check Details

Version: 2.0.0
Check: R code for possible problems
Result: NOTE
    e.divisive: no visible global function definition for ‘dist’
    e.divisive: no visible global function definition for ‘tail’
    gof.update: no visible global function definition for ‘tail’
    Undefined global functions or variables:
     dist tail
    Consider adding
     importFrom("stats", "dist")
     importFrom("utils", "tail")
    to your NAMESPACE file.
Flavors: r-devel-linux-x86_64-debian-gcc, r-devel-linux-x86_64-fedora-clang, r-devel-linux-x86_64-fedora-gcc, r-devel-osx-x86_64-clang, r-devel-windows-ix86+x86_64