CRAN Package Check Results for Package ecp

Last updated on 2017-05-25 13:46:55.

Flavor Version Tinstall Tcheck Ttotal Status Flags
r-devel-linux-x86_64-debian-clang 3.0.0 13.69 27.86 41.55 NOTE
r-devel-linux-x86_64-debian-gcc 3.0.0 13.60 28.56 42.16 NOTE
r-devel-linux-x86_64-fedora-clang 3.0.0 78.71 NOTE --no-stop-on-test-error
r-devel-linux-x86_64-fedora-gcc 3.0.0 76.83 NOTE --no-stop-on-test-error
r-devel-windows-ix86+x86_64 3.0.0 45.00 71.00 116.00 OK
r-patched-linux-x86_64 3.0.0 11.97 27.78 39.74 NOTE
r-patched-solaris-sparc 3.0.0 389.80 OK
r-patched-solaris-x86 3.0.0 83.70 OK --no-stop-on-test-error
r-release-linux-x86_64 3.0.0 11.83 31.54 43.38 NOTE
r-release-windows-ix86+x86_64 3.0.0 55.00 72.00 127.00 OK
r-release-osx-x86_64 3.0.0 OK
r-oldrel-windows-ix86+x86_64 3.0.0 61.00 83.00 144.00 OK
r-oldrel-osx-x86_64 3.0.0 OK

Additional issues

clang-ASAN gcc-ASAN valgrind

Check Details

Version: 3.0.0
Check: compiled code
Result: NOTE
    File ‘ecp/libs/ecp.so’:
     Found no calls to: ‘R_registerRoutines’, ‘R_useDynamicSymbols’
    
    It is good practice to register native routines and to disable symbol
    search.
    
    See ‘Writing portable packages’ in the ‘Writing R Extensions’ manual.
Flavors: r-devel-linux-x86_64-debian-clang, r-devel-linux-x86_64-debian-gcc, r-patched-linux-x86_64, r-release-linux-x86_64

Version: 3.0.0
Flags: --no-stop-on-test-error
Check: compiled code
Result: NOTE
    File ‘ecp/libs/ecp.so’:
     Found no calls to: ‘R_registerRoutines’, ‘R_useDynamicSymbols’
    
    It is good practice to register native routines and to disable symbol
    search.
    
    See ‘Writing portable packages’ in the ‘Writing R Extensions’ manual.
Flavors: r-devel-linux-x86_64-fedora-clang, r-devel-linux-x86_64-fedora-gcc