CRAN Package Check Results for Package ecp

Last updated on 2016-09-30 23:47:52.

Flavor Version Tinstall Tcheck Ttotal Status Flags
r-devel-linux-x86_64-debian-clang 3.0.0 12.27 24.64 36.90 OK
r-devel-linux-x86_64-debian-gcc 3.0.0 12.33 25.06 37.39 OK
r-devel-linux-x86_64-fedora-clang 3.0.0 68.89 OK
r-devel-linux-x86_64-fedora-gcc 3.0.0 39.81 OK
r-devel-macos-x86_64-clang 3.0.0 39.52 OK
r-devel-windows-ix86+x86_64 3.0.0 36.00 48.00 84.00 OK
r-patched-linux-x86_64 2.0.0 10.57 21.60 32.18 NOTE
r-patched-solaris-sparc 3.0.0 310.50 OK
r-patched-solaris-x86 3.0.0 70.90 OK
r-release-linux-x86_64 3.0.0 10.61 23.24 33.85 OK
r-release-osx-x86_64-mavericks 3.0.0 OK
r-release-windows-ix86+x86_64 3.0.0 41.00 77.00 118.00 OK
r-oldrel-windows-ix86+x86_64 3.0.0 46.00 85.00 131.00 OK

Memtest notes: clang-ASAN gcc6-ASAN gcc7-ASAN valgrind

Check Details

Version: 2.0.0
Check: R code for possible problems
Result: NOTE
    e.divisive: no visible global function definition for ‘dist’
    e.divisive: no visible global function definition for ‘tail’
    gof.update: no visible global function definition for ‘tail’
    Undefined global functions or variables:
     dist tail
    Consider adding
     importFrom("stats", "dist")
     importFrom("utils", "tail")
    to your NAMESPACE file.
Flavor: r-patched-linux-x86_64