CRAN Package Check Results for Package ecp

Last updated on 2016-07-31 02:47:03.

Flavor Version Tinstall Tcheck Ttotal Status Flags
r-devel-linux-x86_64-debian-clang 2.0.0 11.13 21.21 32.34 NOTE
r-devel-linux-x86_64-debian-gcc 2.0.0 11.78 21.64 33.42 NOTE
r-devel-linux-x86_64-fedora-clang 2.0.0 62.36 NOTE
r-devel-linux-x86_64-fedora-gcc 2.0.0 59.42 NOTE
r-devel-osx-x86_64-clang 2.0.0 41.71 NOTE
r-devel-windows-ix86+x86_64 2.0.0 42.00 46.00 88.00 NOTE
r-patched-linux-x86_64 2.0.0 10.47 21.42 31.89 NOTE
r-patched-solaris-sparc 2.0.0 326.50 NOTE
r-patched-solaris-x86 2.0.0 70.50 NOTE
r-release-linux-x86_64 2.0.0 12.12 25.04 37.16 NOTE
r-release-osx-x86_64-mavericks 2.0.0 NOTE
r-release-windows-ix86+x86_64 2.0.0 56.00 58.00 114.00 NOTE
r-oldrel-windows-ix86+x86_64 2.0.0 48.00 74.00 122.00 OK

Check Details

Version: 2.0.0
Check: R code for possible problems
Result: NOTE
    e.divisive: no visible global function definition for ‘dist’
    e.divisive: no visible global function definition for ‘tail’
    gof.update: no visible global function definition for ‘tail’
    Undefined global functions or variables:
     dist tail
    Consider adding
     importFrom("stats", "dist")
     importFrom("utils", "tail")
    to your NAMESPACE file.
Flavors: r-devel-linux-x86_64-debian-clang, r-devel-linux-x86_64-debian-gcc, r-devel-linux-x86_64-fedora-clang, r-devel-linux-x86_64-fedora-gcc, r-devel-osx-x86_64-clang, r-devel-windows-ix86+x86_64, r-patched-linux-x86_64, r-patched-solaris-sparc, r-patched-solaris-x86, r-release-linux-x86_64, r-release-osx-x86_64-mavericks, r-release-windows-ix86+x86_64