CRAN Package Check Results for Package ecp

Last updated on 2017-04-26 03:48:07.

Flavor Version Tinstall Tcheck Ttotal Status Flags
r-devel-linux-x86_64-debian-clang 3.0.0 13.08 27.31 40.39 NOTE
r-devel-linux-x86_64-debian-gcc 3.0.0 12.72 27.60 40.32 NOTE
r-devel-linux-x86_64-fedora-clang 3.0.0 79.45 NOTE --no-stop-on-test-error
r-devel-linux-x86_64-fedora-gcc 3.0.0 76.06 NOTE --no-stop-on-test-error
r-devel-windows-ix86+x86_64 3.0.0 65.00 72.00 137.00 OK
r-patched-linux-x86_64 3.0.0 11.21 28.05 39.26 NOTE
r-patched-solaris-sparc 3.0.0 389.80 OK
r-patched-solaris-x86 3.0.0 83.80 OK
r-release-linux-x86_64 3.0.0 10.77 27.38 38.15 NOTE
r-release-windows-ix86+x86_64 3.0.0 43.00 69.00 112.00 OK
r-release-osx-x86_64 3.0.0 OK
r-oldrel-windows-ix86+x86_64 3.0.0 42.00 79.00 121.00 OK
r-oldrel-osx-x86_64 3.0.0 OK

Memtest notes: clang-ASAN gcc-ASAN valgrind

Check Details

Version: 3.0.0
Check: compiled code
Result: NOTE
    File ‘ecp/libs/ecp.so’:
     Found no calls to: ‘R_registerRoutines’, ‘R_useDynamicSymbols’
    
    It is good practice to register native routines and to disable symbol
    search.
    
    See ‘Writing portable packages’ in the ‘Writing R Extensions’ manual.
Flavors: r-devel-linux-x86_64-debian-clang, r-devel-linux-x86_64-debian-gcc, r-patched-linux-x86_64, r-release-linux-x86_64

Version: 3.0.0
Flags: --no-stop-on-test-error
Check: compiled code
Result: NOTE
    File ‘ecp/libs/ecp.so’:
     Found no calls to: ‘R_registerRoutines’, ‘R_useDynamicSymbols’
    
    It is good practice to register native routines and to disable symbol
    search.
    
    See ‘Writing portable packages’ in the ‘Writing R Extensions’ manual.
Flavors: r-devel-linux-x86_64-fedora-clang, r-devel-linux-x86_64-fedora-gcc