CRAN Package Check Results for Package edf

Last updated on 2024-02-29 02:51:28 CET.

Flavor Version Tinstall Tcheck Ttotal Status Flags
r-devel-linux-x86_64-debian-clang 1.0.0 2.04 21.21 23.25 NOTE
r-devel-linux-x86_64-debian-gcc 1.0.0 1.68 16.19 17.87 NOTE
r-devel-linux-x86_64-fedora-clang 1.0.0 29.67 NOTE
r-devel-linux-x86_64-fedora-gcc 1.0.0 28.05 NOTE
r-devel-windows-x86_64 1.0.0 3.00 35.00 38.00 OK
r-patched-linux-x86_64 1.0.0 1.51 20.67 22.18 OK
r-release-linux-x86_64 1.0.0 2.25 20.67 22.92 OK
r-release-macos-arm64 1.0.0 14.00 OK
r-release-macos-x86_64 1.0.0 18.00 OK
r-release-windows-x86_64 1.0.0 3.00 35.00 38.00 OK
r-oldrel-macos-arm64 1.0.0 16.00 OK
r-oldrel-windows-x86_64 1.0.0 5.00 41.00 46.00 OK

Check Details

Version: 1.0.0
Check: Rd files
Result: NOTE checkRd: (-1) read.edf.Rd:30: Lost braces 30 | Kemp B., V\"{a}rri, A., Rosa, A.C., Nielsen, K.D. and Gade, J. (1992). | ^ Flavors: r-devel-linux-x86_64-debian-clang, r-devel-linux-x86_64-debian-gcc, r-devel-linux-x86_64-fedora-clang, r-devel-linux-x86_64-fedora-gcc