CRAN Package Check Results for Package edina

Last updated on 2022-12-02 13:52:20 CET.

Flavor Version Tinstall Tcheck Ttotal Status Flags
r-devel-linux-x86_64-debian-clang 0.1.1 37.57 62.95 100.52 NOTE
r-devel-linux-x86_64-debian-gcc 0.1.1 33.61 47.01 80.62 NOTE
r-devel-linux-x86_64-fedora-clang 0.1.1 155.78 NOTE
r-devel-linux-x86_64-fedora-gcc 0.1.1 141.39 NOTE
r-devel-windows-x86_64 0.1.1 46.00 114.00 160.00 NOTE
r-patched-linux-x86_64 0.1.1 36.63 57.16 93.79 NOTE
r-release-linux-x86_64 0.1.1 40.20 59.31 99.51 NOTE
r-release-macos-arm64 0.1.1 40.00 NOTE
r-release-macos-x86_64 0.1.1 65.00 NOTE
r-release-windows-x86_64 0.1.1 44.00 111.00 155.00 NOTE
r-oldrel-macos-arm64 0.1.1 44.00 NOTE
r-oldrel-macos-x86_64 0.1.1 65.00 NOTE
r-oldrel-windows-ix86+x86_64 0.1.1 104.00 117.00 221.00 NOTE

Check Details

Version: 0.1.1
Check: LazyData
Result: NOTE
     'LazyData' is specified without a 'data' directory
Flavors: r-devel-linux-x86_64-debian-clang, r-devel-linux-x86_64-debian-gcc, r-devel-linux-x86_64-fedora-clang, r-devel-linux-x86_64-fedora-gcc, r-devel-windows-x86_64, r-patched-linux-x86_64, r-release-linux-x86_64, r-release-macos-arm64, r-release-macos-x86_64, r-release-windows-x86_64, r-oldrel-macos-arm64, r-oldrel-macos-x86_64, r-oldrel-windows-ix86+x86_64