Last updated on 2023-09-29 06:01:22 CEST.
Flavor | Version | Tinstall | Tcheck | Ttotal | Status | Flags |
---|---|---|---|---|---|---|
r-devel-linux-x86_64-debian-clang | 0.1.1 | 41.94 | 57.41 | 99.35 | NOTE | |
r-devel-linux-x86_64-debian-gcc | 0.1.1 | 31.60 | 43.38 | 74.98 | NOTE | |
r-devel-linux-x86_64-fedora-clang | 0.1.1 | 138.44 | NOTE | |||
r-devel-linux-x86_64-fedora-gcc | 0.1.1 | 134.00 | NOTE | |||
r-devel-windows-x86_64 | 0.1.1 | 37.00 | 83.00 | 120.00 | NOTE | |
r-patched-linux-x86_64 | 0.1.1 | 39.93 | 54.79 | 94.72 | NOTE | |
r-release-linux-x86_64 | 0.1.1 | 37.47 | 55.23 | 92.70 | NOTE | |
r-release-macos-arm64 | 0.1.1 | 39.00 | NOTE | |||
r-release-macos-x86_64 | 0.1.1 | 63.00 | NOTE | |||
r-release-windows-x86_64 | 0.1.1 | 47.00 | 96.00 | 143.00 | NOTE | |
r-oldrel-macos-arm64 | 0.1.1 | 40.00 | NOTE | |||
r-oldrel-macos-x86_64 | 0.1.1 | 65.00 | NOTE | |||
r-oldrel-windows-x86_64 | 0.1.1 | 44.00 | 89.00 | 133.00 | NOTE |
Version: 0.1.1
Check: C++ specification
Result: NOTE
Specified C++11: please drop specification unless essential
Flavors: r-devel-linux-x86_64-debian-clang, r-devel-linux-x86_64-debian-gcc, r-devel-linux-x86_64-fedora-clang, r-devel-linux-x86_64-fedora-gcc, r-devel-windows-x86_64, r-patched-linux-x86_64, r-release-linux-x86_64, r-release-macos-arm64, r-release-macos-x86_64, r-release-windows-x86_64
Version: 0.1.1
Check: LazyData
Result: NOTE
'LazyData' is specified without a 'data' directory
Flavors: r-devel-linux-x86_64-debian-clang, r-devel-linux-x86_64-debian-gcc, r-devel-linux-x86_64-fedora-clang, r-devel-linux-x86_64-fedora-gcc, r-devel-windows-x86_64, r-patched-linux-x86_64, r-release-linux-x86_64, r-release-macos-arm64, r-release-macos-x86_64, r-release-windows-x86_64, r-oldrel-macos-arm64, r-oldrel-macos-x86_64, r-oldrel-windows-x86_64