CRAN Package Check Results for Package editData

Last updated on 2022-08-14 11:52:58 CEST.

Flavor Version Tinstall Tcheck Ttotal Status Flags
r-devel-linux-x86_64-debian-clang 0.1.8 8.23 69.45 77.68 OK
r-devel-linux-x86_64-debian-gcc 0.1.8 5.77 51.94 57.71 OK
r-devel-linux-x86_64-fedora-clang 0.1.8 107.43 NOTE
r-devel-linux-x86_64-fedora-gcc 0.1.8 98.71 NOTE
r-devel-windows-x86_64 0.1.8 23.00 99.00 122.00 OK
r-patched-linux-x86_64 0.1.8 5.55 65.37 70.92 OK
r-release-linux-x86_64 0.1.8 5.26 65.92 71.18 OK
r-release-macos-arm64 0.1.8 29.00 NOTE
r-release-macos-x86_64 0.1.8 47.00 NOTE
r-release-windows-x86_64 0.1.8 22.00 95.00 117.00 OK
r-oldrel-macos-arm64 0.1.8 31.00 NOTE
r-oldrel-macos-x86_64 0.1.8 54.00 NOTE
r-oldrel-windows-ix86+x86_64 0.1.8 21.00 97.00 118.00 OK

Check Details

Version: 0.1.8
Check: dependencies in R code
Result: NOTE
    Namespaces in Imports field not imported from:
     ‘dplyr’ ‘magrittr’ ‘tibble’
     All declared Imports should be used.
Flavors: r-devel-linux-x86_64-fedora-clang, r-devel-linux-x86_64-fedora-gcc, r-release-macos-arm64, r-release-macos-x86_64, r-oldrel-macos-arm64, r-oldrel-macos-x86_64