CRAN Package Check Results for Package editrules

Last updated on 2015-05-30 06:46:40.

Flavor Version Tinstall Tcheck Ttotal Status Flags
r-devel-linux-x86_64-debian-clang 2.7.2 1.78 32.34 34.11 NOTE
r-devel-linux-x86_64-debian-gcc 2.7.2 1.58 33.47 35.04 NOTE
r-devel-linux-x86_64-fedora-clang 2.7.2 65.72 NOTE
r-devel-linux-x86_64-fedora-gcc 2.7.2 62.32 NOTE
r-devel-osx-x86_64-clang 2.7.2 59.49 NOTE
r-devel-windows-ix86+x86_64 2.7.2 8.00 48.00 56.00 NOTE
r-patched-linux-x86_64 2.7.2 1.94 32.99 34.93 NOTE
r-patched-solaris-sparc 2.7.2 378.40 NOTE
r-patched-solaris-x86 2.7.2 80.60 NOTE
r-release-linux-x86_64 2.7.2 1.85 32.44 34.29 NOTE
r-release-osx-x86_64-mavericks 2.7.2 NOTE
r-release-osx-x86_64-snowleopard 2.7.2 ERROR
r-release-windows-ix86+x86_64 2.7.2 7.00 48.00 55.00 NOTE
r-oldrel-windows-ix86+x86_64 2.7.2 8.00 48.00 56.00 NOTE

Check Details

Version: 2.7.2
Check: dependencies in R code
Result: NOTE
    'library' or 'require' calls to packages already attached by Depends:
     ‘igraph’ ‘lpSolveAPI’
     Please remove these calls from your code.
    Package in Depends field not imported from: ‘lpSolveAPI’
     These packages need to be imported from (in the NAMESPACE file)
     for when this namespace is loaded but not attached.
Flavors: r-devel-linux-x86_64-debian-clang, r-devel-linux-x86_64-debian-gcc, r-devel-linux-x86_64-fedora-clang, r-devel-linux-x86_64-fedora-gcc, r-devel-osx-x86_64-clang, r-devel-windows-ix86+x86_64, r-patched-linux-x86_64, r-patched-solaris-sparc, r-patched-solaris-x86, r-release-linux-x86_64, r-release-osx-x86_64-mavericks, r-release-windows-ix86+x86_64, r-oldrel-windows-ix86+x86_64

Version: 2.7.2
Check: R code for possible problems
Result: NOTE
    as.igraph.editarray: no visible binding for global variable ‘E’
    as.igraph.editarray: no visible global function definition for
     ‘graph.adjacency’
    as.igraph.editarray: no visible global function definition for ‘V’
    as.igraph.editarray: no visible global function definition for ‘V<-’
    as.igraph.editmatrix: no visible binding for global variable ‘E’
    as.igraph.editmatrix: no visible global function definition for
     ‘graph.adjacency’
    as.igraph.editmatrix: no visible global function definition for ‘V’
    as.igraph.editmatrix: no visible global function definition for ‘V<-’
    as.igraph.editset: no visible binding for global variable ‘E’
    as.igraph.editset: no visible global function definition for
     ‘graph.adjacency’
    as.igraph.editset: no visible global function definition for ‘V’
    as.igraph.editset: no visible global function definition for ‘V<-’
    as.lp.mip: no visible global function definition for ‘make.lp’
    as.lp.mip: no visible global function definition for ‘set.column’
    as.lp.mip: no visible global function definition for ‘set.constr.type’
    as.lp.mip: no visible global function definition for ‘set.objfn’
    as.lp.mip: no visible global function definition for ‘set.type’
    as.lp.mip: no visible global function definition for ‘set.bounds’
    as.lp.mip: no visible global function definition for ‘set.constr.value’
    errorLocalizer.mip: no visible global function definition for
     ‘lp.control’
    errorLocalizer.mip: no visible global function definition for
     ‘write.lp’
    errorLocalizer.mip: no visible global function definition for
     ‘get.solutioncount’
    errorLocalizer.mip: no visible global function definition for
     ‘get.variables’
    plot.editarray: no visible binding for global variable
     ‘layout.fruchterman.reingold’
    plot.editmatrix: no visible binding for global variable
     ‘layout.fruchterman.reingold’
    plot.editset: no visible binding for global variable
     ‘layout.fruchterman.reingold’
    plotEditGraph: no visible global function definition for ‘E’
    plotEditGraph: no visible global function definition for ‘V’
    removeRedundant : <anonymous>: no visible global function definition
     for ‘get.objective’
Flavors: r-devel-linux-x86_64-debian-clang, r-devel-linux-x86_64-debian-gcc, r-devel-linux-x86_64-fedora-clang, r-devel-linux-x86_64-fedora-gcc, r-devel-osx-x86_64-clang, r-devel-windows-ix86+x86_64, r-patched-linux-x86_64, r-patched-solaris-sparc, r-patched-solaris-x86, r-release-linux-x86_64, r-release-osx-x86_64-mavericks, r-release-windows-ix86+x86_64, r-oldrel-windows-ix86+x86_64

Version: 2.7.2
Check: package dependencies
Result: ERROR
    Package required but not available: ‘igraph’
    
    See section ‘The DESCRIPTION file’ in the ‘Writing R Extensions’
    manual.
Flavor: r-release-osx-x86_64-snowleopard