CRAN Package Check Results for Package editrules

Last updated on 2015-07-01 06:48:32.

Flavor Version Tinstall Tcheck Ttotal Status Flags
r-devel-linux-x86_64-debian-clang 2.9.0 1.54 33.73 35.28 NOTE
r-devel-linux-x86_64-debian-gcc 2.9.0 1.52 32.67 34.19 NOTE
r-devel-linux-x86_64-fedora-clang 2.9.0 65.24 NOTE
r-devel-linux-x86_64-fedora-gcc 2.9.0 62.95 NOTE
r-devel-osx-x86_64-clang 2.9.0 62.30 OK
r-devel-windows-ix86+x86_64 2.9.0 11.00 48.00 59.00 NOTE
r-patched-linux-x86_64 2.9.0 1.61 33.18 34.80 OK
r-patched-solaris-sparc 2.9.0 341.40 OK
r-patched-solaris-x86 2.9.0 81.40 OK
r-release-linux-x86_64 2.9.0 1.55 33.30 34.86 OK
r-release-osx-x86_64-mavericks 2.9.0 OK
r-release-windows-ix86+x86_64 2.9.0 8.00 51.00 59.00 OK
r-oldrel-windows-ix86+x86_64 2.9.0 8.00 81.00 89.00 OK

Check Details

Version: 2.9.0
Check: R code for possible problems
Result: NOTE
    as.character.cateditmatrix: no visible global function definition for
     ‘str’
    datamodel: no visible global function definition for ‘stack’
    localize: no visible global function definition for ‘flush.console’
    perturbWeights: no visible global function definition for ‘runif’
    plot.errorLocation: no visible global function definition for ‘par’
    plot.errorLocation: no visible global function definition for ‘barplot’
    plot.errorLocation: no visible global function definition for ‘plot’
    plot.errorLocation: no visible global function definition for ‘grid’
    plot.errorLocation: no visible global function definition for ‘mtext’
    plot.errorLocation: no visible global function definition for ‘density’
    plot.errorLocation: no visible global function definition for ‘lines’
    plot.errorLocation: no visible global function definition for ‘axis’
    plot.violatedEdits: no visible global function definition for ‘par’
    plot.violatedEdits: no visible global function definition for ‘barplot’
    plot.violatedEdits: no visible global function definition for ‘plot’
    plot.violatedEdits: no visible global function definition for ‘mtext’
    plotEditGraph: no visible global function definition for ‘plot’
    print.backtracker: no visible global function definition for ‘ls.str’
    removeRedundantDummies: no visible global function definition for
     ‘dist’
    summary.errorLocation: no visible global function definition for
     ‘quantile’
    summary.errorLocation : <anonymous>: no visible global function
     definition for ‘quantile’
Flavors: r-devel-linux-x86_64-debian-clang, r-devel-linux-x86_64-debian-gcc, r-devel-linux-x86_64-fedora-clang, r-devel-linux-x86_64-fedora-gcc, r-devel-windows-ix86+x86_64