CRAN Package Check Results for Package editrules

Last updated on 2014-04-25 05:47:14.

Flavor Version Tinstall Tcheck Ttotal Status Flags
r-devel-linux-x86_64-debian-clang 2.7.2 1.90 33.93 35.83 NOTE
r-devel-linux-x86_64-debian-gcc 2.7.2 1.86 33.62 35.48 NOTE
r-devel-linux-x86_64-fedora-clang 2.7.2 80.87 NOTE
r-devel-linux-x86_64-fedora-gcc 2.7.2 78.92 NOTE
r-devel-osx-x86_64-clang 2.7.2 57.28 NOTE
r-devel-osx-x86_64-gcc 2.7.2 ERROR
r-devel-windows-ix86+x86_64 2.7.2 5.00 45.00 50.00 NOTE
r-patched-linux-x86_64 2.7.2 1.88 34.71 36.59 NOTE
r-patched-solaris-sparc 2.7.2 389.50 NOTE
r-patched-solaris-x86 2.7.2 91.50 NOTE
r-release-linux-ix86 2.7.2 3.00 58.00 61.00 NOTE
r-release-linux-x86_64 2.7.2 1.90 34.69 36.58 NOTE
r-release-osx-x86_64-mavericks 2.7.2 WARN
r-release-osx-x86_64-snowleopard 2.7.2 NOTE
r-release-windows-ix86+x86_64 2.7.2 5.00 49.00 54.00 NOTE
r-oldrel-windows-ix86+x86_64 2.7.2 6.00 50.00 56.00 NOTE

Check Details

Version: 2.7.2
Check: dependencies in R code
Result: NOTE
    'library' or 'require' calls to packages already attached by Depends:
     ‘igraph’ ‘lpSolveAPI’
     Please remove these calls from your code.
    Package in Depends field not imported from: ‘lpSolveAPI’
     These packages need to be imported from (in the NAMESPACE file)
     for when this namespace is loaded but not attached.
    See the information on DESCRIPTION files in the chapter ‘Creating R
    packages’ of the ‘Writing R Extensions’ manual.
Flavors: r-devel-linux-x86_64-debian-clang, r-devel-linux-x86_64-debian-gcc, r-devel-linux-x86_64-fedora-clang, r-devel-linux-x86_64-fedora-gcc, r-devel-osx-x86_64-clang, r-devel-windows-ix86+x86_64, r-patched-linux-x86_64, r-patched-solaris-sparc, r-patched-solaris-x86, r-release-linux-ix86, r-release-linux-x86_64, r-release-osx-x86_64-mavericks, r-release-windows-ix86+x86_64, r-oldrel-windows-ix86+x86_64

Version: 2.7.2
Check: package dependencies
Result: ERROR
    Package required but not available: ‘igraph’
    
    See the information on DESCRIPTION files in the chapter ‘Creating R
    packages’ of the ‘Writing R Extensions’ manual.
Flavor: r-devel-osx-x86_64-gcc

Version: 2.7.2
Check: PDF version of manual
Result: WARNING
    LaTeX errors when creating PDF version.
    This typically indicates Rd problems.
    LaTeX errors found:
    ! LaTeX Error: File `upquote.sty' not found.
    
    Type X to quit or <RETURN> to proceed,
    or enter new name. (Default extension: sty)
    
    11d28d46/Rd2.tex:8: ==> Fatal error occurred, no output PDF file produced!
Flavor: r-release-osx-x86_64-mavericks

Version: 2.7.2
Check: dependencies in R code
Result: NOTE
    'library' or 'require' calls to packages already attached by Depends:
     'igraph' 'lpSolveAPI'
     Please remove these calls from your code.
    Package in Depends field not imported from: 'lpSolveAPI'
     These packages need to be imported from for the case when
     this namespace is loaded but not attached.
    See the information on DESCRIPTION files in the chapter 'Creating R
    packages' of the 'Writing R Extensions' manual.
Flavor: r-release-osx-x86_64-snowleopard

Version: 2.7.2
Check: re-building of vignette outputs
Result: NOTE
    Error in re-building vignettes:
     ...
    Warning: running command '"D:\compiler\texmf\miktex\bin\texi2dvi.exe" --quiet --pdf "editrules-vignette.tex" --max-iterations=20 -I "D:/RCompile/recent/R-3.1.0/share/texmf/tex/latex" -I "D:/RCompile/recent/R-3.1.0/share/texmf/bibtex/bst"' had status 1
    Error in find_vignette_product(name, by = "texi2pdf", engine = engine) :
     Failed to locate the 'texi2pdf' output file (by engine 'utils::Sweave') for vignette with name 'editrules-vignette'. The following files exist in directory '.': 'editrules-vignette.Rnw', 'editrules-vignette.tex'
    Calls: buildVignettes -> find_vignette_product
    Execution halted
Flavor: r-release-windows-ix86+x86_64