CRAN Package Check Results for Package editrules

Last updated on 2015-09-03 22:47:54.

Flavor Version Tinstall Tcheck Ttotal Status Flags
r-devel-linux-x86_64-debian-clang 2.9.0 1.70 32.79 34.49 NOTE
r-devel-linux-x86_64-debian-gcc 2.9.0 1.66 32.84 34.50 NOTE
r-devel-linux-x86_64-fedora-clang 2.9.0 65.90 NOTE
r-devel-linux-x86_64-fedora-gcc 2.9.0 63.45 NOTE
r-devel-osx-x86_64-clang 2.9.0 58.31 OK
r-devel-windows-ix86+x86_64 2.9.0 8.00 52.00 60.00 NOTE
r-patched-linux-x86_64 2.9.0 1.86 33.15 35.00 OK
r-patched-solaris-sparc 2.9.0 388.20 OK
r-patched-solaris-x86 2.9.0 86.70 OK
r-release-linux-x86_64 2.9.0 1.56 33.34 34.90 OK
r-release-osx-x86_64-mavericks 2.9.0 OK
r-release-windows-ix86+x86_64 2.9.0 10.00 74.00 84.00 OK
r-oldrel-windows-ix86+x86_64 2.9.0 10.00 53.00 63.00 OK

Check Details

Version: 2.9.0
Check: R code for possible problems
Result: NOTE
    as.character.cateditmatrix: no visible global function definition for
     ‘str’
    datamodel: no visible global function definition for ‘stack’
    localize: no visible global function definition for ‘flush.console’
    perturbWeights: no visible global function definition for ‘runif’
    plot.errorLocation: no visible global function definition for ‘par’
    plot.errorLocation: no visible global function definition for ‘barplot’
    plot.errorLocation: no visible global function definition for ‘plot’
    plot.errorLocation: no visible global function definition for ‘grid’
    plot.errorLocation: no visible global function definition for ‘mtext’
    plot.errorLocation: no visible global function definition for ‘density’
    plot.errorLocation: no visible global function definition for ‘lines’
    plot.errorLocation: no visible global function definition for ‘axis’
    plot.violatedEdits: no visible global function definition for ‘par’
    plot.violatedEdits: no visible global function definition for ‘barplot’
    plot.violatedEdits: no visible global function definition for ‘plot’
    plot.violatedEdits: no visible global function definition for ‘mtext’
    plotEditGraph: no visible global function definition for ‘plot’
    print.backtracker: no visible global function definition for ‘ls.str’
    removeRedundantDummies: no visible global function definition for
     ‘dist’
    summary.errorLocation: no visible global function definition for
     ‘quantile’
    summary.errorLocation : <anonymous>: no visible global function
     definition for ‘quantile’
    Undefined global functions or variables:
     axis barplot density dist flush.console grid lines ls.str mtext par
     plot quantile runif stack str
    Consider adding
     importFrom("graphics", "axis", "barplot", "grid", "lines", "mtext",
     "par", "plot")
     importFrom("stats", "density", "dist", "quantile", "runif")
     importFrom("utils", "flush.console", "ls.str", "stack", "str")
    to your NAMESPACE.
Flavors: r-devel-linux-x86_64-debian-clang, r-devel-linux-x86_64-debian-gcc, r-devel-linux-x86_64-fedora-clang, r-devel-linux-x86_64-fedora-gcc, r-devel-windows-ix86+x86_64