CRAN Package Check Results for Package editrules

Last updated on 2014-07-23 19:49:14.

Flavor Version Tinstall Tcheck Ttotal Status Flags
r-devel-linux-x86_64-debian-clang 2.7.2 1.85 32.06 33.90 NOTE
r-devel-linux-x86_64-debian-gcc 2.7.2 1.83 32.18 34.01 NOTE
r-devel-linux-x86_64-fedora-clang 2.7.2 81.71 NOTE
r-devel-linux-x86_64-fedora-gcc 2.7.2 78.80 NOTE
r-devel-osx-x86_64-clang 2.7.2 61.70 NOTE
r-devel-windows-ix86+x86_64 2.7.2 6.00 47.00 53.00 NOTE
r-patched-linux-x86_64 2.7.2 1.79 31.76 33.56 NOTE
r-patched-solaris-sparc 2.7.2 389.50 NOTE
r-patched-solaris-x86 2.7.2 96.60 NOTE
r-release-linux-ix86 2.7.2 2.32 42.83 45.15 NOTE
r-release-linux-x86_64 2.7.2 1.78 33.10 34.88 NOTE
r-release-osx-x86_64-mavericks 2.7.2 NOTE
r-release-osx-x86_64-snowleopard 2.7.2 NOTE
r-release-windows-ix86+x86_64 2.7.2 6.00 54.00 60.00 NOTE
r-oldrel-windows-ix86+x86_64 2.7.2 6.00 51.00 57.00 NOTE

Check Details

Version: 2.7.2
Check: dependencies in R code
Result: NOTE
    'library' or 'require' calls to packages already attached by Depends:
     ‘igraph’ ‘lpSolveAPI’
     Please remove these calls from your code.
    Package in Depends field not imported from: ‘lpSolveAPI’
     These packages need to be imported from (in the NAMESPACE file)
     for when this namespace is loaded but not attached.
    See the information on DESCRIPTION files in the chapter ‘Creating R
    packages’ of the ‘Writing R Extensions’ manual.
Flavors: r-devel-linux-x86_64-debian-clang, r-devel-linux-x86_64-debian-gcc, r-devel-linux-x86_64-fedora-clang, r-devel-linux-x86_64-fedora-gcc, r-devel-osx-x86_64-clang, r-devel-windows-ix86+x86_64, r-patched-linux-x86_64, r-patched-solaris-sparc, r-patched-solaris-x86, r-release-linux-ix86, r-release-linux-x86_64, r-release-osx-x86_64-mavericks, r-release-windows-ix86+x86_64, r-oldrel-windows-ix86+x86_64

Version: 2.7.2
Check: dependencies in R code
Result: NOTE
    'library' or 'require' calls to packages already attached by Depends:
     'igraph' 'lpSolveAPI'
     Please remove these calls from your code.
    Package in Depends field not imported from: 'lpSolveAPI'
     These packages need to be imported from for the case when
     this namespace is loaded but not attached.
    See the information on DESCRIPTION files in the chapter 'Creating R
    packages' of the 'Writing R Extensions' manual.
Flavor: r-release-osx-x86_64-snowleopard