CRAN Package Check Results for Package edrGraphicalTools

Last updated on 2015-06-30 18:47:12.

Flavor Version Tinstall Tcheck Ttotal Status Flags
r-devel-linux-x86_64-debian-clang 2.1 1.01 27.39 28.40 NOTE
r-devel-linux-x86_64-debian-gcc 2.1 1.11 28.61 29.72 NOTE
r-devel-linux-x86_64-fedora-clang 2.1 55.81 NOTE
r-devel-linux-x86_64-fedora-gcc 2.1 54.72 NOTE
r-devel-osx-x86_64-clang 2.1 51.51 NOTE
r-devel-windows-ix86+x86_64 2.1 12.00 65.00 77.00 NOTE
r-patched-linux-x86_64 2.1 1.05 28.52 29.58 NOTE
r-patched-solaris-sparc 2.1 407.60 NOTE
r-patched-solaris-x86 2.1 77.10 NOTE
r-release-linux-x86_64 2.1 1.10 28.83 29.93 NOTE
r-release-osx-x86_64-mavericks 2.1 NOTE
r-release-windows-ix86+x86_64 2.1 9.00 69.00 78.00 NOTE
r-oldrel-windows-ix86+x86_64 2.1 10.00 81.00 91.00 OK

Check Details

Version: 2.1
Check: DESCRIPTION meta-information
Result: NOTE
    Malformed Description field: should contain one or more complete sentences.
Flavors: r-devel-linux-x86_64-debian-clang, r-devel-linux-x86_64-debian-gcc, r-devel-linux-x86_64-fedora-clang, r-devel-linux-x86_64-fedora-gcc, r-devel-osx-x86_64-clang, r-devel-windows-ix86+x86_64, r-patched-linux-x86_64, r-patched-solaris-sparc, r-patched-solaris-x86, r-release-linux-x86_64, r-release-osx-x86_64-mavericks, r-release-windows-ix86+x86_64

Version: 2.1
Check: R code for possible problems
Result: NOTE
    criterionRkh: no visible global function definition for ‘var’
    edr: no visible global function definition for ‘var’
    edrSelec: no visible global function definition for ‘cor’
    edrSelec: no visible global function definition for ‘var’
    edrSelec: no visible global function definition for ‘pchisq’
    edrSelec: no visible global function definition for ‘coef’
    edrSelec: no visible global function definition for ‘fitted’
    edrUnderdet: no visible global function definition for ‘var’
    edrUnderdet: no visible global function definition for ‘princomp’
    plot.criterionRkh: no visible global function definition for ‘dev.new’
    plot.criterionRkh: no visible global function definition for ‘par’
    plot.criterionRkh: no visible global function definition for ‘boxplot’
    plot.criterionRkh: no visible global function definition for ‘axis’
    plot.criterionRkh: no visible global function definition for ‘plot’
    plot.edr: no visible global function definition for ‘dev.new’
    plot.edr: no visible global function definition for ‘plot’
    plot.edr: no visible global function definition for ‘lines’
    plot.edr: no visible global function definition for ‘ksmooth’
    plot.edr : panel.smooth1: no visible global function definition for
     ‘panel.smooth’
    plot.edr: no visible global function definition for ‘pairs’
    plot.edr: no visible global function definition for ‘loess’
    plot.edr: no visible global function definition for ‘predict’
    plot.edrSelec: no visible global function definition for ‘par’
    plot.edrSelec: no visible global function definition for ‘plot’
    plot.edrSelec: no visible global function definition for ‘text’
Flavors: r-devel-linux-x86_64-debian-clang, r-devel-linux-x86_64-debian-gcc, r-devel-linux-x86_64-fedora-clang, r-devel-windows-ix86+x86_64