CRAN Package Check Results for Package edrGraphicalTools

Last updated on 2015-03-31 17:49:54.

Flavor Version Tinstall Tcheck Ttotal Status Flags
r-devel-linux-x86_64-debian-clang 2.1 1.05 29.78 30.83 NOTE
r-devel-linux-x86_64-debian-gcc 2.1 1.06 30.37 31.43 NOTE
r-devel-linux-x86_64-fedora-clang 2.1 57.66 NOTE
r-devel-linux-x86_64-fedora-gcc 2.1 55.75 NOTE
r-devel-osx-x86_64-clang 2.1 56.14 NOTE
r-prerel-windows-ix86+x86_64 2.1 9.00 68.00 77.00 NOTE
r-prerel-linux-x86_64 2.1 1.05 28.68 29.73 NOTE
r-prerel-solaris-sparc 2.1 412.50 NOTE
r-prerel-solaris-x86 2.1 78.00 NOTE
r-release-linux-x86_64 2.1 1.30 32.00 33.30 OK
r-release-osx-x86_64-mavericks 2.1 OK
r-release-osx-x86_64-snowleopard 2.1 OK
r-release-windows-ix86+x86_64 2.1 8.00 76.00 84.00 OK
r-oldrel-windows-ix86+x86_64 2.1 8.00 79.00 87.00 OK

Check Details

Version: 2.1
Check: DESCRIPTION meta-information
Result: NOTE
    Malformed Description field: should contain one or more complete sentences.
Flavors: r-devel-linux-x86_64-debian-clang, r-devel-linux-x86_64-debian-gcc, r-devel-linux-x86_64-fedora-clang, r-devel-linux-x86_64-fedora-gcc, r-devel-osx-x86_64-clang, r-prerel-windows-ix86+x86_64, r-prerel-linux-x86_64, r-prerel-solaris-sparc, r-prerel-solaris-x86