CRAN Package Check Results for Package edrGraphicalTools

Last updated on 2014-04-23 12:48:17.

Flavor Version Tinstall Tcheck Ttotal Status Flags
r-devel-linux-x86_64-debian-clang 2.1 1.28 32.82 34.09 OK
r-devel-linux-x86_64-debian-gcc 2.1 1.35 33.30 34.64 OK
r-devel-linux-x86_64-fedora-clang 2.1 65.20 OK
r-devel-linux-x86_64-fedora-gcc 2.1 63.46 OK
r-devel-osx-x86_64-clang 2.1 53.34 OK
r-devel-osx-x86_64-gcc 2.1 OK
r-devel-windows-ix86+x86_64 2.1 7.00 70.00 77.00 OK
r-patched-linux-x86_64 2.1 1.24 33.56 34.81 OK
r-patched-solaris-sparc 2.1 418.10 OK
r-patched-solaris-x86 2.1 82.90 OK
r-release-linux-ix86 2.1 3.00 57.00 60.00 OK
r-release-linux-x86_64 2.1 1.27 33.70 34.97 OK
r-release-osx-x86_64-mavericks 2.1 WARN
r-release-osx-x86_64-snowleopard 2.1 OK
r-release-windows-ix86+x86_64 2.1 7.00 75.00 82.00 OK
r-oldrel-windows-ix86+x86_64 2.1 7.00 77.00 84.00 OK

Check Details

Version: 2.1
Check: PDF version of manual
Result: WARNING
    LaTeX errors when creating PDF version.
    This typically indicates Rd problems.
    LaTeX errors found:
    ! LaTeX Error: File `upquote.sty' not found.
    
    Type X to quit or <RETURN> to proceed,
    or enter new name. (Default extension: sty)
    
    13faafe/Rd2.tex:8: ==> Fatal error occurred, no output PDF file produced!
Flavor: r-release-osx-x86_64-mavericks