CRAN Package Check Results for Package edrGraphicalTools

Last updated on 2015-04-18 19:51:19.

Flavor Version Tinstall Tcheck Ttotal Status Flags
r-devel-linux-x86_64-debian-clang 2.1 1.10 29.05 30.15 NOTE
r-devel-linux-x86_64-debian-gcc 2.1 1.46 28.65 30.11 NOTE
r-devel-linux-x86_64-fedora-clang 2.1 57.10 NOTE
r-devel-linux-x86_64-fedora-gcc 2.1 55.55 NOTE
r-devel-osx-x86_64-clang 2.1 51.09 NOTE
r-patched-linux-x86_64 2.1 1.09 28.52 29.61 NOTE
r-patched-solaris-sparc 2.1 412.50 NOTE
r-patched-solaris-x86 2.1 78.20 NOTE
r-release-linux-x86_64 2.1 1.08 28.88 29.97 NOTE
r-release-osx-x86_64-mavericks 2.1 NOTE
r-release-osx-x86_64-snowleopard 2.1 ERROR
r-release-windows-ix86+x86_64 2.1 5.00 84.00 89.00 NOTE
r-oldrel-windows-ix86+x86_64 2.1 7.00 105.00 112.00 OK

Check Details

Version: 2.1
Check: DESCRIPTION meta-information
Result: NOTE
    Malformed Description field: should contain one or more complete sentences.
Flavors: r-devel-linux-x86_64-debian-clang, r-devel-linux-x86_64-debian-gcc, r-devel-linux-x86_64-fedora-clang, r-devel-linux-x86_64-fedora-gcc, r-devel-osx-x86_64-clang, r-patched-linux-x86_64, r-patched-solaris-sparc, r-patched-solaris-x86, r-release-linux-x86_64, r-release-osx-x86_64-mavericks, r-release-osx-x86_64-snowleopard, r-release-windows-ix86+x86_64

Version: 2.1
Check: examples
Result: ERROR
    Running examples in ‘edrGraphicalTools-Ex.R’ failed
    The error most likely occurred in:
    
    > ### Name: criterionRkh
    > ### Title: Estimation of the Rkh criterion by bootstrap method
    > ### Aliases: criterionRkh
    > ### Keywords: regression
    >
    > ### ** Examples
    >
    > ## simulated example 1
    > set.seed(10)
    > n <- 500
    > beta <- c(1,rep(0,9))
    > X <- rmvnorm(n,sigma=diag(10))
    > eps <- rnorm(n)
    > Y <- (X%*%beta)**3+eps*((X%*%beta)**2)
    > ## Choice a grid of values for H
    > grid.H <- c(2,5,10,15,20,30)
    > res1 <- criterionRkh(Y,X,H=grid.H,B=50,method="SIR-I")
    Be patient. The program is running ...
    > res1
    Trace criterion estimated by boostrap
    
    Reduction method performed: SIR-I
    Number of observations: 500
    
    Value of K tried:
    1 2 3 4 5 6 7 8 9 10
    Value of H tried:
    2 5 10 15 20 30
    
    Result of the bootsrap estimate of the trace criterion R(k,h)
    
     1 2 3 4 5 6 7 8 9 10
    2 0.956 0.695 0.541 0.535 0.573 0.634 0.712 0.809 0.900 1
    5 0.989 0.632 0.593 0.620 0.616 0.660 0.741 0.818 0.910 1
    10 0.992 0.704 0.621 0.614 0.672 0.709 0.759 0.826 0.907 1
    15 0.993 0.568 0.574 0.611 0.666 0.694 0.757 0.826 0.910 1
    20 0.992 0.601 0.584 0.599 0.645 0.691 0.754 0.828 0.907 1
    30 0.993 0.592 0.582 0.612 0.654 0.699 0.777 0.840 0.916 1
    
    > plot(res1,choice.H=c(2,5),choice.K=c(1,2))
    dev.new(): using pdf(file="Rplots1.pdf")
    dev.new(): using pdf(file="Rplots2.pdf")
    dev.new(): using pdf(file="Rplots3.pdf")
    Fri Mar 20 21:54:14 hagal.research.att.com R[14077] <Error>: unknown error code: invalid pixel format
    Fri Mar 20 21:54:14 hagal.research.att.com R[14077] <Error>: kCGErrorFailure: Set a breakpoint @ CGErrorBreakpoint() to catch errors as they are logged.
    X Error of failed request: GLXBadContext
     Major opcode of failed request: 0 ()
     Serial number of failed request: 27
     Current serial number in output stream: 27
Flavor: r-release-osx-x86_64-snowleopard