CRAN Package Check Results for Package eefAnalytics

Last updated on 2019-07-21 21:46:53 CEST.

Flavor Version Tinstall Tcheck Ttotal Status Flags
r-devel-linux-x86_64-debian-clang 1.0.6 14.17 90.28 104.45 OK
r-devel-linux-x86_64-debian-gcc 1.0.6 11.69 72.12 83.81 OK
r-devel-linux-x86_64-fedora-clang 1.0.6 127.00 OK
r-devel-linux-x86_64-fedora-gcc 1.0.6 142.60 OK
r-devel-windows-ix86+x86_64 1.0.6 22.00 141.00 163.00 OK
r-patched-linux-x86_64 1.0.6 13.91 90.46 104.37 OK
r-patched-solaris-x86 1.0.6 207.90 OK
r-release-linux-x86_64 1.0.6 14.64 92.90 107.54 OK
r-release-windows-ix86+x86_64 1.0.6 22.00 93.00 115.00 OK
r-release-osx-x86_64 1.0.6 FAIL
r-oldrel-windows-ix86+x86_64 1.0.6 19.00 89.00 108.00 OK
r-oldrel-osx-x86_64 1.0.6 OK

Check Details

Version: 1.0.6
Check: whether package can be installed
Result: FAIL
    
Flavor: r-release-osx-x86_64