CRAN Package Check Results for Package eegkit

Last updated on 2019-04-26 16:36:21 CEST.

Flavor Version Tinstall Tcheck Ttotal Status Flags
r-devel-linux-x86_64-debian-clang 1.0-4 4.81 43.05 47.86 OK
r-devel-linux-x86_64-debian-gcc 1.0-4 3.91 34.80 38.71 OK
r-devel-linux-x86_64-fedora-clang 1.0-4 59.00 OK
r-devel-linux-x86_64-fedora-gcc 1.0-4 55.62 OK
r-patched-linux-x86_64 1.0-4 4.91 43.96 48.87 OK
r-patched-solaris-x86 1.0-4 97.30 OK
r-release-linux-x86_64 1.0-4 3.91 39.83 43.74 OK
r-release-windows-ix86+x86_64 1.0-4 19.00 85.00 104.00 OK
r-release-osx-x86_64 1.0-4 WARN
r-oldrel-windows-ix86+x86_64 1.0-4 12.00 60.00 72.00 OK
r-oldrel-osx-x86_64 1.0-4 OK

Check Details

Version: 1.0-4
Check: whether package can be installed
Result: WARN
    Found the following significant warnings:
     Warning: 'rgl_init' failed, running with rgl.useNULL = TRUE
Flavor: r-release-osx-x86_64