CRAN Package Check Results for Package eegkit

Last updated on 2019-08-19 11:49:01 CEST.

Flavor Version Tinstall Tcheck Ttotal Status Flags
r-devel-linux-x86_64-debian-clang 1.0-4 5.42 42.98 48.40 OK
r-devel-linux-x86_64-debian-gcc 1.0-4 4.37 34.41 38.78 OK
r-devel-linux-x86_64-fedora-clang 1.0-4 58.58 OK
r-devel-linux-x86_64-fedora-gcc 1.0-4 57.84 OK
r-devel-windows-ix86+x86_64 1.0-4 18.00 95.00 113.00 OK
r-patched-linux-x86_64 1.0-4 5.18 42.53 47.71 OK
r-patched-solaris-x86 1.0-4 100.60 OK
r-release-linux-x86_64 1.0-4 5.22 43.54 48.76 OK
r-release-windows-ix86+x86_64 1.0-4 12.00 61.00 73.00 OK
r-release-osx-x86_64 1.0-4 WARN
r-oldrel-windows-ix86+x86_64 1.0-4 11.00 98.00 109.00 OK
r-oldrel-osx-x86_64 1.0-4 OK

Check Details

Version: 1.0-4
Check: whether package can be installed
Result: WARN
    Found the following significant warnings:
     Warning: 'rgl_init' failed, running with rgl.useNULL = TRUE
Flavor: r-release-osx-x86_64