CRAN Package Check Results for Package eeptools

Last updated on 2014-10-31 03:47:46.

Flavor Version Tinstall Tcheck Ttotal Status Flags
r-devel-linux-x86_64-debian-clang 0.3.1 7.31 90.41 97.72 NOTE
r-devel-linux-x86_64-debian-gcc 0.3.1 7.91 89.40 97.30 NOTE
r-devel-linux-x86_64-fedora-clang 0.3.1 229.96 NOTE
r-devel-linux-x86_64-fedora-gcc 0.3.1 221.63 NOTE
r-devel-osx-x86_64-clang 0.3.1 182.97 NOTE
r-devel-windows-ix86+x86_64 0.3.1 21.00 121.00 142.00 NOTE
r-patched-linux-x86_64 0.3.1 7.84 93.50 101.34 NOTE
r-patched-solaris-sparc 0.3.1 1246.80 NOTE
r-patched-solaris-x86 0.3.1 287.80 NOTE
r-release-linux-ix86 0.3.1 9.19 112.52 121.72 OK
r-release-linux-x86_64 0.3.1 7.80 94.51 102.31 OK
r-release-osx-x86_64-mavericks 0.3.1 OK
r-release-osx-x86_64-snowleopard 0.3.1 OK
r-release-windows-ix86+x86_64 0.3.1 22.00 151.00 173.00 OK
r-oldrel-windows-ix86+x86_64 0.3.1 20.00 141.00 161.00 OK

Check Details

Version: 0.3.1
Check: R code for possible problems
Result: NOTE
    moves_calc: no visible binding for global variable ‘id’
Flavors: r-devel-linux-x86_64-debian-clang, r-devel-linux-x86_64-debian-gcc, r-devel-linux-x86_64-fedora-clang, r-devel-linux-x86_64-fedora-gcc, r-devel-osx-x86_64-clang, r-devel-windows-ix86+x86_64, r-patched-linux-x86_64, r-patched-solaris-sparc, r-patched-solaris-x86