CRAN Package Check Results for Package eeptools

Last updated on 2015-02-27 16:47:46.

Flavor Version Tinstall Tcheck Ttotal Status Flags
r-devel-linux-x86_64-debian-clang 0.3.1 5.14 67.52 72.65 NOTE
r-devel-linux-x86_64-debian-gcc 0.3.1 4.92 65.88 70.80 NOTE
r-devel-linux-x86_64-fedora-clang 0.3.1 157.69 NOTE
r-devel-linux-x86_64-fedora-gcc 0.3.1 143.48 NOTE
r-devel-osx-x86_64-clang 0.3.1 131.14 NOTE
r-devel-windows-ix86+x86_64 0.3.1 23.00 100.00 123.00 NOTE
r-patched-linux-x86_64 0.3.1 8.94 97.93 106.88 NOTE
r-patched-solaris-sparc 0.3.1 1233.10 NOTE
r-release-linux-ix86 0.3.1 8.76 111.97 120.73 NOTE
r-release-linux-x86_64 0.3.1 8.74 100.03 108.77 NOTE
r-release-osx-x86_64-mavericks 0.3.1 NOTE
r-release-osx-x86_64-snowleopard 0.3.1 OK
r-release-windows-ix86+x86_64 0.3.1 21.00 150.00 171.00 NOTE
r-oldrel-windows-ix86+x86_64 0.3.1 25.00 151.00 176.00 OK

Check Details

Version: 0.3.1
Check: R code for possible problems
Result: NOTE
    moves_calc: no visible binding for global variable ‘id’
Flavors: r-devel-linux-x86_64-debian-clang, r-devel-linux-x86_64-debian-gcc, r-devel-linux-x86_64-fedora-clang, r-devel-linux-x86_64-fedora-gcc, r-devel-osx-x86_64-clang, r-devel-windows-ix86+x86_64, r-patched-linux-x86_64, r-patched-solaris-sparc, r-release-linux-ix86, r-release-linux-x86_64, r-release-osx-x86_64-mavericks, r-release-windows-ix86+x86_64