CRAN Package Check Results for Package eeptools

Last updated on 2015-03-29 11:51:13.

Flavor Version Tinstall Tcheck Ttotal Status Flags
r-devel-linux-x86_64-debian-clang 0.3.1 5.12 67.58 72.70 NOTE
r-devel-linux-x86_64-debian-gcc 0.3.1 4.91 66.36 71.27 NOTE
r-devel-linux-x86_64-fedora-clang 0.3.1 149.44 NOTE
r-devel-linux-x86_64-fedora-gcc 0.3.1 148.66 NOTE
r-devel-osx-x86_64-clang 0.3.1 136.29 NOTE
r-prerel-windows-ix86+x86_64 0.3.1 20.00 103.00 123.00 NOTE
r-prerel-linux-x86_64 0.3.1 4.85 65.35 70.20 NOTE
r-prerel-solaris-sparc 0.3.1 982.40 NOTE
r-prerel-solaris-x86 0.3.1 190.90 NOTE
r-release-linux-x86_64 0.3.1 8.68 97.71 106.39 NOTE
r-release-osx-x86_64-mavericks 0.3.1 NOTE
r-release-osx-x86_64-snowleopard 0.3.1 OK
r-release-windows-ix86+x86_64 0.3.1 24.00 150.00 174.00 NOTE
r-oldrel-windows-ix86+x86_64 0.3.1 26.00 146.00 172.00 OK

Check Details

Version: 0.3.1
Check: R code for possible problems
Result: NOTE
    moves_calc: no visible binding for global variable ‘id’
Flavors: r-devel-linux-x86_64-debian-clang, r-devel-linux-x86_64-debian-gcc, r-devel-linux-x86_64-fedora-clang, r-devel-linux-x86_64-fedora-gcc, r-devel-osx-x86_64-clang, r-prerel-windows-ix86+x86_64, r-prerel-linux-x86_64, r-prerel-solaris-sparc, r-prerel-solaris-x86, r-release-linux-x86_64, r-release-osx-x86_64-mavericks, r-release-windows-ix86+x86_64