CRAN Package Check Results for Package eeptools

Last updated on 2014-08-27 18:48:19.

Flavor Version Tinstall Tcheck Ttotal Status Flags
r-devel-linux-x86_64-debian-clang 0.3.1 7.47 93.12 100.60 NOTE
r-devel-linux-x86_64-debian-gcc 0.3.1 7.39 90.73 98.12 NOTE
r-devel-linux-x86_64-fedora-clang 0.3.1 236.58 NOTE
r-devel-linux-x86_64-fedora-gcc 0.3.1 231.49 NOTE
r-devel-osx-x86_64-clang 0.3.1 170.76 NOTE
r-devel-windows-ix86+x86_64 0.3.1 16.00 139.00 155.00 NOTE
r-patched-linux-x86_64 0.3.1 7.54 92.97 100.51 OK
r-patched-solaris-sparc 0.3.1 1244.00 OK
r-patched-solaris-x86 0.3.1 290.10 OK
r-release-linux-ix86 0.3.1 9.08 109.47 118.55 OK
r-release-linux-x86_64 0.3.1 7.76 93.69 101.45 OK
r-release-osx-x86_64-mavericks 0.3.1 OK
r-release-osx-x86_64-snowleopard 0.3.1 OK
r-release-windows-ix86+x86_64 0.3.1 22.00 134.00 156.00 OK
r-oldrel-windows-ix86+x86_64 0.3.1 22.00 136.00 158.00 OK

Check Details

Version: 0.3.1
Check: R code for possible problems
Result: NOTE
    moves_calc: no visible binding for global variable ‘id’
Flavors: r-devel-linux-x86_64-debian-clang, r-devel-linux-x86_64-debian-gcc, r-devel-linux-x86_64-fedora-clang, r-devel-linux-x86_64-fedora-gcc, r-devel-osx-x86_64-clang, r-devel-windows-ix86+x86_64