CRAN Package Check Results for Package eeptools

Last updated on 2015-07-01 21:46:29.

Flavor Version Tinstall Tcheck Ttotal Status Flags
r-devel-linux-x86_64-debian-clang 0.3.1 5.08 69.76 74.84 NOTE
r-devel-linux-x86_64-debian-gcc 0.3.1 4.95 66.93 71.88 NOTE
r-devel-linux-x86_64-fedora-clang 0.3.1 151.73 NOTE
r-devel-linux-x86_64-fedora-gcc 0.3.1 144.50 NOTE
r-devel-osx-x86_64-clang 0.3.1 137.16 NOTE
r-devel-windows-ix86+x86_64 0.3.1 15.00 98.00 113.00 NOTE
r-patched-linux-x86_64 0.3.1 4.89 66.71 71.60 NOTE
r-patched-solaris-sparc 0.3.1 894.70 NOTE
r-patched-solaris-x86 0.3.1 205.30 NOTE
r-release-linux-x86_64 0.3.1 5.14 66.07 71.21 NOTE
r-release-osx-x86_64-mavericks 0.3.1 NOTE
r-release-windows-ix86+x86_64 0.3.1 16.00 107.00 123.00 NOTE
r-oldrel-windows-ix86+x86_64 0.3.1 25.00 154.00 179.00 NOTE

Check Details

Version: 0.3.1
Check: R code for possible problems
Result: NOTE
    autoplot.lm: no visible global function definition for ‘quantile’
    autoplot.lm: no visible global function definition for ‘qnorm’
    gelmansim: no visible global function definition for ‘as.formula’
    gelmansim: no visible global function definition for ‘formula’
    gelmansim: no visible global function definition for ‘model.matrix’
    gelmansim: no visible global function definition for ‘reorder’
    gelmansim: no visible global function definition for ‘rnorm’
    gelmansim: no visible binding for global variable ‘quantile’
    moves_calc: no visible global function definition for ‘complete.cases’
    moves_calc: no visible binding for global variable ‘id’
    plotForWord: no visible global function definition for ‘dev.new’
    plotForWord: no visible global function definition for ‘dev.off’
    statamode: no visible global function definition for ‘tail’
Flavors: r-devel-linux-x86_64-debian-clang, r-devel-linux-x86_64-debian-gcc, r-devel-linux-x86_64-fedora-clang, r-devel-linux-x86_64-fedora-gcc

Version: 0.3.1
Check: R code for possible problems
Result: NOTE
    moves_calc: no visible binding for global variable ‘id’
Flavors: r-devel-osx-x86_64-clang, r-patched-linux-x86_64, r-patched-solaris-sparc, r-patched-solaris-x86, r-release-linux-x86_64, r-release-osx-x86_64-mavericks, r-release-windows-ix86+x86_64, r-oldrel-windows-ix86+x86_64

Version: 0.3.1
Check: R code for possible problems
Result: NOTE
    autoplot.lm: no visible global function definition for 'quantile'
    autoplot.lm: no visible global function definition for 'qnorm'
    gelmansim: no visible global function definition for 'as.formula'
    gelmansim: no visible global function definition for 'formula'
    gelmansim: no visible global function definition for 'model.matrix'
    gelmansim: no visible global function definition for 'reorder'
    gelmansim: no visible global function definition for 'rnorm'
    gelmansim: no visible binding for global variable 'quantile'
    moves_calc: no visible global function definition for 'complete.cases'
    moves_calc: no visible binding for global variable 'id'
    plotForWord: no visible global function definition for 'dev.new'
    plotForWord: no visible global function definition for 'windowsFonts'
    plotForWord: no visible global function definition for 'dev.off'
    statamode: no visible global function definition for 'tail'
Flavor: r-devel-windows-ix86+x86_64