CRAN Package Check Results for Package eeptools

Last updated on 2014-11-28 12:46:45.

Flavor Version Tinstall Tcheck Ttotal Status Flags
r-devel-linux-x86_64-debian-clang 0.3.1 7.60 90.22 97.82 NOTE
r-devel-linux-x86_64-debian-gcc 0.3.1 7.18 88.02 95.20 NOTE
r-devel-linux-x86_64-fedora-clang 0.3.1 228.44 NOTE
r-devel-linux-x86_64-fedora-gcc 0.3.1 240.77 NOTE
r-devel-osx-x86_64-clang 0.3.1 184.05 NOTE
r-devel-windows-ix86+x86_64 0.3.1 21.00 132.00 153.00 NOTE
r-patched-linux-x86_64 0.3.1 7.97 92.66 100.63 NOTE
r-patched-solaris-sparc 0.3.1 1246.80 NOTE
r-patched-solaris-x86 0.3.1 284.60 NOTE
r-release-linux-ix86 0.3.1 8.74 107.03 115.77 NOTE
r-release-linux-x86_64 0.3.1 9.73 93.93 103.66 NOTE
r-release-osx-x86_64-mavericks 0.3.1 OK
r-release-osx-x86_64-snowleopard 0.3.1 OK
r-release-windows-ix86+x86_64 0.3.1 23.00 147.00 170.00 NOTE
r-oldrel-windows-ix86+x86_64 0.3.1 18.00 143.00 161.00 OK

Check Details

Version: 0.3.1
Check: R code for possible problems
Result: NOTE
    moves_calc: no visible binding for global variable ‘id’
Flavors: r-devel-linux-x86_64-debian-clang, r-devel-linux-x86_64-debian-gcc, r-devel-linux-x86_64-fedora-clang, r-devel-linux-x86_64-fedora-gcc, r-devel-osx-x86_64-clang, r-devel-windows-ix86+x86_64, r-patched-linux-x86_64, r-patched-solaris-sparc, r-patched-solaris-x86, r-release-linux-ix86, r-release-linux-x86_64, r-release-windows-ix86+x86_64