CRAN Package Check Results for Package eeptools

Last updated on 2015-08-30 09:47:21.

Flavor Version Tinstall Tcheck Ttotal Status Flags
r-devel-linux-x86_64-debian-clang 0.3.1 4.79 63.88 68.67 NOTE
r-devel-linux-x86_64-debian-gcc 0.3.1 4.64 65.62 70.26 NOTE
r-devel-linux-x86_64-fedora-clang 0.3.1 148.40 NOTE
r-devel-linux-x86_64-fedora-gcc 0.3.1 144.43 NOTE
r-devel-osx-x86_64-clang 0.3.1 123.47 NOTE
r-devel-windows-ix86+x86_64 0.3.1 23.00 116.00 139.00 NOTE
r-patched-linux-x86_64 0.3.1 4.81 69.81 74.62 NOTE
r-patched-solaris-sparc 0.3.1 921.00 NOTE
r-patched-solaris-x86 0.3.1 210.80 NOTE
r-release-linux-x86_64 0.3.1 4.96 69.68 74.64 NOTE
r-release-osx-x86_64-mavericks 0.3.1 NOTE
r-release-windows-ix86+x86_64 0.3.1 23.00 116.00 139.00 NOTE
r-oldrel-windows-ix86+x86_64 0.3.1 37.00 188.00 225.00 NOTE

Check Details

Version: 0.3.1
Check: R code for possible problems
Result: NOTE
    autoplot.lm: no visible global function definition for ‘quantile’
    autoplot.lm: no visible global function definition for ‘qnorm’
    gelmansim: no visible global function definition for ‘as.formula’
    gelmansim: no visible global function definition for ‘formula’
    gelmansim: no visible global function definition for ‘model.matrix’
    gelmansim: no visible global function definition for ‘reorder’
    gelmansim: no visible global function definition for ‘rnorm’
    gelmansim: no visible binding for global variable ‘quantile’
    moves_calc: no visible global function definition for ‘complete.cases’
    moves_calc: no visible binding for global variable ‘id’
    plotForWord: no visible global function definition for ‘dev.new’
    plotForWord: no visible global function definition for ‘dev.off’
    statamode: no visible global function definition for ‘tail’
    Undefined global functions or variables:
     as.formula complete.cases dev.new dev.off formula id model.matrix
     qnorm quantile reorder rnorm tail
    Consider adding
     importFrom("grDevices", "dev.new", "dev.off")
     importFrom("stats", "as.formula", "complete.cases", "formula",
     "model.matrix", "qnorm", "quantile", "reorder", "rnorm")
     importFrom("utils", "tail")
    to your NAMESPACE.
Flavors: r-devel-linux-x86_64-debian-clang, r-devel-linux-x86_64-debian-gcc, r-devel-linux-x86_64-fedora-clang, r-devel-linux-x86_64-fedora-gcc

Version: 0.3.1
Check: R code for possible problems
Result: NOTE
    moves_calc: no visible binding for global variable ‘id’
    Undefined global functions or variables:
     id
Flavor: r-devel-osx-x86_64-clang

Version: 0.3.1
Check: R code for possible problems
Result: NOTE
    autoplot.lm: no visible global function definition for 'quantile'
    autoplot.lm: no visible global function definition for 'qnorm'
    gelmansim: no visible global function definition for 'as.formula'
    gelmansim: no visible global function definition for 'formula'
    gelmansim: no visible global function definition for 'model.matrix'
    gelmansim: no visible global function definition for 'reorder'
    gelmansim: no visible global function definition for 'rnorm'
    gelmansim: no visible binding for global variable 'quantile'
    moves_calc: no visible global function definition for 'complete.cases'
    moves_calc: no visible binding for global variable 'id'
    plotForWord: no visible global function definition for 'dev.new'
    plotForWord: no visible global function definition for 'windowsFonts'
    plotForWord: no visible global function definition for 'dev.off'
    statamode: no visible global function definition for 'tail'
    Undefined global functions or variables:
     as.formula complete.cases dev.new dev.off formula id model.matrix
     qnorm quantile reorder rnorm tail windowsFonts
    Consider adding
     importFrom("grDevices", "dev.new", "dev.off", "windowsFonts")
     importFrom("stats", "as.formula", "complete.cases", "formula",
     "model.matrix", "qnorm", "quantile", "reorder", "rnorm")
     importFrom("utils", "tail")
    to your NAMESPACE.
Flavor: r-devel-windows-ix86+x86_64

Version: 0.3.1
Check: R code for possible problems
Result: NOTE
    moves_calc: no visible binding for global variable ‘id’
Flavors: r-patched-linux-x86_64, r-patched-solaris-sparc, r-patched-solaris-x86, r-release-linux-x86_64, r-release-osx-x86_64-mavericks, r-release-windows-ix86+x86_64, r-oldrel-windows-ix86+x86_64