CRAN Package Check Results for Package eeptools

Last updated on 2014-12-17 23:47:14.

Flavor Version Tinstall Tcheck Ttotal Status Flags
r-devel-linux-x86_64-debian-clang 0.3.1 7.95 89.32 97.27 NOTE
r-devel-linux-x86_64-debian-gcc 0.3.1 7.18 90.75 97.93 NOTE
r-devel-linux-x86_64-fedora-clang 0.3.1 226.22 NOTE
r-devel-linux-x86_64-fedora-gcc 0.3.1 207.82 NOTE
r-devel-osx-x86_64-clang 0.3.1 185.75 NOTE
r-devel-windows-ix86+x86_64 0.3.1 22.00 140.00 162.00 NOTE
r-patched-linux-x86_64 0.3.1 7.97 92.74 100.71 NOTE
r-patched-solaris-sparc 0.3.1 1246.80 NOTE
r-patched-solaris-x86 0.3.1 286.50 NOTE
r-release-linux-ix86 0.3.1 8.69 107.59 116.28 NOTE
r-release-linux-x86_64 0.3.1 7.63 95.32 102.95 NOTE
r-release-osx-x86_64-mavericks 0.3.1 OK
r-release-osx-x86_64-snowleopard 0.3.1 OK
r-release-windows-ix86+x86_64 0.3.1 27.00 139.00 166.00 NOTE
r-oldrel-windows-ix86+x86_64 0.3.1 22.00 155.00 177.00 OK

Check Details

Version: 0.3.1
Check: R code for possible problems
Result: NOTE
    moves_calc: no visible binding for global variable ‘id’
Flavors: r-devel-linux-x86_64-debian-clang, r-devel-linux-x86_64-debian-gcc, r-devel-linux-x86_64-fedora-clang, r-devel-linux-x86_64-fedora-gcc, r-devel-osx-x86_64-clang, r-devel-windows-ix86+x86_64, r-patched-linux-x86_64, r-patched-solaris-sparc, r-patched-solaris-x86, r-release-linux-ix86, r-release-linux-x86_64, r-release-windows-ix86+x86_64