CRAN Package Check Results for Package eeptools

Last updated on 2015-05-27 11:49:19.

Flavor Version Tinstall Tcheck Ttotal Status Flags
r-devel-linux-x86_64-debian-clang 0.3.1 5.08 70.67 75.75 NOTE
r-devel-linux-x86_64-debian-gcc 0.3.1 4.88 66.69 71.57 NOTE
r-devel-linux-x86_64-fedora-clang 0.3.1 154.41 NOTE
r-devel-linux-x86_64-fedora-gcc 0.3.1 149.15 NOTE
r-devel-osx-x86_64-clang 0.3.1 126.69 NOTE
r-devel-windows-ix86+x86_64 0.3.1 15.00 102.00 117.00 NOTE
r-patched-linux-x86_64 0.3.1 4.90 65.62 70.52 NOTE
r-patched-solaris-sparc 0.3.1 894.70 NOTE
r-patched-solaris-x86 0.3.1 205.40 NOTE
r-release-linux-x86_64 0.3.1 6.45 67.08 73.54 NOTE
r-release-osx-x86_64-mavericks 0.3.1 NOTE
r-release-osx-x86_64-snowleopard 0.3.1 ERROR
r-release-windows-ix86+x86_64 0.3.1 16.00 106.00 122.00 NOTE
r-oldrel-windows-ix86+x86_64 0.3.1 28.00 149.00 177.00 NOTE

Check Details

Version: 0.3.1
Check: R code for possible problems
Result: NOTE
    moves_calc: no visible binding for global variable ‘id’
Flavors: r-devel-linux-x86_64-debian-clang, r-devel-linux-x86_64-debian-gcc, r-devel-linux-x86_64-fedora-clang, r-devel-linux-x86_64-fedora-gcc, r-devel-osx-x86_64-clang, r-devel-windows-ix86+x86_64, r-patched-linux-x86_64, r-patched-solaris-sparc, r-patched-solaris-x86, r-release-linux-x86_64, r-release-osx-x86_64-mavericks, r-release-windows-ix86+x86_64, r-oldrel-windows-ix86+x86_64

Version: 0.3.1
Check: package dependencies
Result: ERROR
    Package required but not available: ‘ggplot2’
    
    See section ‘The DESCRIPTION file’ in the ‘Writing R Extensions’
    manual.
Flavor: r-release-osx-x86_64-snowleopard