CRAN Package Check Results for Package eeptools

Last updated on 2014-04-24 11:48:45.

Flavor Version Tinstall Tcheck Ttotal Status Flags
r-devel-linux-x86_64-debian-clang 0.3.1 8.40 97.21 105.62 OK
r-devel-linux-x86_64-debian-gcc 0.3.1 8.19 97.25 105.44 OK
r-devel-linux-x86_64-fedora-clang 0.3.1 241.08 OK
r-devel-linux-x86_64-fedora-gcc 0.3.1 231.99 OK
r-devel-osx-x86_64-clang 0.3.1 177.84 OK
r-devel-osx-x86_64-gcc 0.3.1 ERROR
r-devel-windows-ix86+x86_64 0.3.1 21.00 132.00 153.00 OK
r-patched-linux-x86_64 0.3.1 9.06 97.83 106.88 OK
r-patched-solaris-sparc 0.3.1 1242.30 OK
r-patched-solaris-x86 0.3.1 288.00 OK
r-release-linux-ix86 0.3.1 12.00 150.00 162.00 OK
r-release-linux-x86_64 0.3.1 8.11 97.27 105.38 OK
r-release-osx-x86_64-mavericks 0.3.1 ERROR
r-release-osx-x86_64-snowleopard 0.3.1 OK
r-release-windows-ix86+x86_64 0.3.1 23.00 136.00 159.00 OK
r-oldrel-windows-ix86+x86_64 0.3.1 21.00 131.00 152.00 OK

Check Details

Version: 0.3.1
Check: package dependencies
Result: ERROR
    Packages required but not available: ‘ggplot2’ ‘maptools’
    
    See the information on DESCRIPTION files in the chapter ‘Creating R
    packages’ of the ‘Writing R Extensions’ manual.
Flavor: r-devel-osx-x86_64-gcc

Version: 0.3.1
Check: package dependencies
Result: ERROR
    Package required but not available: ‘maptools’
    
    See the information on DESCRIPTION files in the chapter ‘Creating R
    packages’ of the ‘Writing R Extensions’ manual.
Flavor: r-release-osx-x86_64-mavericks