CRAN Package Check Results for Package eeptools

Last updated on 2014-09-02 05:46:32.

Flavor Version Tinstall Tcheck Ttotal Status Flags
r-devel-linux-x86_64-debian-clang 0.3.1 7.53 90.52 98.04 NOTE
r-devel-linux-x86_64-debian-gcc 0.3.1 7.13 87.72 94.85 NOTE
r-devel-linux-x86_64-fedora-clang 0.3.1 240.65 NOTE
r-devel-linux-x86_64-fedora-gcc 0.3.1 222.42 NOTE
r-devel-osx-x86_64-clang 0.3.1 170.29 NOTE
r-devel-windows-ix86+x86_64 0.3.1 19.00 137.00 156.00 NOTE
r-patched-linux-x86_64 0.3.1 7.54 94.61 102.14 OK
r-patched-solaris-sparc 0.3.1 1244.00 OK
r-patched-solaris-x86 0.3.1 284.00 OK
r-release-linux-ix86 0.3.1 8.95 110.26 119.21 OK
r-release-linux-x86_64 0.3.1 7.62 93.83 101.44 OK
r-release-osx-x86_64-mavericks 0.3.1 OK
r-release-osx-x86_64-snowleopard 0.3.1 OK
r-release-windows-ix86+x86_64 0.3.1 19.00 143.00 162.00 OK
r-oldrel-windows-ix86+x86_64 0.3.1 21.00 139.00 160.00 OK

Check Details

Version: 0.3.1
Check: R code for possible problems
Result: NOTE
    moves_calc: no visible binding for global variable ‘id’
Flavors: r-devel-linux-x86_64-debian-clang, r-devel-linux-x86_64-debian-gcc, r-devel-linux-x86_64-fedora-clang, r-devel-linux-x86_64-fedora-gcc, r-devel-osx-x86_64-clang, r-devel-windows-ix86+x86_64