CRAN Package Check Results for Package ef

Last updated on 2021-04-22 23:49:38 CEST.

Flavor Version Tinstall Tcheck Ttotal Status Flags
r-devel-linux-x86_64-debian-clang 1.2.0 78.09 85.69 163.78 OK
r-devel-linux-x86_64-debian-gcc 1.2.0 53.04 65.26 118.30 OK
r-devel-linux-x86_64-fedora-clang 1.2.0 219.85 NOTE
r-devel-linux-x86_64-fedora-gcc 1.2.0 200.71 OK
r-devel-windows-ix86+x86_64 1.2.0 137.00 154.00 291.00 NOTE
r-devel-windows-x86_64-gcc10-UCRT 1.2.0 OK
r-patched-linux-x86_64 1.2.0 61.49 78.48 139.97 OK
r-patched-solaris-x86 1.2.0 229.60 OK
r-release-linux-x86_64 1.2.0 60.72 78.68 139.40 OK
r-release-macos-x86_64 1.2.0 NOTE
r-release-windows-ix86+x86_64 1.2.0 137.00 153.00 290.00 NOTE
r-oldrel-macos-x86_64 1.2.0 NOTE
r-oldrel-windows-ix86+x86_64 1.2.0 133.00 140.00 273.00 NOTE

Check Details

Version: 1.2.0
Check: installed package size
Result: NOTE
     installed size is 14.1Mb
     sub-directories of 1Mb or more:
     libs 14.0Mb
Flavors: r-devel-linux-x86_64-fedora-clang, r-devel-windows-ix86+x86_64, r-release-macos-x86_64, r-release-windows-ix86+x86_64, r-oldrel-macos-x86_64, r-oldrel-windows-ix86+x86_64