CRAN Package Check Results for Package effects

Last updated on 2014-08-21 03:48:15.

Flavor Version Tinstall Tcheck Ttotal Status Flags
r-devel-linux-x86_64-debian-clang 3.0-1 1.15 33.52 34.66 OK
r-devel-linux-x86_64-debian-gcc 3.0-1 1.19 32.29 33.48 OK
r-devel-linux-x86_64-fedora-clang 3.0-1 69.58 NOTE
r-devel-linux-x86_64-fedora-gcc 3.0-1 64.45 NOTE
r-devel-osx-x86_64-clang 3.0-1 57.98 NOTE
r-devel-windows-ix86+x86_64 3.0-1 4.00 47.00 51.00 OK
r-patched-linux-x86_64 3.0-1 1.16 34.12 35.29 OK
r-patched-solaris-sparc 3.0-1 385.80 OK
r-patched-solaris-x86 3.0-1 89.90 OK
r-release-linux-ix86 3.0-1 1.78 45.38 47.17 OK
r-release-linux-x86_64 3.0-1 1.28 34.02 35.29 OK
r-release-osx-x86_64-mavericks 3.0-1 OK
r-release-osx-x86_64-snowleopard 3.0-1 OK
r-release-windows-ix86+x86_64 3.0-1 4.00 47.00 51.00 OK
r-oldrel-windows-ix86+x86_64 3.0-1 4.00 48.00 52.00 OK

Check Details

Version: 3.0-1
Check: R code for possible problems
Result: NOTE
    mer.to.glm: no visible global function definition for ‘fixef’
    poLCA.to.fake: no visible global function definition for ‘multinom’
Flavors: r-devel-linux-x86_64-fedora-clang, r-devel-linux-x86_64-fedora-gcc, r-devel-osx-x86_64-clang