CRAN Package Check Results for Package effects

Last updated on 2015-01-30 03:49:00.

Flavor Version Tinstall Tcheck Ttotal Status Flags
r-devel-linux-x86_64-debian-clang 3.0-3 4.45 56.21 60.66 NOTE
r-devel-linux-x86_64-debian-gcc 3.0-3 4.37 52.96 57.33 NOTE
r-devel-linux-x86_64-fedora-clang 3.0-3 141.85 NOTE
r-devel-linux-x86_64-fedora-gcc 3.0-3 136.37 NOTE
r-devel-osx-x86_64-clang 3.0-3 122.45 NOTE
r-devel-windows-ix86+x86_64 3.0-3 15.00 77.00 92.00 OK
r-patched-linux-x86_64 3.0-3 5.22 63.52 68.74 OK
r-patched-solaris-sparc 3.0-3 831.70 OK
r-patched-solaris-x86 3.0-3 192.40 OK
r-release-linux-ix86 3.0-3 5.72 74.30 80.02 OK
r-release-linux-x86_64 3.0-3 5.34 62.18 67.51 OK
r-release-osx-x86_64-mavericks 3.0-3 OK
r-release-osx-x86_64-snowleopard 3.0-3 OK
r-release-windows-ix86+x86_64 3.0-3 13.00 98.00 111.00 OK
r-oldrel-windows-ix86+x86_64 3.0-3 16.00 89.00 105.00 OK

Check Details

Version: 3.0-3
Check: S3 generic/method consistency
Result: NOTE
    Found the following apparent S3 methods exported but not registered:
     all.effects
    See section ‘Registering S3 methods’ in the ‘Writing R Extensions’
    manual.
Flavors: r-devel-linux-x86_64-debian-clang, r-devel-linux-x86_64-debian-gcc, r-devel-linux-x86_64-fedora-clang, r-devel-linux-x86_64-fedora-gcc, r-devel-osx-x86_64-clang