CRAN Package Check Results for Package effects

Last updated on 2018-09-19 20:46:25 CEST.

Flavor Version Tinstall Tcheck Ttotal Status Flags
r-devel-linux-x86_64-debian-clang 4.0-3 10.58 162.46 173.04 OK
r-devel-linux-x86_64-debian-gcc 4.0-3 9.15 132.44 141.59 OK
r-devel-linux-x86_64-fedora-clang 4.0-3 229.62 OK
r-devel-linux-x86_64-fedora-gcc 4.0-3 199.07 OK
r-devel-windows-ix86+x86_64 4.0-3 18.00 250.00 268.00 OK
r-patched-linux-x86_64 4.0-3 9.07 141.07 150.14 OK
r-patched-solaris-x86 4.0-3 252.80 OK
r-release-linux-x86_64 4.0-3 8.75 140.90 149.65 OK
r-release-windows-ix86+x86_64 4.0-3 19.00 163.00 182.00 OK
r-release-osx-x86_64 4.0-3 OK
r-oldrel-windows-ix86+x86_64 4.0-2 9.00 179.00 188.00 OK
r-oldrel-osx-x86_64 4.0-3 ERROR

Check Details

Version: 4.0-3
Check: whether package can be installed
Result: ERROR
    Installation failed.
Flavor: r-oldrel-osx-x86_64