CRAN Package Check Results for Package effects

Last updated on 2014-10-31 11:47:21.

Flavor Version Tinstall Tcheck Ttotal Status Flags
r-devel-linux-x86_64-debian-clang 3.0-1 1.10 31.77 32.86 NOTE
r-devel-linux-x86_64-debian-gcc 3.0-1 1.09 30.98 32.07 NOTE
r-devel-linux-x86_64-fedora-clang 3.0-1 66.50 NOTE
r-devel-linux-x86_64-fedora-gcc 3.0-1 65.18 NOTE
r-devel-osx-x86_64-clang 3.0-1 59.85 NOTE
r-devel-windows-ix86+x86_64 3.0-1 4.00 41.00 45.00 NOTE
r-patched-linux-x86_64 3.0-1 1.23 31.70 32.93 NOTE
r-patched-solaris-sparc 3.0-1 396.40 NOTE
r-patched-solaris-x86 3.0-1 86.40 NOTE
r-release-linux-ix86 3.0-1 1.72 45.40 47.12 OK
r-release-linux-x86_64 3.0-1 1.33 34.79 36.12 OK
r-release-osx-x86_64-mavericks 3.0-1 OK
r-release-osx-x86_64-snowleopard 3.0-1 OK
r-release-windows-ix86+x86_64 3.0-1 5.00 49.00 54.00 OK
r-oldrel-windows-ix86+x86_64 3.0-1 5.00 49.00 54.00 OK

Check Details

Version: 3.0-1
Check: R code for possible problems
Result: NOTE
    mer.to.glm: no visible global function definition for ‘fixef’
    poLCA.to.fake: no visible global function definition for ‘multinom’
Flavors: r-devel-linux-x86_64-debian-clang, r-devel-linux-x86_64-debian-gcc, r-devel-linux-x86_64-fedora-clang, r-devel-linux-x86_64-fedora-gcc, r-devel-osx-x86_64-clang, r-devel-windows-ix86+x86_64, r-patched-linux-x86_64, r-patched-solaris-sparc, r-patched-solaris-x86