CRAN Package Check Results for Package effects

Last updated on 2014-04-23 07:54:58.

Flavor Version Tinstall Tcheck Ttotal Status Flags
r-devel-linux-x86_64-debian-clang 3.0-0 1.37 35.96 37.32 OK
r-devel-linux-x86_64-debian-gcc 3.0-0 1.22 35.60 36.82 OK
r-devel-linux-x86_64-fedora-clang 3.0-0 75.66 OK
r-devel-linux-x86_64-fedora-gcc 3.0-0 71.75 OK
r-devel-osx-x86_64-clang 3.0-0 58.77 OK
r-devel-osx-x86_64-gcc 3.0-0 NOTE
r-devel-windows-ix86+x86_64 3.0-0 4.00 48.00 52.00 OK
r-patched-linux-x86_64 3.0-0 1.32 35.71 37.03 OK
r-patched-solaris-sparc 3.0-0 390.40 OK
r-patched-solaris-x86 3.0-0 92.10 OK
r-release-linux-ix86 3.0-0 2.00 59.00 61.00 OK
r-release-linux-x86_64 3.0-0 1.24 35.87 37.11 OK
r-release-osx-x86_64-mavericks 3.0-0 WARN
r-release-osx-x86_64-snowleopard 3.0-0 OK
r-release-windows-ix86+x86_64 3.0-0 5.00 51.00 56.00 OK
r-oldrel-windows-ix86+x86_64 3.0-0 6.00 50.00 56.00 OK

Check Details

Version: 3.0-0
Check: package dependencies
Result: NOTE
    Packages suggested but not available for checking: ‘lme4’ ‘heplots’
Flavor: r-devel-osx-x86_64-gcc

Version: 3.0-0
Check: package dependencies
Result: NOTE
    Package suggested but not available for checking: ‘lme4’
Flavor: r-release-osx-x86_64-mavericks

Version: 3.0-0
Check: PDF version of manual
Result: WARNING
    LaTeX errors when creating PDF version.
    This typically indicates Rd problems.
    LaTeX errors found:
    ! LaTeX Error: File `upquote.sty' not found.
    
    Type X to quit or <RETURN> to proceed,
    or enter new name. (Default extension: sty)
    
    1c288c4/Rd2.tex:8: ==> Fatal error occurred, no output PDF file produced!
Flavor: r-release-osx-x86_64-mavericks