CRAN Package Check Results for Package effects

Last updated on 2014-09-01 21:48:49.

Flavor Version Tinstall Tcheck Ttotal Status Flags
r-devel-linux-x86_64-debian-clang 3.0-1 1.24 30.23 31.47 NOTE
r-devel-linux-x86_64-debian-gcc 3.0-1 1.12 30.24 31.36 NOTE
r-devel-linux-x86_64-fedora-clang 3.0-1 68.24 NOTE
r-devel-linux-x86_64-fedora-gcc 3.0-1 63.30 NOTE
r-devel-osx-x86_64-clang 3.0-1 55.86 NOTE
r-devel-windows-ix86+x86_64 3.0-1 4.00 45.00 49.00 NOTE
r-patched-linux-x86_64 3.0-1 1.24 34.06 35.30 OK
r-patched-solaris-sparc 3.0-1 385.80 OK
r-patched-solaris-x86 3.0-1 91.10 OK
r-release-linux-ix86 3.0-1 1.76 45.01 46.77 OK
r-release-linux-x86_64 3.0-1 1.19 35.63 36.82 OK
r-release-osx-x86_64-mavericks 3.0-1 OK
r-release-osx-x86_64-snowleopard 3.0-1 OK
r-release-windows-ix86+x86_64 3.0-1 4.00 53.00 57.00 OK
r-oldrel-windows-ix86+x86_64 3.0-1 5.00 54.00 59.00 OK

Check Details

Version: 3.0-1
Check: R code for possible problems
Result: NOTE
    mer.to.glm: no visible global function definition for ‘fixef’
    poLCA.to.fake: no visible global function definition for ‘multinom’
Flavors: r-devel-linux-x86_64-debian-clang, r-devel-linux-x86_64-debian-gcc, r-devel-linux-x86_64-fedora-clang, r-devel-linux-x86_64-fedora-gcc, r-devel-osx-x86_64-clang, r-devel-windows-ix86+x86_64