CRAN Package Check Results for Package effects

Last updated on 2014-11-23 03:47:57.

Flavor Version Tinstall Tcheck Ttotal Status Flags
r-devel-linux-x86_64-debian-clang 3.0-1 1.11 30.47 31.58 NOTE
r-devel-linux-x86_64-debian-gcc 3.0-1 1.08 29.70 30.78 NOTE
r-devel-linux-x86_64-fedora-clang 3.0-1 65.51 NOTE
r-devel-linux-x86_64-fedora-gcc 3.0-1 62.48 NOTE
r-devel-osx-x86_64-clang 3.0-1 60.75 NOTE
r-devel-windows-ix86+x86_64 3.0-1 4.00 42.00 46.00 NOTE
r-patched-linux-x86_64 3.0-1 1.14 31.36 32.50 NOTE
r-patched-solaris-sparc 3.0-1 396.40 NOTE
r-patched-solaris-x86 3.0-1 83.90 NOTE
r-release-linux-ix86 3.0-1 1.60 40.54 42.14 NOTE
r-release-linux-x86_64 3.0-1 1.22 31.58 32.80 NOTE
r-release-osx-x86_64-mavericks 3.0-1 OK
r-release-osx-x86_64-snowleopard 3.0-1 OK
r-release-windows-ix86+x86_64 3.0-1 6.00 44.00 50.00 NOTE
r-oldrel-windows-ix86+x86_64 3.0-1 5.00 49.00 54.00 OK

Check Details

Version: 3.0-1
Check: R code for possible problems
Result: NOTE
    mer.to.glm: no visible global function definition for ‘fixef’
    poLCA.to.fake: no visible global function definition for ‘multinom’
Flavors: r-devel-linux-x86_64-debian-clang, r-devel-linux-x86_64-debian-gcc, r-devel-linux-x86_64-fedora-clang, r-devel-linux-x86_64-fedora-gcc, r-devel-osx-x86_64-clang, r-devel-windows-ix86+x86_64, r-patched-linux-x86_64, r-patched-solaris-sparc, r-patched-solaris-x86, r-release-linux-ix86, r-release-linux-x86_64, r-release-windows-ix86+x86_64