CRAN Package Check Results for Package effects

Last updated on 2015-05-28 19:47:16.

Flavor Version Tinstall Tcheck Ttotal Status Flags
r-devel-linux-x86_64-debian-clang 3.0-3 3.76 51.14 54.90 NOTE
r-devel-linux-x86_64-debian-gcc 3.0-3 3.62 49.72 53.34 NOTE
r-devel-linux-x86_64-fedora-clang 3.0-3 112.49 NOTE
r-devel-linux-x86_64-fedora-gcc 3.0-3 105.21 NOTE
r-devel-osx-x86_64-clang 3.0-3 93.15 NOTE
r-devel-windows-ix86+x86_64 3.0-3 10.00 76.00 86.00 OK
r-patched-linux-x86_64 3.0-3 3.61 49.08 52.69 NOTE
r-patched-solaris-sparc 3.0-3 654.40 NOTE
r-patched-solaris-x86 3.0-3 146.10 NOTE
r-release-linux-x86_64 3.0-3 3.62 49.47 53.09 NOTE
r-release-osx-x86_64-mavericks 3.0-3 NOTE
r-release-osx-x86_64-snowleopard 3.0-3 NOTE
r-release-windows-ix86+x86_64 3.0-3 9.00 66.00 75.00 OK
r-oldrel-windows-ix86+x86_64 3.0-3 14.00 85.00 99.00 OK

Check Details

Version: 3.0-3
Check: S3 generic/method consistency
Result: NOTE
    Found the following apparent S3 methods exported but not registered:
     all.effects
    See section ‘Registering S3 methods’ in the ‘Writing R Extensions’
    manual.
Flavors: r-devel-linux-x86_64-debian-clang, r-devel-linux-x86_64-debian-gcc, r-devel-linux-x86_64-fedora-clang, r-devel-linux-x86_64-fedora-gcc, r-devel-osx-x86_64-clang, r-patched-linux-x86_64, r-patched-solaris-sparc, r-patched-solaris-x86, r-release-linux-x86_64

Version: 3.0-3
Check: package dependencies
Result: NOTE
    Package suggested but not available for checking: ‘heplots’
Flavors: r-release-osx-x86_64-mavericks, r-release-osx-x86_64-snowleopard