CRAN Package Check Results for Package effects

Last updated on 2018-06-23 20:46:28 CEST.

Flavor Version Tinstall Tcheck Ttotal Status Flags
r-devel-linux-x86_64-debian-clang 4.0-2 10.19 164.24 174.43 OK
r-devel-linux-x86_64-debian-gcc 4.0-2 8.88 132.94 141.82 OK
r-devel-linux-x86_64-fedora-clang 4.0-2 120.50 OK
r-devel-linux-x86_64-fedora-gcc 4.0-2 115.43 OK
r-devel-windows-ix86+x86_64 4.0-2 25.00 195.00 220.00 WARN
r-patched-linux-x86_64 4.0-2 9.28 145.87 155.15 OK
r-patched-solaris-x86 4.0-2 226.90 OK
r-release-linux-x86_64 4.0-2 10.79 141.98 152.77 OK
r-release-windows-ix86+x86_64 4.0-2 21.00 155.00 176.00 OK
r-release-osx-x86_64 4.0-2 OK
r-oldrel-windows-ix86+x86_64 4.0-2 16.00 237.00 253.00 OK
r-oldrel-osx-x86_64 4.0-1 OK

Check Details

Version: 4.0-2
Check: re-building of vignette outputs
Result: WARN
    Error in re-building vignettes:
     ...
    Warning in block_exec(params) :
     failed to tidy R code in chunk <unnamed-chunk-2>
    reason: Error in loadNamespace(name) : there is no package called 'formatR'
    
    Warning in system(paste(shQuote(texi2dvi), if (quiet) "--quiet" else "", :
     running command '"D:\compiler\texmf\miktex\bin\texify.exe" --quiet --pdf "effectsMethods.tex" --max-iterations=20 -I "D:/RCompile/recent/R/share/texmf/tex/latex" -I "D:/RCompile/recent/R/share/texmf/bibtex/bst"' had status 1
    Error in find_vignette_product(name, by = "texi2pdf", engine = engine) :
     Failed to locate the 'texi2pdf' output file (by engine 'knitr::knitr') for vignette with name 'effectsMethods'. The following files exist in directory '.': 'effectsMethods.R', 'effectsMethods.Rnw', 'effectsMethods.bib', 'effectsMethods.tex', 'partial-residuals.Rnw', 'partial-residuals.bib'
    Calls: buildVignettes -> find_vignette_product
    Execution halted
Flavor: r-devel-windows-ix86+x86_64