CRAN Package Check Results for Package effects

Last updated on 2015-04-18 03:50:13.

Flavor Version Tinstall Tcheck Ttotal Status Flags
r-devel-linux-x86_64-debian-clang 3.0-3 3.78 51.51 55.28 NOTE
r-devel-linux-x86_64-debian-gcc 3.0-3 3.69 52.14 55.82 NOTE
r-devel-linux-x86_64-fedora-clang 3.0-3 111.75 NOTE
r-devel-linux-x86_64-fedora-gcc 3.0-3 105.28 NOTE
r-devel-osx-x86_64-clang 3.0-3 93.94 NOTE
r-prerel-windows-ix86+x86_64 3.0-3 10.00 72.00 82.00 OK
r-prerel-linux-x86_64 3.0-3 3.66 50.00 53.65 NOTE
r-prerel-solaris-sparc 3.0-3 747.20 OK
r-prerel-solaris-x86 3.0-3 140.40 OK
r-release-linux-x86_64 3.0-3 5.33 63.17 68.50 OK
r-release-osx-x86_64-mavericks 3.0-3 OK
r-release-osx-x86_64-snowleopard 3.0-3 OK
r-release-windows-ix86+x86_64 3.0-3 18.00 122.00 140.00 OK
r-oldrel-windows-ix86+x86_64 3.0-3 18.00 119.00 137.00 OK

Check Details

Version: 3.0-3
Check: S3 generic/method consistency
Result: NOTE
    Found the following apparent S3 methods exported but not registered:
     all.effects
    See section ‘Registering S3 methods’ in the ‘Writing R Extensions’
    manual.
Flavors: r-devel-linux-x86_64-debian-clang, r-devel-linux-x86_64-debian-gcc, r-devel-linux-x86_64-fedora-clang, r-devel-linux-x86_64-fedora-gcc, r-devel-osx-x86_64-clang, r-prerel-linux-x86_64