CRAN Package Check Results for Package effects

Last updated on 2015-03-06 14:46:54.

Flavor Version Tinstall Tcheck Ttotal Status Flags
r-devel-linux-x86_64-debian-clang 3.0-3 3.95 55.26 59.21 NOTE
r-devel-linux-x86_64-debian-gcc 3.0-3 3.75 54.26 58.02 NOTE
r-devel-linux-x86_64-fedora-clang 3.0-3 112.78 NOTE
r-devel-linux-x86_64-fedora-gcc 3.0-3 109.06 NOTE
r-devel-osx-x86_64-clang 3.0-3 116.29 NOTE
r-devel-windows-ix86+x86_64 3.0-3 11.00 69.00 80.00 OK
r-patched-linux-x86_64 3.0-3 5.93 68.58 74.52 OK
r-patched-solaris-sparc 3.0-3 863.80 OK
r-patched-solaris-x86 3.0-3 193.50 OK
r-release-linux-ix86 3.0-3 6.34 75.29 81.63 OK
r-release-linux-x86_64 3.0-3 5.71 68.49 74.20 OK
r-release-osx-x86_64-mavericks 3.0-3 OK
r-release-osx-x86_64-snowleopard 3.0-3 OK
r-release-windows-ix86+x86_64 3.0-3 15.00 105.00 120.00 OK
r-oldrel-windows-ix86+x86_64 3.0-3 14.00 92.00 106.00 OK

Check Details

Version: 3.0-3
Check: S3 generic/method consistency
Result: NOTE
    Found the following apparent S3 methods exported but not registered:
     all.effects
    See section ‘Registering S3 methods’ in the ‘Writing R Extensions’
    manual.
Flavors: r-devel-linux-x86_64-debian-clang, r-devel-linux-x86_64-debian-gcc, r-devel-linux-x86_64-fedora-clang, r-devel-linux-x86_64-fedora-gcc, r-devel-osx-x86_64-clang