CRAN Package Check Results for Package effects

Last updated on 2016-04-29 19:49:45.

Flavor Version Tinstall Tcheck Ttotal Status Flags
r-devel-linux-x86_64-debian-gcc 3.1-1 3.32 56.31 59.63 OK
r-devel-linux-x86_64-fedora-clang 3.1-1 119.11 OK
r-devel-linux-x86_64-fedora-gcc 3.1-1 110.13 OK
r-devel-osx-x86_64-clang 3.1-1 126.11 OK
r-devel-windows-ix86+x86_64 3.1-1 8.00 100.00 108.00 OK
r-patched-linux-x86_64 3.1-1 3.54 56.60 60.14 OK
r-patched-solaris-sparc 3.1-1 688.00 OK
r-patched-solaris-x86 3.1-1 145.20 OK
r-release-linux-x86_64 3.1-1 4.10 60.84 64.93 OK
r-release-osx-x86_64-mavericks 3.1-1 OK
r-release-windows-ix86+x86_64 3.1-1 10.00 91.00 101.00 OK
r-oldrel-windows-ix86+x86_64 3.1-0 7.00 2.00 9.00 ERROR

Check Details

Version: 3.1-0
Check: whether package can be installed
Result: ERROR
    Installation failed.
Flavor: r-oldrel-windows-ix86+x86_64