CRAN Package Check Results for Package effectsize

Last updated on 2020-02-18 20:51:39 CET.

Flavor Version Tinstall Tcheck Ttotal Status Flags
r-devel-linux-x86_64-debian-clang 0.1.1 8.35 77.71 86.06 NOTE
r-devel-linux-x86_64-debian-gcc 0.1.1 6.98 59.22 66.20 OK
r-devel-linux-x86_64-fedora-clang 0.1.1 105.02 OK
r-devel-linux-x86_64-fedora-gcc 0.1.1 101.81 OK
r-devel-windows-ix86+x86_64 0.1.1 13.00 87.00 100.00 OK
r-devel-windows-ix86+x86_64-gcc8 0.1.1 18.00 140.00 158.00 OK
r-patched-linux-x86_64 0.1.1 7.18 68.44 75.62 OK
r-patched-solaris-x86 0.1.1 122.70 OK
r-release-linux-x86_64 0.1.1 7.91 68.60 76.51 OK
r-release-windows-ix86+x86_64 0.1.1 11.00 85.00 96.00 OK
r-release-osx-x86_64 0.1.1 OK
r-oldrel-windows-ix86+x86_64 0.1.1 12.00 75.00 87.00 OK
r-oldrel-osx-x86_64 0.1.1 OK

Check Details

Version: 0.1.1
Check: package dependencies
Result: NOTE
    Package suggested but not available for checking: 'afex'
Flavor: r-devel-linux-x86_64-debian-clang