CRAN Package Check Results for Package eggCounts

Last updated on 2017-12-16 01:56:05 CET.

Flavor Version Tinstall Tcheck Ttotal Status Flags
r-devel-linux-x86_64-debian-clang 1.4 174.84 71.67 246.51 OK
r-devel-linux-x86_64-debian-gcc 1.4 139.77 59.05 198.82 OK
r-devel-linux-x86_64-fedora-clang 1.4 325.18 NOTE
r-devel-linux-x86_64-fedora-gcc 1.4 308.02 NOTE
r-devel-windows-ix86+x86_64 1.4 250.00 124.00 374.00 NOTE
r-patched-linux-x86_64 1.4 155.91 75.17 231.08 OK
r-patched-solaris-x86 1.4 301.50 OK
r-release-linux-x86_64 1.4 146.57 74.50 221.07 OK
r-release-windows-ix86+x86_64 1.4 270.00 128.00 398.00 NOTE
r-release-osx-x86_64 1.4 NOTE
r-oldrel-windows-ix86+x86_64 1.4 289.00 117.00 406.00 NOTE
r-oldrel-osx-x86_64 1.4 NOTE

Check Details

Version: 1.4
Check: installed package size
Result: NOTE
     installed size is 44.7Mb
     sub-directories of 1Mb or more:
     libs 44.4Mb
Flavors: r-devel-linux-x86_64-fedora-clang, r-devel-linux-x86_64-fedora-gcc, r-devel-windows-ix86+x86_64, r-release-windows-ix86+x86_64, r-release-osx-x86_64, r-oldrel-windows-ix86+x86_64, r-oldrel-osx-x86_64