CRAN Package Check Results for Package eggCounts

Last updated on 2017-01-24 17:50:25.

Flavor Version Tinstall Tcheck Ttotal Status Flags
r-devel-linux-x86_64-debian-clang 1.2 117.48 45.31 162.79 OK
r-devel-linux-x86_64-debian-gcc 1.2 106.04 44.53 150.57 OK
r-devel-linux-x86_64-fedora-clang 1.2 304.66 NOTE --no-stop-on-test-error
r-devel-linux-x86_64-fedora-gcc 1.2 296.15 NOTE --no-stop-on-test-error
r-devel-macos-x86_64-clang 1.2 204.74 NOTE --no-stop-on-test-error
r-devel-windows-ix86+x86_64 1.2 334.00 137.00 471.00 NOTE
r-patched-linux-x86_64 1.2 100.89 39.15 140.04 OK
r-patched-solaris-sparc 1.2 1287.90 OK
r-patched-solaris-x86 1.2 276.50 OK
r-release-linux-x86_64 1.2 101.23 39.47 140.70 OK
r-release-osx-x86_64-mavericks 1.2 NOTE
r-release-windows-ix86+x86_64 1.2 318.00 123.00 441.00 NOTE
r-oldrel-windows-ix86+x86_64 1.2 97.00 3.00 100.00 ERROR

Check Details

Version: 1.2
Flags: --no-stop-on-test-error
Check: installed package size
Result: NOTE
     installed size is 41.2Mb
     sub-directories of 1Mb or more:
     libs 40.9Mb
Flavors: r-devel-linux-x86_64-fedora-clang, r-devel-linux-x86_64-fedora-gcc, r-devel-macos-x86_64-clang

Version: 1.2
Check: installed package size
Result: NOTE
     installed size is 7.0Mb
     sub-directories of 1Mb or more:
     libs 6.8Mb
Flavors: r-devel-windows-ix86+x86_64, r-release-osx-x86_64-mavericks, r-release-windows-ix86+x86_64

Version: 1.2
Check: whether package can be installed
Result: ERROR
    Installation failed.
Flavor: r-oldrel-windows-ix86+x86_64