CRAN Package Check Results for Package eggCounts

Last updated on 2018-05-23 08:48:46 CEST.

Flavor Version Tinstall Tcheck Ttotal Status Flags
r-devel-linux-x86_64-debian-clang 2.0 215.56 94.88 310.44 NOTE
r-devel-linux-x86_64-debian-gcc 2.0 0.37 1.76 2.13 ERROR
r-devel-linux-x86_64-fedora-clang 2.0 426.68 NOTE
r-devel-linux-x86_64-fedora-gcc 2.0 414.57 NOTE
r-devel-windows-ix86+x86_64 2.0 317.00 244.00 561.00 NOTE
r-patched-linux-x86_64 2.0 185.92 82.79 268.71 NOTE
r-patched-solaris-x86 2.0 355.20 NOTE
r-release-linux-x86_64 2.0 171.39 83.74 255.13 NOTE
r-release-windows-ix86+x86_64 2.0 433.00 197.00 630.00 NOTE
r-release-osx-x86_64 2.0 NOTE
r-oldrel-windows-ix86+x86_64 2.0 434.00 212.00 646.00 NOTE
r-oldrel-osx-x86_64 1.4 NOTE

Check Details

Version: 2.0
Check: package dependencies
Result: NOTE
    Package suggested but not available for checking: ‘eggCountsExtra’
Flavors: r-devel-linux-x86_64-debian-clang, r-devel-linux-x86_64-fedora-clang, r-devel-linux-x86_64-fedora-gcc, r-devel-windows-ix86+x86_64, r-patched-linux-x86_64, r-patched-solaris-x86, r-release-linux-x86_64, r-release-windows-ix86+x86_64, r-release-osx-x86_64, r-oldrel-windows-ix86+x86_64

Version: 2.0
Check: package dependencies
Result: ERROR
    Package required but not available: ‘rstan’
    
    Package suggested but not available for checking: ‘eggCountsExtra’
    
    See section ‘The DESCRIPTION file’ in the ‘Writing R Extensions’
    manual.
Flavor: r-devel-linux-x86_64-debian-gcc

Version: 2.0
Check: installed package size
Result: NOTE
     installed size is 53.9Mb
     sub-directories of 1Mb or more:
     libs 53.2Mb
Flavors: r-devel-linux-x86_64-fedora-clang, r-devel-linux-x86_64-fedora-gcc, r-devel-windows-ix86+x86_64, r-patched-solaris-x86, r-release-windows-ix86+x86_64, r-release-osx-x86_64, r-oldrel-windows-ix86+x86_64

Version: 1.4
Check: installed package size
Result: NOTE
     installed size is 44.0Mb
     sub-directories of 1Mb or more:
     libs 43.8Mb
Flavor: r-oldrel-osx-x86_64