CRAN Package Check Results for Package eggCounts

Last updated on 2017-02-22 13:50:40.

Flavor Version Tinstall Tcheck Ttotal Status Flags
r-devel-linux-x86_64-debian-clang 1.3 121.59 45.46 167.04 NOTE
r-devel-linux-x86_64-debian-gcc 1.3 107.96 45.22 153.19 NOTE
r-devel-linux-x86_64-fedora-clang 1.3 302.17 NOTE --no-stop-on-test-error
r-devel-linux-x86_64-fedora-gcc 1.3 288.82 NOTE --no-stop-on-test-error
r-devel-macos-x86_64-clang 1.3 225.67 NOTE --no-stop-on-test-error
r-devel-windows-ix86+x86_64 1.3 341.00 176.00 517.00 NOTE
r-patched-linux-x86_64 1.3 102.72 39.69 142.42 OK
r-patched-solaris-sparc 1.3 1160.30 OK
r-patched-solaris-x86 1.3 276.00 OK
r-release-linux-x86_64 1.3 101.21 39.93 141.14 OK
r-release-osx-x86_64-mavericks 1.3 NOTE
r-release-windows-ix86+x86_64 1.3 406.00 127.00 533.00 NOTE
r-oldrel-windows-ix86+x86_64 1.3 78.00 3.00 81.00 ERROR

Check Details

Version: 1.3
Check: compiled code
Result: NOTE
    File ‘eggCounts/libs/eggCounts.so’:
     Found no calls to: ‘R_registerRoutines’, ‘R_useDynamicSymbols’
    
    It is good practice to register native routines and to disable symbol
    search.
    
    See ‘Writing portable packages’ in the ‘Writing R Extensions’ manual.
Flavors: r-devel-linux-x86_64-debian-clang, r-devel-linux-x86_64-debian-gcc

Version: 1.3
Flags: --no-stop-on-test-error
Check: installed package size
Result: NOTE
     installed size is 41.2Mb
     sub-directories of 1Mb or more:
     libs 40.9Mb
Flavors: r-devel-linux-x86_64-fedora-clang, r-devel-linux-x86_64-fedora-gcc, r-devel-macos-x86_64-clang

Version: 1.3
Flags: --no-stop-on-test-error
Check: compiled code
Result: NOTE
    File ‘eggCounts/libs/eggCounts.so’:
     Found no calls to: ‘R_registerRoutines’, ‘R_useDynamicSymbols’
    
    It is good practice to register native routines and to disable symbol
    search.
    
    See ‘Writing portable packages’ in the ‘Writing R Extensions’ manual.
Flavors: r-devel-linux-x86_64-fedora-clang, r-devel-linux-x86_64-fedora-gcc, r-devel-macos-x86_64-clang

Version: 1.3
Check: installed package size
Result: NOTE
     installed size is 7.1Mb
     sub-directories of 1Mb or more:
     libs 6.9Mb
Flavors: r-devel-windows-ix86+x86_64, r-release-osx-x86_64-mavericks, r-release-windows-ix86+x86_64

Version: 1.3
Check: whether package can be installed
Result: ERROR
    Installation failed.
Flavor: r-oldrel-windows-ix86+x86_64