CRAN Package Check Results for Package eggCounts

Last updated on 2017-08-20 13:46:48.

Flavor Version Tinstall Tcheck Ttotal Status Flags
r-devel-linux-x86_64-debian-clang 1.4 129.35 46.71 176.06 OK
r-devel-linux-x86_64-debian-gcc 1.4 121.26 46.81 168.07 OK
r-devel-linux-x86_64-fedora-clang 1.4 341.65 NOTE
r-devel-linux-x86_64-fedora-gcc 1.4 327.13 NOTE
r-devel-windows-ix86+x86_64 1.4 279.00 135.00 414.00 NOTE
r-patched-linux-x86_64 1.4 117.14 47.08 164.22 OK
r-patched-solaris-x86 1.4 309.20 OK
r-release-linux-x86_64 1.4 116.75 46.95 163.70 OK
r-release-windows-ix86+x86_64 1.4 359.00 134.00 493.00 NOTE
r-release-osx-x86_64 1.4 NOTE
r-oldrel-windows-ix86+x86_64 1.4 276.00 120.00 396.00 NOTE
r-oldrel-osx-x86_64 1.4 NOTE

Check Details

Version: 1.4
Check: installed package size
Result: NOTE
     installed size is 44.8Mb
     sub-directories of 1Mb or more:
     libs 44.5Mb
Flavors: r-devel-linux-x86_64-fedora-clang, r-devel-linux-x86_64-fedora-gcc, r-devel-windows-ix86+x86_64, r-release-windows-ix86+x86_64, r-release-osx-x86_64, r-oldrel-windows-ix86+x86_64, r-oldrel-osx-x86_64