CRAN Package Check Results for Package eggCounts

Last updated on 2017-04-29 08:48:45.

Flavor Version Tinstall Tcheck Ttotal Status Flags
r-devel-linux-x86_64-debian-clang 1.3 111.84 46.05 157.90 NOTE
r-devel-linux-x86_64-debian-gcc 1.3 109.10 45.18 154.28 NOTE
r-devel-linux-x86_64-fedora-clang 1.3 323.32 NOTE --no-stop-on-test-error
r-devel-linux-x86_64-fedora-gcc 1.3 290.76 NOTE --no-stop-on-test-error
r-devel-windows-ix86+x86_64 1.3 349.00 176.00 525.00 NOTE
r-patched-linux-x86_64 1.3 103.08 45.84 148.92 NOTE
r-patched-solaris-sparc 1.3 1377.20 OK
r-patched-solaris-x86 1.3 300.50 OK
r-release-linux-x86_64 1.3 103.70 45.53 149.23 NOTE
r-release-windows-ix86+x86_64 1.3 337.00 179.00 516.00 NOTE
r-release-osx-x86_64 1.3 NOTE
r-oldrel-windows-ix86+x86_64 1.3 354.00 158.00 512.00 NOTE
r-oldrel-osx-x86_64 1.3 NOTE

Check Details

Version: 1.3
Check: compiled code
Result: NOTE
    File ‘eggCounts/libs/eggCounts.so’:
     Found no calls to: ‘R_registerRoutines’, ‘R_useDynamicSymbols’
    
    It is good practice to register native routines and to disable symbol
    search.
    
    See ‘Writing portable packages’ in the ‘Writing R Extensions’ manual.
Flavors: r-devel-linux-x86_64-debian-clang, r-devel-linux-x86_64-debian-gcc, r-patched-linux-x86_64, r-release-linux-x86_64

Version: 1.3
Flags: --no-stop-on-test-error
Check: installed package size
Result: NOTE
     installed size is 43.2Mb
     sub-directories of 1Mb or more:
     libs 42.9Mb
Flavors: r-devel-linux-x86_64-fedora-clang, r-devel-linux-x86_64-fedora-gcc

Version: 1.3
Flags: --no-stop-on-test-error
Check: compiled code
Result: NOTE
    File ‘eggCounts/libs/eggCounts.so’:
     Found no calls to: ‘R_registerRoutines’, ‘R_useDynamicSymbols’
    
    It is good practice to register native routines and to disable symbol
    search.
    
    See ‘Writing portable packages’ in the ‘Writing R Extensions’ manual.
Flavors: r-devel-linux-x86_64-fedora-clang, r-devel-linux-x86_64-fedora-gcc

Version: 1.3
Check: installed package size
Result: NOTE
     installed size is 7.2Mb
     sub-directories of 1Mb or more:
     libs 6.9Mb
Flavors: r-devel-windows-ix86+x86_64, r-release-windows-ix86+x86_64, r-release-osx-x86_64, r-oldrel-windows-ix86+x86_64, r-oldrel-osx-x86_64