CRAN Package Check Results for Package eggCounts

Last updated on 2017-03-27 06:48:05.

Flavor Version Tinstall Tcheck Ttotal Status Flags
r-devel-linux-x86_64-debian-clang 1.3 118.57 47.87 166.43 NOTE
r-devel-linux-x86_64-debian-gcc 1.3 105.85 46.47 152.32 NOTE
r-devel-linux-x86_64-fedora-clang 1.3 334.56 NOTE --no-stop-on-test-error
r-devel-linux-x86_64-fedora-gcc 1.3 298.55 NOTE --no-stop-on-test-error
r-devel-macos-x86_64-clang 1.3 204.59 NOTE --no-stop-on-test-error
r-patched-linux-x86_64 1.3 102.53 47.71 150.24 NOTE
r-patched-solaris-sparc 1.3 1377.20 OK
r-patched-solaris-x86 1.3 303.70 OK
r-release-linux-x86_64 1.3 100.24 39.81 140.05 OK
r-release-osx-x86_64-mavericks 1.3 NOTE
r-release-windows-ix86+x86_64 1.3 341.00 127.00 468.00 NOTE
r-oldrel-windows-ix86+x86_64 1.3 65.00 2.00 67.00 ERROR

Check Details

Version: 1.3
Check: compiled code
Result: NOTE
    File ‘eggCounts/libs/eggCounts.so’:
     Found no calls to: ‘R_registerRoutines’, ‘R_useDynamicSymbols’
    
    It is good practice to register native routines and to disable symbol
    search.
    
    See ‘Writing portable packages’ in the ‘Writing R Extensions’ manual.
Flavors: r-devel-linux-x86_64-debian-clang, r-devel-linux-x86_64-debian-gcc, r-patched-linux-x86_64

Version: 1.3
Flags: --no-stop-on-test-error
Check: installed package size
Result: NOTE
     installed size is 42.2Mb
     sub-directories of 1Mb or more:
     libs 41.9Mb
Flavors: r-devel-linux-x86_64-fedora-clang, r-devel-linux-x86_64-fedora-gcc, r-devel-macos-x86_64-clang

Version: 1.3
Flags: --no-stop-on-test-error
Check: compiled code
Result: NOTE
    File ‘eggCounts/libs/eggCounts.so’:
     Found no calls to: ‘R_registerRoutines’, ‘R_useDynamicSymbols’
    
    It is good practice to register native routines and to disable symbol
    search.
    
    See ‘Writing portable packages’ in the ‘Writing R Extensions’ manual.
Flavors: r-devel-linux-x86_64-fedora-clang, r-devel-linux-x86_64-fedora-gcc, r-devel-macos-x86_64-clang

Version: 1.3
Check: installed package size
Result: NOTE
     installed size is 40.8Mb
     sub-directories of 1Mb or more:
     libs 40.6Mb
Flavors: r-release-osx-x86_64-mavericks, r-release-windows-ix86+x86_64

Version: 1.3
Check: whether package can be installed
Result: ERROR
    Installation failed.
Flavor: r-oldrel-windows-ix86+x86_64