CRAN Package Check Results for Package eggCounts

Last updated on 2016-09-25 10:46:49.

Flavor Version Tinstall Tcheck Ttotal Status Flags
r-devel-linux-x86_64-debian-clang 1.1-1 123.57 196.52 320.09 NOTE
r-devel-linux-x86_64-debian-gcc 1.1-1 106.99 195.37 302.36 NOTE
r-devel-linux-x86_64-fedora-clang 1.1-1 579.14 NOTE
r-devel-linux-x86_64-fedora-gcc 1.1-1 580.32 NOTE
r-devel-macos-x86_64-clang 1.1-1 376.61 NOTE
r-devel-windows-ix86+x86_64 1.1-1 224.00 618.00 842.00 WARN
r-patched-linux-x86_64 1.1-1 99.87 179.76 279.63 NOTE
r-patched-solaris-sparc 1.1-1 1131.20 ERROR
r-patched-solaris-x86 1.1-1 484.80 OK
r-release-linux-x86_64 1.1-1 99.91 181.99 281.90 NOTE
r-release-osx-x86_64-mavericks 1.1-1 NOTE
r-release-windows-ix86+x86_64 1.1-1 238.00 443.00 681.00 NOTE
r-oldrel-windows-ix86+x86_64 1.1-1 280.00 413.00 693.00 NOTE

Check Details

Version: 1.1-1
Check: installed package size
Result: NOTE
     installed size is 43.7Mb
     sub-directories of 1Mb or more:
     libs 43.4Mb
Flavors: r-devel-linux-x86_64-debian-clang, r-devel-linux-x86_64-debian-gcc, r-devel-linux-x86_64-fedora-clang, r-devel-linux-x86_64-fedora-gcc, r-devel-macos-x86_64-clang, r-devel-windows-ix86+x86_64, r-patched-linux-x86_64, r-release-linux-x86_64, r-release-osx-x86_64-mavericks, r-release-windows-ix86+x86_64, r-oldrel-windows-ix86+x86_64

Version: 1.1-1
Check: whether package can be installed
Result: WARN
    Found the following significant warnings:
     d:/RCompile/CRANpkg/lib/3.4/BH/include/boost/math/special_functions/detail/bernoulli_details.hpp:127:36: warning: ISO C++ 1998 does not support 'long long' [-Wlong-long]
     d:/RCompile/CRANpkg/lib/3.4/BH/include/boost/math/special_functions/detail/bernoulli_details.hpp:151:9: warning: ISO C++ 1998 does not support 'long long' [-Wlong-long]
Flavor: r-devel-windows-ix86+x86_64

Version: 1.1-1
Check: tests
Result: ERROR
    Running the tests in ‘tests/test.R’ failed.
    Last 13 lines of output:
     rstan_options(auto_write = TRUE)
     options(mc.cores = parallel::detectCores())
     - The compiling time for the first time using non-default priors can be up to 20s.
     > library(testthat)
     > # simulate egg counts
     > set.seed(1)
     > count <- simData1s()
     > counts <- simData2s()
     >
     > # test raw counts and calculated epg result same mcmc samples
     > set.seed(1)
     > t1 <- stan2mcmc(fec_stan(count[,"obs"], rawCounts=FALSE, CF=50, zeroInflation = TRUE, nburnin=10,nsamples=1e3,thinning=1))
     NOTE: 'nburnin' seems low.
Flavor: r-patched-solaris-sparc