CRAN Package Check Results for Package eggCounts

Last updated on 2017-10-21 00:51:40.

Flavor Version Tinstall Tcheck Ttotal Status Flags
r-devel-linux-x86_64-debian-clang 1.4 136.57 45.96 182.53 OK
r-devel-linux-x86_64-debian-gcc 1.4 121.82 48.42 170.24 OK
r-devel-linux-x86_64-fedora-clang 1.4 334.25 NOTE
r-devel-linux-x86_64-fedora-gcc 1.4 344.83 NOTE
r-devel-windows-ix86+x86_64 1.4 277.00 131.00 408.00 NOTE
r-patched-linux-x86_64 1.4 116.96 46.72 163.68 OK
r-patched-solaris-x86 1.4 310.60 OK
r-release-linux-x86_64 1.4 118.15 46.80 164.95 OK
r-release-windows-ix86+x86_64 1.4 365.00 188.00 553.00 NOTE
r-release-osx-x86_64 1.4 NOTE
r-oldrel-windows-ix86+x86_64 1.4 292.00 160.00 452.00 NOTE
r-oldrel-osx-x86_64 1.4 NOTE

Additional issues

rchk

Check Details

Version: 1.4
Check: installed package size
Result: NOTE
     installed size is 44.7Mb
     sub-directories of 1Mb or more:
     libs 44.4Mb
Flavors: r-devel-linux-x86_64-fedora-clang, r-devel-linux-x86_64-fedora-gcc, r-devel-windows-ix86+x86_64, r-release-windows-ix86+x86_64, r-release-osx-x86_64, r-oldrel-windows-ix86+x86_64, r-oldrel-osx-x86_64