CRAN Package Check Results for Package eggCounts

Last updated on 2016-08-24 02:48:23.

Flavor Version Tinstall Tcheck Ttotal Status Flags
r-devel-linux-x86_64-debian-clang 1.1-1 122.92 196.00 318.92 NOTE
r-devel-linux-x86_64-debian-gcc 1.1-1 106.34 195.40 301.75 NOTE
r-devel-linux-x86_64-fedora-clang 1.1-1 568.37 NOTE
r-devel-linux-x86_64-fedora-gcc 1.1-1 564.23 NOTE
r-devel-osx-x86_64-clang 1.1-1 426.15 NOTE
r-devel-windows-ix86+x86_64 1.1-1 312.00 551.00 863.00 NOTE
r-patched-linux-x86_64 1.1-1 99.41 183.59 283.00 NOTE
r-patched-solaris-sparc 1.1-1 1131.20 ERROR
r-patched-solaris-x86 1.1-1 484.00 OK
r-release-linux-x86_64 1.1-1 102.42 180.01 282.43 NOTE
r-release-osx-x86_64-mavericks 1.1-1 NOTE
r-release-windows-ix86+x86_64 1.1-1 302.00 574.00 876.00 NOTE
r-oldrel-windows-ix86+x86_64 1.1-1 265.00 548.00 813.00 NOTE

Check Details

Version: 1.1-1
Check: installed package size
Result: NOTE
     installed size is 43.3Mb
     sub-directories of 1Mb or more:
     libs 43.0Mb
Flavors: r-devel-linux-x86_64-debian-clang, r-devel-linux-x86_64-debian-gcc, r-devel-linux-x86_64-fedora-clang, r-devel-linux-x86_64-fedora-gcc, r-devel-osx-x86_64-clang, r-devel-windows-ix86+x86_64, r-patched-linux-x86_64, r-release-linux-x86_64, r-release-osx-x86_64-mavericks, r-release-windows-ix86+x86_64, r-oldrel-windows-ix86+x86_64

Version: 1.1-1
Check: tests
Result: ERROR
    Running the tests in ‘tests/test.R’ failed.
    Last 13 lines of output:
     rstan_options(auto_write = TRUE)
     options(mc.cores = parallel::detectCores())
     - The compiling time for the first time using non-default priors can be up to 20s.
     > library(testthat)
     > # simulate egg counts
     > set.seed(1)
     > count <- simData1s()
     > counts <- simData2s()
     >
     > # test raw counts and calculated epg result same mcmc samples
     > set.seed(1)
     > t1 <- stan2mcmc(fec_stan(count[,"obs"], rawCounts=FALSE, CF=50, zeroInflation = TRUE, nburnin=10,nsamples=1e3,thinning=1))
     NOTE: 'nburnin' seems low.
Flavor: r-patched-solaris-sparc