CRAN Package Check Results for Package eggCounts

Last updated on 2016-12-03 23:47:37.

Flavor Version Tinstall Tcheck Ttotal Status Flags
r-devel-linux-x86_64-debian-clang 1.2 120.84 46.39 167.23 OK
r-devel-linux-x86_64-debian-gcc 1.2 107.78 45.69 153.47 OK
r-devel-linux-x86_64-fedora-clang 1.2 302.77 NOTE
r-devel-linux-x86_64-fedora-gcc 1.2 300.31 NOTE
r-devel-macos-x86_64-clang 1.2 205.81 NOTE
r-devel-windows-ix86+x86_64 1.2 256.00 146.00 402.00 NOTE
r-patched-linux-x86_64 1.2 95.74 38.93 134.68 OK
r-patched-solaris-sparc 1.2 1229.90 OK
r-patched-solaris-x86 1.2 252.80 OK
r-release-linux-x86_64 1.2 96.98 39.51 136.49 OK
r-release-osx-x86_64-mavericks 1.2 NOTE
r-release-windows-ix86+x86_64 1.2 327.00 95.00 422.00 NOTE
r-oldrel-windows-ix86+x86_64 1.2 89.00 2.00 91.00 ERROR

Check Details

Version: 1.2
Check: installed package size
Result: NOTE
     installed size is 41.1Mb
     sub-directories of 1Mb or more:
     libs 40.8Mb
Flavors: r-devel-linux-x86_64-fedora-clang, r-devel-linux-x86_64-fedora-gcc, r-devel-macos-x86_64-clang, r-devel-windows-ix86+x86_64, r-release-osx-x86_64-mavericks, r-release-windows-ix86+x86_64

Version: 1.2
Check: whether package can be installed
Result: ERROR
    Installation failed.
Flavor: r-oldrel-windows-ix86+x86_64