CRAN Package Check Results for Package eggCounts

Last updated on 2017-06-23 20:48:17.

Flavor Version Tinstall Tcheck Ttotal Status Flags
r-devel-linux-x86_64-debian-clang 1.3 120.38 49.63 170.01 NOTE
r-devel-linux-x86_64-debian-gcc 1.3 113.55 45.97 159.53 NOTE
r-devel-linux-x86_64-fedora-clang 1.3 315.38 NOTE
r-devel-linux-x86_64-fedora-gcc 1.3 312.19 NOTE
r-devel-windows-ix86+x86_64 1.3 355.00 178.00 533.00 NOTE
r-patched-linux-x86_64 1.3 102.97 46.64 149.61 NOTE
r-patched-solaris-sparc 1.3 1377.20 OK
r-patched-solaris-x86 1.3 296.70 OK
r-release-linux-x86_64 1.3 108.24 46.11 154.35 NOTE
r-release-windows-ix86+x86_64 1.3 250.00 188.00 438.00 NOTE
r-release-osx-x86_64 1.3 NOTE
r-oldrel-windows-ix86+x86_64 1.3 345.00 159.00 504.00 NOTE
r-oldrel-osx-x86_64 1.3 NOTE

Check Details

Version: 1.3
Check: compiled code
Result: NOTE
    File ‘eggCounts/libs/eggCounts.so’:
     Found no calls to: ‘R_registerRoutines’, ‘R_useDynamicSymbols’
    
    It is good practice to register native routines and to disable symbol
    search.
    
    See ‘Writing portable packages’ in the ‘Writing R Extensions’ manual.
Flavors: r-devel-linux-x86_64-debian-clang, r-devel-linux-x86_64-debian-gcc, r-devel-linux-x86_64-fedora-clang, r-devel-linux-x86_64-fedora-gcc, r-patched-linux-x86_64, r-release-linux-x86_64

Version: 1.3
Check: installed package size
Result: NOTE
     installed size is 40.2Mb
     sub-directories of 1Mb or more:
     libs 39.9Mb
Flavors: r-devel-linux-x86_64-fedora-clang, r-devel-linux-x86_64-fedora-gcc, r-devel-windows-ix86+x86_64, r-release-windows-ix86+x86_64, r-release-osx-x86_64, r-oldrel-windows-ix86+x86_64, r-oldrel-osx-x86_64