CRAN Package Check Results for Package eggCounts

Last updated on 2015-07-29 08:49:59.

Flavor Version Tinstall Tcheck Ttotal Status Flags
r-devel-linux-x86_64-debian-clang 0.4-1 1.05 34.74 35.79 NOTE
r-devel-linux-x86_64-debian-gcc 0.4-1 1.04 35.00 36.03 NOTE
r-devel-linux-x86_64-fedora-clang 0.4-1 70.38 NOTE
r-devel-linux-x86_64-fedora-gcc 0.4-1 66.88 NOTE
r-devel-osx-x86_64-clang 0.4-1 60.55 OK
r-devel-windows-ix86+x86_64 0.4-1 5.00 56.00 61.00 NOTE
r-patched-linux-x86_64 0.4-1 1.04 33.80 34.84 OK
r-patched-solaris-sparc 0.4-1 458.00 OK
r-patched-solaris-x86 0.4-1 81.40 OK
r-release-linux-x86_64 0.4-1 1.23 33.48 34.71 OK
r-release-osx-x86_64-mavericks 0.4-1 OK
r-release-windows-ix86+x86_64 0.4-1 7.00 82.00 89.00 OK
r-oldrel-windows-ix86+x86_64 0.4-1 8.00 62.00 70.00 OK

Check Details

Version: 0.4-1
Check: R code for possible problems
Result: NOTE
    MH_RW_unif: no visible global function definition for ‘runif’
    MH_RW_unif01: no visible global function definition for ‘runif’
    MHstep: no visible global function definition for ‘runif’
    catchNArgamma: no visible global function definition for ‘rgamma’
    divergenceKL : KL.hg: no visible global function definition for
     ‘dgamma’
    divergenceKL : KL.hg: no visible global function definition for
     ‘dlnorm’
    divergenceKL: no visible global function definition for ‘integrate’
    fecr_mcmc: no visible global function definition for ‘median’
    fecrtCI: no visible global function definition for ‘sd’
    fecrtCI: no visible global function definition for ‘qt’
    fecrtCI: no visible global function definition for ‘var’
    logdgammaMixture: no visible global function definition for ‘dgamma’
    modeCurvature_phi: no visible global function definition for ‘uniroot’
    modeCurvature_psi: no visible global function definition for
     ‘integrate’
    setInitials1: no visible global function definition for ‘rbinom’
    setInitials2: no visible global function definition for ‘rbinom’
    simData1s: no visible global function definition for ‘rgamma’
    simData1s: no visible global function definition for ‘rpois’
    simData2s: no visible global function definition for ‘rgamma’
    simData2s: no visible global function definition for ‘rpois’
    update_Y: no visible global function definition for ‘rpois’
    update_delta_beta: no visible binding for global variable ‘rbeta’
    update_delta_beta: no visible binding for global variable ‘dbeta’
    update_h_gamma: no visible binding for global variable ‘rgamma’
    update_h_gamma: no visible binding for global variable ‘dgamma’
    update_h_kl: no visible binding for global variable ‘rgamma’
    update_h_kl: no visible binding for global variable ‘dgamma’
    update_h_kl: no visible binding for global variable ‘rlnorm’
    update_h_kl: no visible binding for global variable ‘dlnorm’
    update_h_logNormal: no visible binding for global variable ‘rlnorm’
    update_h_logNormal: no visible binding for global variable ‘dlnorm’
    update_phi_gamma: no visible binding for global variable ‘rgamma’
    update_phi_gamma: no visible binding for global variable ‘dgamma’
    update_psi_beta: no visible binding for global variable ‘rbeta’
    update_psi_beta: no visible binding for global variable ‘dbeta’
    update_theta_beta: no visible global function definition for ‘rbeta’
    update_theta_gammaAdd: no visible global function definition for
     ‘dgamma’
    update_theta_gammaAdd: no visible global function definition for
     ‘runif’
    update_theta_gammaMix: no visible global function definition for
     ‘rbinom’
    update_theta_gammaMix : log.post.muiZero: no visible global function
     definition for ‘dgamma’
    update_theta_gammaMix : log.post.muiZero: no visible global function
     definition for ‘dpois’
    update_theta_gammaMix: no visible global function definition for
     ‘runif’
    Undefined global functions or variables:
     dbeta dgamma dlnorm dpois integrate median qt rbeta rbinom rgamma
     rlnorm rpois runif sd uniroot var
    Consider adding
     importFrom("stats", "dbeta", "dgamma", "dlnorm", "dpois", "integrate",
     "median", "qt", "rbeta", "rbinom", "rgamma", "rlnorm",
     "rpois", "runif", "sd", "uniroot", "var")
    to your NAMESPACE.
Flavors: r-devel-linux-x86_64-debian-clang, r-devel-linux-x86_64-debian-gcc, r-devel-linux-x86_64-fedora-clang, r-devel-linux-x86_64-fedora-gcc, r-devel-windows-ix86+x86_64