CRAN Package Check Results for Package egonet

Last updated on 2014-10-23 05:46:40.

Flavor Version Tinstall Tcheck Ttotal Status Flags
r-devel-linux-x86_64-debian-clang 1.2 0.57 11.38 11.95 NOTE
r-devel-linux-x86_64-debian-gcc 1.2 0.58 11.73 12.31 NOTE
r-devel-linux-x86_64-fedora-clang 1.2 21.53 NOTE
r-devel-linux-x86_64-fedora-gcc 1.2 19.94 NOTE
r-devel-osx-x86_64-clang 1.2 27.89 NOTE
r-devel-windows-ix86+x86_64 1.2 2.00 19.00 21.00 NOTE
r-patched-linux-x86_64 1.2 0.58 11.39 11.98 NOTE
r-patched-solaris-sparc 1.2 111.70 NOTE
r-patched-solaris-x86 1.2 31.30 NOTE
r-release-linux-ix86 1.2 0.82 17.24 18.06 NOTE
r-release-linux-x86_64 1.2 0.53 10.92 11.45 NOTE
r-release-osx-x86_64-mavericks 1.2 NOTE
r-release-windows-ix86+x86_64 1.2 2.00 19.00 21.00 NOTE
r-oldrel-windows-ix86+x86_64 1.2 2.00 20.00 22.00 NOTE

Check Details

Version: 1.2
Check: dependencies in R code
Result: NOTE
    'library' or 'require' call to ‘sna’ which was already attached by Depends.
     Please remove these calls from your code.
    See the information on DESCRIPTION files in the chapter ‘Creating R
    packages’ of the ‘Writing R Extensions’ manual.
Flavors: r-devel-linux-x86_64-debian-clang, r-devel-linux-x86_64-debian-gcc, r-devel-linux-x86_64-fedora-clang, r-devel-linux-x86_64-fedora-gcc, r-devel-osx-x86_64-clang, r-devel-windows-ix86+x86_64, r-patched-linux-x86_64, r-patched-solaris-sparc, r-patched-solaris-x86, r-release-linux-ix86, r-release-linux-x86_64, r-release-osx-x86_64-mavericks, r-release-windows-ix86+x86_64, r-oldrel-windows-ix86+x86_64

Version: 1.2
Check: Rd line widths
Result: NOTE
    Rd file 'egonet-package.Rd':
     \examples lines wider than 100 characters:
     #Compute the \code{effsize} and \code{constraint} to the restricted network with "EGO" and nodes with "P" in the name (i.e. the relativ ... [TRUNCATED]
    
    Rd file 'index.egonet.Rd':
     \usage lines wider than 90 characters:
     index.egonet(dat, index = list("effsize", "constraint", "outdegree", "indegree", "efficiency", "hierarchy", "centralization", "gden", " ... [TRUNCATED]
     \examples lines wider than 100 characters:
     index.egonet(egomat,index=c("effsize","constraint","outdegree","indegree","efficiency", "centralization", "gden", "ego.gden", my.outdeg ... [TRUNCATED]
    
    These lines will be truncated in the PDF manual.
Flavors: r-devel-linux-x86_64-debian-clang, r-devel-linux-x86_64-debian-gcc, r-devel-linux-x86_64-fedora-clang, r-devel-linux-x86_64-fedora-gcc, r-patched-linux-x86_64, r-release-linux-x86_64

Version: 1.2
Check: Rd files
Result: NOTE
    prepare_Rd: index.egonet.Rd:29-31: Dropping empty section \details
    prepare_Rd: index.egonet.Rd:32-38: Dropping empty section \value
    prepare_Rd: index.egonet.Rd:45-47: Dropping empty section \note
    prepare_Rd: index.egonet.Rd:39-41: Dropping empty section \references
    prepare_Rd: index.egonet.Rd:51-53: Dropping empty section \seealso
    prepare_Rd: read.egonet.Rd:27-29: Dropping empty section \note
Flavors: r-devel-windows-ix86+x86_64, r-release-windows-ix86+x86_64