CRAN Package Check Results for Package egonet

Last updated on 2017-06-24 20:48:36.

Flavor Version Tinstall Tcheck Ttotal Status Flags
r-devel-linux-x86_64-debian-clang 1.2 0.64 15.23 15.87 NOTE
r-devel-linux-x86_64-debian-gcc 1.2 0.64 14.66 15.30 NOTE
r-devel-linux-x86_64-fedora-clang 1.2 21.90 NOTE
r-devel-linux-x86_64-fedora-gcc 1.2 21.27 NOTE
r-devel-windows-ix86+x86_64 1.2 6.00 38.00 44.00 NOTE
r-patched-linux-x86_64 1.2 0.62 14.37 14.99 NOTE
r-patched-solaris-sparc 1.2 132.10 NOTE
r-patched-solaris-x86 1.2 31.40 NOTE
r-release-linux-x86_64 1.2 0.64 14.93 15.57 NOTE
r-release-windows-ix86+x86_64 1.2 4.00 41.00 45.00 NOTE
r-release-osx-x86_64 1.2 NOTE
r-oldrel-windows-ix86+x86_64 1.2 5.00 38.00 43.00 NOTE
r-oldrel-osx-x86_64 1.2 NOTE

Check Details

Version: 1.2
Check: DESCRIPTION meta-information
Result: NOTE
    Malformed Description field: should contain one or more complete sentences.
Flavors: r-devel-linux-x86_64-debian-clang, r-devel-linux-x86_64-debian-gcc, r-devel-linux-x86_64-fedora-clang, r-devel-linux-x86_64-fedora-gcc, r-devel-windows-ix86+x86_64, r-patched-linux-x86_64, r-patched-solaris-sparc, r-patched-solaris-x86, r-release-linux-x86_64, r-release-windows-ix86+x86_64, r-release-osx-x86_64, r-oldrel-windows-ix86+x86_64, r-oldrel-osx-x86_64

Version: 1.2
Check: dependencies in R code
Result: NOTE
    'library' or 'require' call to ‘sna’ which was already attached by Depends.
     Please remove these calls from your code.
Flavors: r-devel-linux-x86_64-debian-clang, r-devel-linux-x86_64-debian-gcc, r-devel-linux-x86_64-fedora-clang, r-devel-linux-x86_64-fedora-gcc, r-devel-windows-ix86+x86_64, r-patched-linux-x86_64, r-patched-solaris-sparc, r-patched-solaris-x86, r-release-linux-x86_64, r-release-windows-ix86+x86_64, r-release-osx-x86_64, r-oldrel-windows-ix86+x86_64, r-oldrel-osx-x86_64

Version: 1.2
Check: R code for possible problems
Result: NOTE
    read.egonet: no visible global function definition for ‘read.csv’
    Undefined global functions or variables:
     read.csv
    Consider adding
     importFrom("utils", "read.csv")
    to your NAMESPACE file.
Flavors: r-devel-linux-x86_64-debian-clang, r-devel-linux-x86_64-debian-gcc, r-devel-linux-x86_64-fedora-clang, r-devel-linux-x86_64-fedora-gcc, r-devel-windows-ix86+x86_64, r-patched-linux-x86_64, r-patched-solaris-sparc, r-patched-solaris-x86, r-release-linux-x86_64, r-release-windows-ix86+x86_64, r-release-osx-x86_64, r-oldrel-windows-ix86+x86_64, r-oldrel-osx-x86_64

Version: 1.2
Check: Rd line widths
Result: NOTE
    Rd file 'egonet-package.Rd':
     \examples lines wider than 100 characters:
     #Compute the \code{effsize} and \code{constraint} to the restricted network with "EGO" and nodes with "P" in the name (i.e. the relativ ... [TRUNCATED]
    
    Rd file 'index.egonet.Rd':
     \usage lines wider than 90 characters:
     index.egonet(dat, index = list("effsize", "constraint", "outdegree", "indegree", "efficiency", "hierarchy", "centralization", "gden", " ... [TRUNCATED]
     \examples lines wider than 100 characters:
     index.egonet(egomat,index=c("effsize","constraint","outdegree","indegree","efficiency", "centralization", "gden", "ego.gden", my.outdeg ... [TRUNCATED]
    
    These lines will be truncated in the PDF manual.
Flavors: r-devel-linux-x86_64-debian-clang, r-devel-linux-x86_64-debian-gcc, r-devel-linux-x86_64-fedora-clang, r-devel-linux-x86_64-fedora-gcc, r-patched-linux-x86_64, r-release-linux-x86_64

Version: 1.2
Check: Rd files
Result: NOTE
    prepare_Rd: index.egonet.Rd:29-31: Dropping empty section \details
    prepare_Rd: index.egonet.Rd:32-38: Dropping empty section \value
    prepare_Rd: index.egonet.Rd:45-47: Dropping empty section \note
    prepare_Rd: index.egonet.Rd:39-41: Dropping empty section \references
    prepare_Rd: index.egonet.Rd:51-53: Dropping empty section \seealso
    prepare_Rd: read.egonet.Rd:27-29: Dropping empty section \note
Flavors: r-devel-windows-ix86+x86_64, r-release-windows-ix86+x86_64