CRAN Package Check Results for Package eha

Last updated on 2015-04-18 08:48:39.

Flavor Version Tinstall Tcheck Ttotal Status Flags
r-devel-linux-x86_64-debian-clang 2.4-2 11.42 39.75 51.17 NOTE
r-devel-linux-x86_64-debian-gcc 2.4-2 13.58 41.03 54.60 NOTE
r-devel-linux-x86_64-fedora-clang 2.4-2 96.16 NOTE
r-devel-linux-x86_64-fedora-gcc 2.4-2 93.21 NOTE
r-devel-osx-x86_64-clang 2.4-2 90.72 NOTE
r-prerel-windows-ix86+x86_64 2.4-2 73.00 72.00 145.00 NOTE
r-prerel-linux-x86_64 2.4-2 12.89 39.19 52.08 NOTE
r-prerel-solaris-sparc 2.4-2 605.00 NOTE
r-prerel-solaris-x86 2.4-2 116.80 NOTE
r-release-linux-x86_64 2.4-2 14.24 41.90 56.14 NOTE
r-release-osx-x86_64-mavericks 2.4-2 NOTE
r-release-osx-x86_64-snowleopard 2.4-2 OK
r-release-windows-ix86+x86_64 2.4-2 71.00 79.00 150.00 NOTE
r-oldrel-windows-ix86+x86_64 2.4-2 63.00 72.00 135.00 OK

Check Details

Version: 2.4-2
Check: DESCRIPTION meta-information
Result: NOTE
    NeedsCompilation field must take value ‘yes’ or ‘no’
Flavors: r-devel-linux-x86_64-debian-clang, r-devel-linux-x86_64-debian-gcc, r-devel-linux-x86_64-fedora-clang, r-devel-linux-x86_64-fedora-gcc, r-devel-osx-x86_64-clang, r-prerel-windows-ix86+x86_64, r-prerel-linux-x86_64, r-prerel-solaris-sparc, r-prerel-solaris-x86, r-release-linux-x86_64, r-release-osx-x86_64-mavericks, r-release-windows-ix86+x86_64

Version: 2.4-2
Check: S3 generic/method consistency
Result: NOTE
    Found the following apparent S3 methods exported but not registered:
     plot.aftreg
    See section ‘Registering S3 methods’ in the ‘Writing R Extensions’
    manual.
Flavors: r-devel-linux-x86_64-debian-clang, r-devel-linux-x86_64-debian-gcc, r-devel-linux-x86_64-fedora-clang, r-devel-linux-x86_64-fedora-gcc, r-devel-osx-x86_64-clang, r-prerel-linux-x86_64