CRAN Package Check Results for Package eha

Last updated on 2017-03-30 19:47:40.

Flavor Version Tinstall Tcheck Ttotal Status Flags
r-devel-linux-x86_64-debian-clang 2.4-4 16.53 63.31 79.84 NOTE
r-devel-linux-x86_64-debian-gcc 2.4-4 16.57 62.08 78.65 NOTE
r-devel-linux-x86_64-fedora-clang 2.4-4 176.42 NOTE --no-stop-on-test-error
r-devel-linux-x86_64-fedora-gcc 2.4-4 158.91 NOTE --no-stop-on-test-error
r-devel-macos-x86_64-clang 2.4-4 118.46 NOTE --no-stop-on-test-error
r-devel-windows-ix86+x86_64 2.4-4 69.00 138.00 207.00 OK
r-patched-linux-x86_64 2.4-4 15.95 63.39 79.34 NOTE
r-patched-solaris-sparc 2.4-4 941.70 OK
r-release-linux-x86_64 2.4-4 15.26 57.42 72.69 OK
r-release-osx-x86_64-mavericks 2.4-4 OK
r-release-windows-ix86+x86_64 2.4-4 110.00 158.00 268.00 OK
r-oldrel-windows-ix86+x86_64 2.4-4 79.00 187.00 266.00 OK

Check Details

Version: 2.4-4
Check: compiled code
Result: NOTE
    File ‘eha/libs/eha.so’:
     Found no calls to: ‘R_registerRoutines’, ‘R_useDynamicSymbols’
    
    It is good practice to register native routines and to disable symbol
    search.
    
    See ‘Writing portable packages’ in the ‘Writing R Extensions’ manual.
Flavors: r-devel-linux-x86_64-debian-clang, r-devel-linux-x86_64-debian-gcc, r-patched-linux-x86_64

Version: 2.4-4
Flags: --no-stop-on-test-error
Check: compiled code
Result: NOTE
    File ‘eha/libs/eha.so’:
     Found no calls to: ‘R_registerRoutines’, ‘R_useDynamicSymbols’
    
    It is good practice to register native routines and to disable symbol
    search.
    
    See ‘Writing portable packages’ in the ‘Writing R Extensions’ manual.
Flavors: r-devel-linux-x86_64-fedora-clang, r-devel-linux-x86_64-fedora-gcc, r-devel-macos-x86_64-clang