CRAN Package Check Results for Package eiPack

Last updated on 2014-07-26 19:50:21.

Flavor Version Tinstall Tcheck Ttotal Status Flags
r-devel-linux-x86_64-debian-clang 0.1-7 4.55 43.65 48.20 NOTE
r-devel-linux-x86_64-debian-gcc 0.1-7 5.05 42.75 47.80 NOTE
r-devel-linux-x86_64-fedora-clang 0.1-7 111.07 NOTE
r-devel-linux-x86_64-fedora-gcc 0.1-7 103.51 NOTE
r-devel-osx-x86_64-clang 0.1-7 88.06 NOTE
r-devel-windows-ix86+x86_64 0.1-7 15.00 75.00 90.00 NOTE
r-patched-linux-x86_64 0.1-7 5.02 43.03 48.06 NOTE
r-patched-solaris-sparc 0.1-7 581.30 NOTE
r-patched-solaris-x86 0.1-7 138.00 NOTE
r-release-linux-ix86 0.1-7 6.06 53.24 59.30 NOTE
r-release-linux-x86_64 0.1-7 5.00 43.72 48.72 NOTE
r-release-osx-x86_64-mavericks 0.1-7 NOTE
r-release-windows-ix86+x86_64 0.1-7 15.00 76.00 91.00 NOTE
r-oldrel-windows-ix86+x86_64 0.1-7 16.00 78.00 94.00 NOTE

Check Details

Version: 0.1-7
Check: top-level files
Result: NOTE
    File
     LICENSE
    is not mentioned in the DESCRIPTION file.
Flavors: r-devel-linux-x86_64-debian-clang, r-devel-linux-x86_64-debian-gcc, r-devel-linux-x86_64-fedora-clang, r-devel-linux-x86_64-fedora-gcc, r-devel-osx-x86_64-clang, r-devel-windows-ix86+x86_64, r-patched-linux-x86_64, r-patched-solaris-sparc, r-patched-solaris-x86, r-release-linux-ix86, r-release-linux-x86_64, r-release-osx-x86_64-mavericks, r-release-windows-ix86+x86_64, r-oldrel-windows-ix86+x86_64

Version: 0.1-7
Check: dependencies in R code
Result: NOTE
    Packages in Depends field not imported from:
     ‘MASS’ ‘coda’ ‘msm’
     These packages need to be imported from (in the NAMESPACE file)
     for when this namespace is loaded but not attached.
    See the information on DESCRIPTION files in the chapter ‘Creating R
    packages’ of the ‘Writing R Extensions’ manual.
Flavors: r-devel-linux-x86_64-debian-clang, r-devel-linux-x86_64-debian-gcc, r-devel-linux-x86_64-fedora-clang, r-devel-linux-x86_64-fedora-gcc, r-devel-osx-x86_64-clang, r-devel-windows-ix86+x86_64, r-patched-linux-x86_64, r-patched-solaris-sparc, r-patched-solaris-x86, r-release-linux-ix86, r-release-linux-x86_64, r-release-osx-x86_64-mavericks, r-release-windows-ix86+x86_64, r-oldrel-windows-ix86+x86_64

Version: 0.1-7
Check: R code for possible problems
Result: NOTE
    ei.MD.bayes: warning in BayesMDei2(formula, data, total = total,
     lambda1 = lambda1, lambda2 = lambda2, tune.alpha = tune.alpha,
     tune.beta = tune.beta, start.alpha = start.alphas, start.betas =
     start.betas, sample = sample, thin = thin, burnin = burnin, verbose =
     verbose, ret.beta = ret.beta, ret.mcmc = ret.mcmc, usrfun = usrfun):
     partial argument match of 'start.alpha' to 'start.alphas'
    tuneMD: warning in ei.MD.bayes(formula, covariate = covariate, data =
     data, sample = sample, thin = thin, burnin = burnin, tune = tl, ...):
     partial argument match of 'tune' to 'tune.list'
Flavors: r-devel-linux-x86_64-debian-clang, r-devel-linux-x86_64-debian-gcc, r-devel-linux-x86_64-fedora-clang, r-devel-linux-x86_64-fedora-gcc, r-devel-osx-x86_64-clang, r-devel-windows-ix86+x86_64, r-patched-linux-x86_64, r-patched-solaris-sparc, r-patched-solaris-x86, r-release-linux-ix86, r-release-linux-x86_64, r-release-osx-x86_64-mavericks, r-release-windows-ix86+x86_64, r-oldrel-windows-ix86+x86_64

Version: 0.1-7
Check: Rd \usage sections
Result: NOTE
    S3 methods shown with full name in documentation object 'density.plot':
     ‘density.plot’
    
    S3 methods shown with full name in documentation object 'plot.bounds':
     ‘plot.bounds’
    
    The \usage entries for S3 methods should use the \method markup and not
    their full name.
    See the chapter ‘Writing R documentation files’ in the ‘Writing R
    Extensions’ manual.
Flavors: r-devel-linux-x86_64-debian-clang, r-devel-linux-x86_64-debian-gcc, r-devel-linux-x86_64-fedora-clang, r-devel-linux-x86_64-fedora-gcc, r-devel-osx-x86_64-clang, r-devel-windows-ix86+x86_64, r-patched-linux-x86_64, r-patched-solaris-sparc, r-patched-solaris-x86, r-release-linux-ix86, r-release-linux-x86_64, r-release-osx-x86_64-mavericks, r-release-windows-ix86+x86_64, r-oldrel-windows-ix86+x86_64