CRAN Package Check Results for Package eia

Last updated on 2023-09-28 02:00:45 CEST.

Flavor Version Tinstall Tcheck Ttotal Status Flags
r-devel-linux-x86_64-debian-clang 0.3.7 5.95 58.16 64.11 NOTE
r-devel-linux-x86_64-debian-gcc 0.3.7 4.48 44.05 48.53 NOTE
r-devel-linux-x86_64-fedora-clang 0.3.7 77.80 NOTE
r-devel-linux-x86_64-fedora-gcc 0.3.7 86.99 NOTE
r-devel-windows-x86_64 0.3.7 6.00 67.00 73.00 NOTE
r-patched-linux-x86_64 0.3.7 4.01 55.77 59.78 NOTE
r-release-linux-x86_64 0.3.7 4.28 55.88 60.16 NOTE
r-release-macos-arm64 0.3.7 39.00 NOTE
r-release-macos-x86_64 0.3.7 58.00 NOTE
r-release-windows-x86_64 0.3.7 8.00 74.00 82.00 NOTE
r-oldrel-macos-arm64 0.3.7 30.00 NOTE
r-oldrel-macos-x86_64 0.3.7 49.00 NOTE
r-oldrel-windows-x86_64 0.3.7 8.00 74.00 82.00 NOTE

Check Details

Version: 0.3.7
Check: LazyData
Result: NOTE
     'LazyData' is specified without a 'data' directory
Flavors: r-devel-linux-x86_64-debian-clang, r-devel-linux-x86_64-debian-gcc, r-devel-linux-x86_64-fedora-clang, r-devel-linux-x86_64-fedora-gcc, r-devel-windows-x86_64, r-patched-linux-x86_64, r-release-linux-x86_64, r-release-macos-arm64, r-release-macos-x86_64, r-release-windows-x86_64, r-oldrel-macos-arm64, r-oldrel-macos-x86_64, r-oldrel-windows-x86_64