CRAN Package Check Results for Package eicm

Last updated on 2024-02-29 12:54:48 CET.

Flavor Version Tinstall Tcheck Ttotal Status Flags
r-devel-linux-x86_64-debian-clang 1.0.3 9.89 200.86 210.75 OK
r-devel-linux-x86_64-debian-gcc 1.0.3 7.79 149.69 157.48 OK
r-devel-linux-x86_64-fedora-clang 1.0.3 261.29 NOTE
r-devel-linux-x86_64-fedora-gcc 1.0.3 272.59 NOTE
r-devel-windows-x86_64 1.0.3 14.00 310.00 324.00 OK
r-patched-linux-x86_64 1.0.3 10.89 196.16 207.05 OK
r-release-linux-x86_64 1.0.3 9.51 195.88 205.39 OK
r-release-macos-arm64 1.0.3 98.00 OK
r-release-macos-x86_64 1.0.3 308.00 OK
r-release-windows-x86_64 1.0.3 16.00 296.00 312.00 OK
r-oldrel-macos-arm64 1.0.3 85.00 OK
r-oldrel-windows-x86_64 1.0.3 14.00 309.00 323.00 OK

Check Details

Version: 1.0.3
Check: dependencies in R code
Result: NOTE Namespace in Imports field not imported from: ‘snow’ All declared Imports should be used. Flavors: r-devel-linux-x86_64-fedora-clang, r-devel-linux-x86_64-fedora-gcc