CRAN Package Check Results for Package eicm

Last updated on 2020-09-22 06:47:23 CEST.

Flavor Version Tinstall Tcheck Ttotal Status Flags
r-devel-linux-x86_64-debian-clang 1.0.0 8.47 283.10 291.57 OK
r-devel-linux-x86_64-debian-gcc 1.0.0 0.43 2.50 2.93 ERROR
r-devel-linux-x86_64-fedora-clang 1.0.0 352.53 NOTE
r-devel-linux-x86_64-fedora-gcc 1.0.0 348.28 NOTE
r-devel-windows-ix86+x86_64 1.0.0 25.00 451.00 476.00 OK
r-patched-linux-x86_64 1.0.0 8.14 272.53 280.67 OK
r-patched-solaris-x86 1.0.0 615.00 NOTE
r-release-linux-x86_64 1.0.0 9.69 276.23 285.92 OK
r-release-macos-x86_64 1.0.0 NOTE
r-release-windows-ix86+x86_64 1.0.0 25.00 492.00 517.00 OK
r-oldrel-macos-x86_64 1.0.0 NOTE
r-oldrel-windows-ix86+x86_64 1.0.0 19.00 477.00 496.00 OK

Additional issues

valgrind

Check Details

Version: 1.0.0
Check: whether package can be installed
Result: ERROR
    Installation failed.
Flavor: r-devel-linux-x86_64-debian-gcc

Version: 1.0.0
Check: dependencies in R code
Result: NOTE
    Namespace in Imports field not imported from: ‘snow’
     All declared Imports should be used.
Flavors: r-devel-linux-x86_64-fedora-clang, r-devel-linux-x86_64-fedora-gcc, r-patched-solaris-x86, r-release-macos-x86_64, r-oldrel-macos-x86_64

Version: 1.0.0
Check: R code for possible problems
Result: NOTE
    Possibly missing '()' after 'return' in the following functions:
     ‘eicm’ ‘plot.eicm.matrix’
Flavors: r-devel-linux-x86_64-fedora-clang, r-devel-linux-x86_64-fedora-gcc