CRAN Package Check Results for Package eigeninv

Last updated on 2018-01-17 17:49:16 CET.

Flavor Version Tinstall Tcheck Ttotal Status Flags
r-devel-linux-x86_64-debian-clang 2011.8-1 0.54 16.17 16.71 NOTE
r-devel-linux-x86_64-debian-gcc 2011.8-1 0.55 12.88 13.43 NOTE
r-devel-linux-x86_64-fedora-clang 2011.8-1 19.27 NOTE
r-devel-linux-x86_64-fedora-gcc 2011.8-1 18.65 NOTE
r-devel-windows-ix86+x86_64 2011.8-1 2.00 24.00 26.00 NOTE
r-patched-linux-x86_64 2011.8-1 0.53 14.49 15.02 NOTE
r-patched-solaris-x86 2011.8-1 29.00 NOTE
r-release-linux-x86_64 2011.8-1 0.79 14.64 15.43 NOTE
r-release-windows-ix86+x86_64 2011.8-1 2.00 23.00 25.00 NOTE
r-release-osx-x86_64 2011.8-1 NOTE
r-oldrel-windows-ix86+x86_64 2011.8-1 2.00 22.00 24.00 NOTE
r-oldrel-osx-x86_64 2011.8-1 NOTE

Check Details

Version: 2011.8-1
Check: R code for possible problems
Result: NOTE
    eiginv: no visible global function definition for ‘runif’
    Undefined global functions or variables:
     runif
    Consider adding
     importFrom("stats", "runif")
    to your NAMESPACE file.
Flavors: r-devel-linux-x86_64-debian-clang, r-devel-linux-x86_64-debian-gcc, r-devel-linux-x86_64-fedora-clang, r-devel-linux-x86_64-fedora-gcc, r-devel-windows-ix86+x86_64, r-patched-linux-x86_64, r-patched-solaris-x86, r-release-linux-x86_64, r-release-windows-ix86+x86_64, r-release-osx-x86_64, r-oldrel-windows-ix86+x86_64, r-oldrel-osx-x86_64