CRAN Package Check Results for Package eigeninv

Last updated on 2022-01-18 01:51:57 CET.

Flavor Version Tinstall Tcheck Ttotal Status Flags
r-devel-linux-x86_64-debian-clang 2011.8-1 1.84 27.86 29.70 NOTE
r-devel-linux-x86_64-debian-gcc 2011.8-1 1.34 22.00 23.34 NOTE
r-devel-linux-x86_64-fedora-clang 2011.8-1 37.92 NOTE
r-devel-linux-x86_64-fedora-gcc 2011.8-1 26.43 NOTE
r-devel-windows-x86_64-new-UL 2011.8-1 20.00 44.00 64.00 NOTE
r-devel-windows-x86_64-new-TK 2011.8-1 NOTE
r-patched-linux-x86_64 2011.8-1 1.86 26.75 28.61 NOTE
r-release-linux-x86_64 2011.8-1 NOTE
r-release-macos-arm64 2011.8-1 NOTE
r-release-macos-x86_64 2011.8-1 NOTE
r-release-windows-ix86+x86_64 2011.8-1 4.00 24.00 28.00 NOTE
r-oldrel-macos-x86_64 2011.8-1 NOTE
r-oldrel-windows-ix86+x86_64 2011.8-1 4.00 24.00 28.00 NOTE

Check Details

Version: 2011.8-1
Check: R code for possible problems
Result: NOTE
    eiginv: no visible global function definition for 'runif'
    Undefined global functions or variables:
     runif
    Consider adding
     importFrom("stats", "runif")
    to your NAMESPACE file.
Flavors: r-devel-linux-x86_64-debian-clang, r-devel-linux-x86_64-debian-gcc, r-devel-linux-x86_64-fedora-clang, r-devel-linux-x86_64-fedora-gcc, r-devel-windows-x86_64-new-UL, r-devel-windows-x86_64-new-TK, r-patched-linux-x86_64, r-release-linux-x86_64, r-release-macos-arm64, r-release-macos-x86_64, r-release-windows-ix86+x86_64, r-oldrel-macos-x86_64, r-oldrel-windows-ix86+x86_64