CRAN Package Check Results for Package eigeninv

Last updated on 2015-06-29 23:46:49.

Flavor Version Tinstall Tcheck Ttotal Status Flags
r-devel-linux-x86_64-debian-clang 2011.8-1 0.47 8.49 8.96 NOTE
r-devel-linux-x86_64-debian-gcc 2011.8-1 0.46 7.51 7.96 NOTE
r-devel-linux-x86_64-fedora-clang 2011.8-1 15.55 OK
r-devel-linux-x86_64-fedora-gcc 2011.8-1 14.50 OK
r-devel-osx-x86_64-clang 2011.8-1 17.67 OK
r-devel-windows-ix86+x86_64 2011.8-1 3.00 15.00 18.00 OK
r-patched-linux-x86_64 2011.8-1 0.50 8.00 8.50 OK
r-patched-solaris-sparc 2011.8-1 102.60 OK
r-patched-solaris-x86 2011.8-1 24.30 OK
r-release-linux-x86_64 2011.8-1 0.47 8.71 9.18 OK
r-release-osx-x86_64-mavericks 2011.8-1 OK
r-release-windows-ix86+x86_64 2011.8-1 1.00 15.00 16.00 OK
r-oldrel-windows-ix86+x86_64 2011.8-1 3.00 15.00 18.00 OK

Check Details

Version: 2011.8-1
Check: R code for possible problems
Result: NOTE
    eiginv: no visible global function definition for ‘runif’
Flavors: r-devel-linux-x86_64-debian-clang, r-devel-linux-x86_64-debian-gcc