CRAN Package Check Results for Package eigeninv

Last updated on 2017-04-28 17:47:31.

Flavor Version Tinstall Tcheck Ttotal Status Flags
r-devel-linux-x86_64-debian-clang 2011.8-1 0.60 10.63 11.24 NOTE
r-devel-linux-x86_64-debian-gcc 2011.8-1 0.56 10.85 11.41 NOTE
r-devel-linux-x86_64-fedora-clang 2011.8-1 17.62 NOTE --no-stop-on-test-error
r-devel-linux-x86_64-fedora-gcc 2011.8-1 16.65 NOTE --no-stop-on-test-error
r-devel-windows-ix86+x86_64 2011.8-1 4.00 27.00 31.00 NOTE
r-patched-linux-x86_64 2011.8-1 0.59 10.40 10.99 NOTE
r-patched-solaris-sparc 2011.8-1 105.60 NOTE
r-patched-solaris-x86 2011.8-1 26.30 NOTE
r-release-linux-x86_64 2011.8-1 0.53 11.31 11.84 NOTE
r-release-windows-ix86+x86_64 2011.8-1 2.00 24.00 26.00 NOTE
r-release-osx-x86_64 2011.8-1 NOTE
r-oldrel-windows-ix86+x86_64 2011.8-1 2.00 22.00 24.00 NOTE
r-oldrel-osx-x86_64 2011.8-1 NOTE

Check Details

Version: 2011.8-1
Check: R code for possible problems
Result: NOTE
    eiginv: no visible global function definition for ‘runif’
    Undefined global functions or variables:
     runif
    Consider adding
     importFrom("stats", "runif")
    to your NAMESPACE file.
Flavors: r-devel-linux-x86_64-debian-clang, r-devel-linux-x86_64-debian-gcc, r-devel-windows-ix86+x86_64, r-patched-linux-x86_64, r-patched-solaris-sparc, r-patched-solaris-x86, r-release-linux-x86_64, r-release-windows-ix86+x86_64, r-release-osx-x86_64, r-oldrel-windows-ix86+x86_64, r-oldrel-osx-x86_64

Version: 2011.8-1
Flags: --no-stop-on-test-error
Check: R code for possible problems
Result: NOTE
    eiginv: no visible global function definition for ‘runif’
    Undefined global functions or variables:
     runif
    Consider adding
     importFrom("stats", "runif")
    to your NAMESPACE file.
Flavors: r-devel-linux-x86_64-fedora-clang, r-devel-linux-x86_64-fedora-gcc