CRAN Package Check Results for Package eigeninv

Last updated on 2017-03-01 17:52:11.

Flavor Version Tinstall Tcheck Ttotal Status Flags
r-devel-linux-x86_64-debian-clang 2011.8-1 0.59 10.65 11.25 NOTE
r-devel-linux-x86_64-debian-gcc 2011.8-1 0.56 10.74 11.30 NOTE
r-devel-linux-x86_64-fedora-clang 2011.8-1 17.51 NOTE --no-stop-on-test-error
r-devel-linux-x86_64-fedora-gcc 2011.8-1 16.36 NOTE --no-stop-on-test-error
r-devel-macos-x86_64-clang 2011.8-1 16.47 NOTE --no-stop-on-test-error
r-devel-windows-ix86+x86_64 2011.8-1 2.00 33.00 35.00 NOTE
r-patched-linux-x86_64 2011.8-1 0.53 8.43 8.97 NOTE
r-patched-solaris-sparc 2011.8-1 86.30 NOTE
r-patched-solaris-x86 2011.8-1 21.40 NOTE
r-release-linux-x86_64 2011.8-1 0.47 8.46 8.93 NOTE
r-release-osx-x86_64-mavericks 2011.8-1 NOTE
r-release-windows-ix86+x86_64 2011.8-1 2.00 22.00 24.00 NOTE
r-oldrel-windows-ix86+x86_64 2011.8-1 2.00 19.00 21.00 OK

Check Details

Version: 2011.8-1
Check: R code for possible problems
Result: NOTE
    eiginv: no visible global function definition for ‘runif’
    Undefined global functions or variables:
     runif
    Consider adding
     importFrom("stats", "runif")
    to your NAMESPACE file.
Flavors: r-devel-linux-x86_64-debian-clang, r-devel-linux-x86_64-debian-gcc, r-devel-windows-ix86+x86_64, r-patched-linux-x86_64, r-patched-solaris-sparc, r-patched-solaris-x86, r-release-linux-x86_64, r-release-osx-x86_64-mavericks, r-release-windows-ix86+x86_64

Version: 2011.8-1
Flags: --no-stop-on-test-error
Check: R code for possible problems
Result: NOTE
    eiginv: no visible global function definition for ‘runif’
    Undefined global functions or variables:
     runif
    Consider adding
     importFrom("stats", "runif")
    to your NAMESPACE file.
Flavors: r-devel-linux-x86_64-fedora-clang, r-devel-linux-x86_64-fedora-gcc, r-devel-macos-x86_64-clang