CRAN Package Check Results for Package eigeninv

Last updated on 2016-12-07 17:52:23.

Flavor Version Tinstall Tcheck Ttotal Status Flags
r-devel-linux-x86_64-debian-clang 2011.8-1 0.60 10.19 10.78 NOTE
r-devel-linux-x86_64-debian-gcc 2011.8-1 0.56 10.13 10.70 NOTE
r-devel-linux-x86_64-fedora-clang 2011.8-1 18.16 NOTE --no-stop-on-test-error
r-devel-linux-x86_64-fedora-gcc 2011.8-1 16.72 NOTE --no-stop-on-test-error
r-devel-macos-x86_64-clang 2011.8-1 16.20 NOTE
r-devel-windows-ix86+x86_64 2011.8-1 5.00 31.00 36.00 NOTE
r-patched-linux-x86_64 2011.8-1 0.46 8.29 8.75 NOTE
r-patched-solaris-sparc 2011.8-1 85.00 NOTE
r-patched-solaris-x86 2011.8-1 19.80 NOTE
r-release-linux-x86_64 2011.8-1 0.48 8.31 8.79 NOTE
r-release-osx-x86_64-mavericks 2011.8-1 NOTE
r-release-windows-ix86+x86_64 2011.8-1 2.00 22.00 24.00 NOTE
r-oldrel-windows-ix86+x86_64 2011.8-1 2.00 19.00 21.00 OK

Check Details

Version: 2011.8-1
Check: R code for possible problems
Result: NOTE
    eiginv: no visible global function definition for ‘runif’
    Undefined global functions or variables:
     runif
    Consider adding
     importFrom("stats", "runif")
    to your NAMESPACE file.
Flavors: r-devel-linux-x86_64-debian-clang, r-devel-linux-x86_64-debian-gcc, r-devel-macos-x86_64-clang, r-devel-windows-ix86+x86_64, r-patched-linux-x86_64, r-patched-solaris-sparc, r-patched-solaris-x86, r-release-linux-x86_64, r-release-osx-x86_64-mavericks, r-release-windows-ix86+x86_64

Version: 2011.8-1
Flags: --no-stop-on-test-error
Check: R code for possible problems
Result: NOTE
    eiginv: no visible global function definition for ‘runif’
    Undefined global functions or variables:
     runif
    Consider adding
     importFrom("stats", "runif")
    to your NAMESPACE file.
Flavors: r-devel-linux-x86_64-fedora-clang, r-devel-linux-x86_64-fedora-gcc