CRAN Package Check Results for Package eigeninv

Last updated on 2017-01-18 23:51:52.

Flavor Version Tinstall Tcheck Ttotal Status Flags
r-devel-linux-x86_64-debian-clang 2011.8-1 0.57 10.67 11.23 NOTE
r-devel-linux-x86_64-debian-gcc 2011.8-1 0.57 10.22 10.79 NOTE
r-devel-linux-x86_64-fedora-clang 2011.8-1 16.98 NOTE --no-stop-on-test-error
r-devel-linux-x86_64-fedora-gcc 2011.8-1 16.00 NOTE --no-stop-on-test-error
r-devel-macos-x86_64-clang 2011.8-1 15.72 NOTE --no-stop-on-test-error
r-devel-windows-ix86+x86_64 2011.8-1 3.00 23.00 26.00 NOTE
r-patched-linux-x86_64 2011.8-1 0.50 8.61 9.11 NOTE
r-patched-solaris-sparc 2011.8-1 86.30 NOTE
r-patched-solaris-x86 2011.8-1 19.90 NOTE
r-release-linux-x86_64 2011.8-1 0.60 8.75 9.35 NOTE
r-release-osx-x86_64-mavericks 2011.8-1 NOTE
r-release-windows-ix86+x86_64 2011.8-1 2.00 22.00 24.00 NOTE
r-oldrel-windows-ix86+x86_64 2011.8-1 2.00 19.00 21.00 OK

Check Details

Version: 2011.8-1
Check: R code for possible problems
Result: NOTE
    eiginv: no visible global function definition for ‘runif’
    Undefined global functions or variables:
     runif
    Consider adding
     importFrom("stats", "runif")
    to your NAMESPACE file.
Flavors: r-devel-linux-x86_64-debian-clang, r-devel-linux-x86_64-debian-gcc, r-devel-windows-ix86+x86_64, r-patched-linux-x86_64, r-patched-solaris-sparc, r-patched-solaris-x86, r-release-linux-x86_64, r-release-osx-x86_64-mavericks, r-release-windows-ix86+x86_64

Version: 2011.8-1
Flags: --no-stop-on-test-error
Check: R code for possible problems
Result: NOTE
    eiginv: no visible global function definition for ‘runif’
    Undefined global functions or variables:
     runif
    Consider adding
     importFrom("stats", "runif")
    to your NAMESPACE file.
Flavors: r-devel-linux-x86_64-fedora-clang, r-devel-linux-x86_64-fedora-gcc, r-devel-macos-x86_64-clang