CRAN Package Check Results for Package eigeninv

Last updated on 2016-07-28 06:47:17.

Flavor Version Tinstall Tcheck Ttotal Status Flags
r-devel-linux-x86_64-debian-clang 2011.8-1 0.60 11.56 12.16 NOTE
r-devel-linux-x86_64-debian-gcc 2011.8-1 0.53 10.93 11.46 NOTE
r-devel-linux-x86_64-fedora-clang 2011.8-1 13.84 NOTE
r-devel-linux-x86_64-fedora-gcc 2011.8-1 13.13 NOTE
r-devel-osx-x86_64-clang 2011.8-1 13.63 NOTE
r-devel-windows-ix86+x86_64 2011.8-1 2.00 22.00 24.00 NOTE
r-patched-linux-x86_64 2011.8-1 0.58 10.93 11.51 NOTE
r-patched-solaris-sparc 2011.8-1 85.00 NOTE
r-patched-solaris-x86 2011.8-1 19.30 NOTE
r-release-linux-x86_64 2011.8-1 0.53 10.62 11.15 NOTE
r-release-osx-x86_64-mavericks 2011.8-1 NOTE
r-release-windows-ix86+x86_64 2011.8-1 2.00 29.00 31.00 NOTE
r-oldrel-windows-ix86+x86_64 2011.8-1 2.00 13.00 15.00 OK

Check Details

Version: 2011.8-1
Check: R code for possible problems
Result: NOTE
    eiginv: no visible global function definition for ‘runif’
    Undefined global functions or variables:
     runif
    Consider adding
     importFrom("stats", "runif")
    to your NAMESPACE file.
Flavors: r-devel-linux-x86_64-debian-clang, r-devel-linux-x86_64-debian-gcc, r-devel-linux-x86_64-fedora-clang, r-devel-linux-x86_64-fedora-gcc, r-devel-osx-x86_64-clang, r-devel-windows-ix86+x86_64, r-patched-linux-x86_64, r-patched-solaris-sparc, r-patched-solaris-x86, r-release-linux-x86_64, r-release-osx-x86_64-mavericks, r-release-windows-ix86+x86_64