CRAN Package Check Results for Package eigeninv

Last updated on 2018-05-25 10:48:19 CEST.

Flavor Version Tinstall Tcheck Ttotal Status Flags
r-devel-linux-x86_64-debian-clang 2011.8-1 0.67 15.35 16.02 NOTE
r-devel-linux-x86_64-debian-gcc 2011.8-1 0.66 13.10 13.76 NOTE
r-devel-linux-x86_64-fedora-clang 2011.8-1 22.60 NOTE
r-devel-linux-x86_64-fedora-gcc 2011.8-1 21.41 NOTE
r-devel-windows-ix86+x86_64 2011.8-1 3.00 24.00 27.00 NOTE
r-patched-linux-x86_64 2011.8-1 0.80 15.14 15.94 NOTE
r-patched-solaris-x86 2011.8-1 32.90 NOTE
r-release-linux-x86_64 2011.8-1 0.87 15.41 16.28 NOTE
r-release-windows-ix86+x86_64 2011.8-1 3.00 24.00 27.00 NOTE
r-release-osx-x86_64 2011.8-1 NOTE
r-oldrel-windows-ix86+x86_64 2011.8-1 2.00 23.00 25.00 NOTE
r-oldrel-osx-x86_64 2011.8-1 NOTE

Check Details

Version: 2011.8-1
Check: R code for possible problems
Result: NOTE
    eiginv: no visible global function definition for ‘runif’
    Undefined global functions or variables:
     runif
    Consider adding
     importFrom("stats", "runif")
    to your NAMESPACE file.
Flavors: r-devel-linux-x86_64-debian-clang, r-devel-linux-x86_64-debian-gcc, r-devel-linux-x86_64-fedora-clang, r-devel-linux-x86_64-fedora-gcc, r-devel-windows-ix86+x86_64, r-patched-linux-x86_64, r-patched-solaris-x86, r-release-linux-x86_64, r-release-windows-ix86+x86_64, r-release-osx-x86_64, r-oldrel-windows-ix86+x86_64, r-oldrel-osx-x86_64