CRAN Package Check Results for Package eigeninv

Last updated on 2016-08-27 06:47:31.

Flavor Version Tinstall Tcheck Ttotal Status Flags
r-devel-linux-x86_64-debian-clang 2011.8-1 0.58 8.82 9.41 NOTE
r-devel-linux-x86_64-debian-gcc 2011.8-1 0.56 11.62 12.18 NOTE
r-devel-linux-x86_64-fedora-clang 2011.8-1 14.53 NOTE
r-devel-linux-x86_64-fedora-gcc 2011.8-1 13.45 NOTE
r-devel-osx-x86_64-clang 2011.8-1 13.66 NOTE
r-devel-windows-ix86+x86_64 2011.8-1 4.00 28.00 32.00 NOTE
r-patched-linux-x86_64 2011.8-1 0.48 8.45 8.94 NOTE
r-patched-solaris-sparc 2011.8-1 85.00 NOTE
r-patched-solaris-x86 2011.8-1 19.50 NOTE
r-release-linux-x86_64 2011.8-1 0.56 9.33 9.89 NOTE
r-release-osx-x86_64-mavericks 2011.8-1 NOTE
r-release-windows-ix86+x86_64 2011.8-1 2.00 29.00 31.00 NOTE
r-oldrel-windows-ix86+x86_64 2011.8-1 2.00 13.00 15.00 OK

Check Details

Version: 2011.8-1
Check: R code for possible problems
Result: NOTE
    eiginv: no visible global function definition for ‘runif’
    Undefined global functions or variables:
     runif
    Consider adding
     importFrom("stats", "runif")
    to your NAMESPACE file.
Flavors: r-devel-linux-x86_64-debian-clang, r-devel-linux-x86_64-debian-gcc, r-devel-linux-x86_64-fedora-clang, r-devel-linux-x86_64-fedora-gcc, r-devel-osx-x86_64-clang, r-devel-windows-ix86+x86_64, r-patched-linux-x86_64, r-patched-solaris-sparc, r-patched-solaris-x86, r-release-linux-x86_64, r-release-osx-x86_64-mavericks, r-release-windows-ix86+x86_64