CRAN Package Check Results for Package eigeninv

Last updated on 2017-06-23 04:47:00.

Flavor Version Tinstall Tcheck Ttotal Status Flags
r-devel-linux-x86_64-debian-clang 2011.8-1 0.62 11.76 12.38 NOTE
r-devel-linux-x86_64-debian-gcc 2011.8-1 0.65 11.24 11.89 NOTE
r-devel-linux-x86_64-fedora-clang 2011.8-1 17.80 NOTE
r-devel-linux-x86_64-fedora-gcc 2011.8-1 18.20 NOTE
r-devel-windows-ix86+x86_64 2011.8-1 2.00 29.00 31.00 NOTE
r-patched-linux-x86_64 2011.8-1 0.55 11.22 11.77 NOTE
r-patched-solaris-sparc 2011.8-1 105.60 NOTE
r-patched-solaris-x86 2011.8-1 26.00 NOTE
r-release-linux-x86_64 2011.8-1 0.59 11.30 11.89 NOTE
r-release-windows-ix86+x86_64 2011.8-1 2.00 24.00 26.00 NOTE
r-release-osx-x86_64 2011.8-1 NOTE
r-oldrel-windows-ix86+x86_64 2011.8-1 2.00 22.00 24.00 NOTE
r-oldrel-osx-x86_64 2011.8-1 NOTE

Check Details

Version: 2011.8-1
Check: R code for possible problems
Result: NOTE
    eiginv: no visible global function definition for ‘runif’
    Undefined global functions or variables:
     runif
    Consider adding
     importFrom("stats", "runif")
    to your NAMESPACE file.
Flavors: r-devel-linux-x86_64-debian-clang, r-devel-linux-x86_64-debian-gcc, r-devel-linux-x86_64-fedora-clang, r-devel-linux-x86_64-fedora-gcc, r-devel-windows-ix86+x86_64, r-patched-linux-x86_64, r-patched-solaris-sparc, r-patched-solaris-x86, r-release-linux-x86_64, r-release-windows-ix86+x86_64, r-release-osx-x86_64, r-oldrel-windows-ix86+x86_64, r-oldrel-osx-x86_64