CRAN Package Check Results for Package eigeninv

Last updated on 2016-02-14 23:48:00.

Flavor Version Tinstall Tcheck Ttotal Status Flags
r-devel-linux-x86_64-debian-gcc 2011.8-1 0.55 7.79 8.34 NOTE
r-devel-linux-x86_64-fedora-clang 2011.8-1 14.04 NOTE
r-devel-linux-x86_64-fedora-gcc 2011.8-1 13.01 NOTE
r-devel-osx-x86_64-clang 2011.8-1 17.09 NOTE
r-devel-windows-ix86+x86_64 2011.8-1 3.00 16.00 19.00 NOTE
r-patched-linux-x86_64 2011.8-1 0.52 7.82 8.35 OK
r-patched-solaris-sparc 2011.8-1 92.20 OK
r-patched-solaris-x86 2011.8-1 20.90 OK
r-release-linux-x86_64 2011.8-1 0.56 8.41 8.97 OK
r-release-osx-x86_64-mavericks 2011.8-1 OK
r-release-windows-ix86+x86_64 2011.8-1 2.00 13.00 15.00 OK
r-oldrel-windows-ix86+x86_64 2011.8-1 3.00 15.00 18.00 OK

Check Details

Version: 2011.8-1
Check: R code for possible problems
Result: NOTE
    eiginv: no visible global function definition for ‘runif’
    Undefined global functions or variables:
     runif
    Consider adding
     importFrom("stats", "runif")
    to your NAMESPACE file.
Flavors: r-devel-linux-x86_64-debian-gcc, r-devel-linux-x86_64-fedora-clang, r-devel-linux-x86_64-fedora-gcc, r-devel-osx-x86_64-clang, r-devel-windows-ix86+x86_64