CRAN Package Check Results for Package eigeninv

Last updated on 2015-08-30 23:47:39.

Flavor Version Tinstall Tcheck Ttotal Status Flags
r-devel-linux-x86_64-debian-clang 2011.8-1 0.45 8.52 8.98 NOTE
r-devel-linux-x86_64-debian-gcc 2011.8-1 0.56 7.76 8.32 NOTE
r-devel-linux-x86_64-fedora-clang 2011.8-1 15.47 NOTE
r-devel-linux-x86_64-fedora-gcc 2011.8-1 14.45 NOTE
r-devel-osx-x86_64-clang 2011.8-1 16.14 OK
r-devel-windows-ix86+x86_64 2011.8-1 4.00 24.00 28.00 NOTE
r-patched-linux-x86_64 2011.8-1 0.48 8.03 8.51 OK
r-patched-solaris-sparc 2011.8-1 106.90 OK
r-patched-solaris-x86 2011.8-1 25.50 OK
r-release-linux-x86_64 2011.8-1 0.47 8.27 8.74 OK
r-release-osx-x86_64-mavericks 2011.8-1 OK
r-release-windows-ix86+x86_64 2011.8-1 2.00 15.00 17.00 OK
r-oldrel-windows-ix86+x86_64 2011.8-1 3.00 15.00 18.00 OK

Check Details

Version: 2011.8-1
Check: R code for possible problems
Result: NOTE
    eiginv: no visible global function definition for ‘runif’
    Undefined global functions or variables:
     runif
    Consider adding
     importFrom("stats", "runif")
    to your NAMESPACE.
Flavors: r-devel-linux-x86_64-debian-clang, r-devel-linux-x86_64-debian-gcc, r-devel-linux-x86_64-fedora-clang, r-devel-linux-x86_64-fedora-gcc, r-devel-windows-ix86+x86_64