CRAN Package Check Results for Package eigeninv

Last updated on 2017-08-21 09:47:54.

Flavor Version Tinstall Tcheck Ttotal Status Flags
r-devel-linux-x86_64-debian-clang 2011.8-1 0.58 11.26 11.84 NOTE
r-devel-linux-x86_64-debian-gcc 2011.8-1 0.75 10.97 11.72 NOTE
r-devel-linux-x86_64-fedora-clang 2011.8-1 20.61 NOTE
r-devel-linux-x86_64-fedora-gcc 2011.8-1 18.10 NOTE
r-devel-windows-ix86+x86_64 2011.8-1 2.00 24.00 26.00 NOTE
r-patched-linux-x86_64 2011.8-1 0.55 11.05 11.60 NOTE
r-patched-solaris-x86 2011.8-1 27.70 NOTE
r-release-linux-x86_64 2011.8-1 0.54 10.96 11.50 NOTE
r-release-windows-ix86+x86_64 2011.8-1 2.00 23.00 25.00 NOTE
r-release-osx-x86_64 2011.8-1 NOTE
r-oldrel-windows-ix86+x86_64 2011.8-1 2.00 22.00 24.00 NOTE
r-oldrel-osx-x86_64 2011.8-1 NOTE

Check Details

Version: 2011.8-1
Check: R code for possible problems
Result: NOTE
    eiginv: no visible global function definition for ‘runif’
    Undefined global functions or variables:
     runif
    Consider adding
     importFrom("stats", "runif")
    to your NAMESPACE file.
Flavors: r-devel-linux-x86_64-debian-clang, r-devel-linux-x86_64-debian-gcc, r-devel-linux-x86_64-fedora-clang, r-devel-linux-x86_64-fedora-gcc, r-devel-windows-ix86+x86_64, r-patched-linux-x86_64, r-patched-solaris-x86, r-release-linux-x86_64, r-release-windows-ix86+x86_64, r-release-osx-x86_64, r-oldrel-windows-ix86+x86_64, r-oldrel-osx-x86_64