CRAN Package Check Results for Package eigeninv

Last updated on 2017-10-24 10:47:46.

Flavor Version Tinstall Tcheck Ttotal Status Flags
r-devel-linux-x86_64-debian-clang 2011.8-1 0.55 10.92 11.47 NOTE
r-devel-linux-x86_64-debian-gcc 2011.8-1 0.68 10.77 11.45 NOTE
r-devel-linux-x86_64-fedora-clang 2011.8-1 17.62 NOTE
r-devel-linux-x86_64-fedora-gcc 2011.8-1 16.85 NOTE
r-devel-windows-ix86+x86_64 2011.8-1 3.00 22.00 25.00 NOTE
r-patched-linux-x86_64 2011.8-1 0.56 10.56 11.13 NOTE
r-patched-solaris-x86 2011.8-1 27.20 NOTE
r-release-linux-x86_64 2011.8-1 0.56 10.50 11.07 NOTE
r-release-windows-ix86+x86_64 2011.8-1 2.00 23.00 25.00 NOTE
r-release-osx-x86_64 2011.8-1 NOTE
r-oldrel-windows-ix86+x86_64 2011.8-1 2.00 22.00 24.00 NOTE
r-oldrel-osx-x86_64 2011.8-1 NOTE

Check Details

Version: 2011.8-1
Check: R code for possible problems
Result: NOTE
    eiginv: no visible global function definition for ‘runif’
    Undefined global functions or variables:
     runif
    Consider adding
     importFrom("stats", "runif")
    to your NAMESPACE file.
Flavors: r-devel-linux-x86_64-debian-clang, r-devel-linux-x86_64-debian-gcc, r-devel-linux-x86_64-fedora-clang, r-devel-linux-x86_64-fedora-gcc, r-devel-windows-ix86+x86_64, r-patched-linux-x86_64, r-patched-solaris-x86, r-release-linux-x86_64, r-release-windows-ix86+x86_64, r-release-osx-x86_64, r-oldrel-windows-ix86+x86_64, r-oldrel-osx-x86_64