CRAN Package Check Results for Package eigeninv

Last updated on 2016-09-27 22:48:30.

Flavor Version Tinstall Tcheck Ttotal Status Flags
r-devel-linux-x86_64-debian-clang 2011.8-1 0.48 8.67 9.15 NOTE
r-devel-linux-x86_64-debian-gcc 2011.8-1 0.55 8.42 8.97 NOTE
r-devel-linux-x86_64-fedora-clang 2011.8-1 14.57 NOTE
r-devel-linux-x86_64-fedora-gcc 2011.8-1 13.60 NOTE
r-devel-macos-x86_64-clang 2011.8-1 13.46 NOTE
r-devel-windows-ix86+x86_64 2011.8-1 4.00 41.00 45.00 NOTE
r-patched-linux-x86_64 2011.8-1 0.50 8.58 9.08 NOTE
r-patched-solaris-sparc 2011.8-1 85.00 NOTE
r-patched-solaris-x86 2011.8-1 19.30 NOTE
r-release-linux-x86_64 2011.8-1 0.51 8.42 8.93 NOTE
r-release-osx-x86_64-mavericks 2011.8-1 NOTE
r-release-windows-ix86+x86_64 2011.8-1 2.00 22.00 24.00 NOTE
r-oldrel-windows-ix86+x86_64 2011.8-1 2.00 13.00 15.00 OK

Check Details

Version: 2011.8-1
Check: R code for possible problems
Result: NOTE
    eiginv: no visible global function definition for ‘runif’
    Undefined global functions or variables:
     runif
    Consider adding
     importFrom("stats", "runif")
    to your NAMESPACE file.
Flavors: r-devel-linux-x86_64-debian-clang, r-devel-linux-x86_64-debian-gcc, r-devel-linux-x86_64-fedora-clang, r-devel-linux-x86_64-fedora-gcc, r-devel-macos-x86_64-clang, r-devel-windows-ix86+x86_64, r-patched-linux-x86_64, r-patched-solaris-sparc, r-patched-solaris-x86, r-release-linux-x86_64, r-release-osx-x86_64-mavericks, r-release-windows-ix86+x86_64