CRAN Package Check Results for Package einsum

Last updated on 2024-02-25 18:51:23 CET.

Flavor Version Tinstall Tcheck Ttotal Status Flags
r-devel-linux-x86_64-debian-clang 0.1.2 20.84 192.51 213.35 OK
r-devel-linux-x86_64-debian-gcc 0.1.2 16.71 131.51 148.22 OK
r-devel-linux-x86_64-fedora-clang 0.1.2 271.36 NOTE
r-devel-linux-x86_64-fedora-gcc 0.1.2 265.71 NOTE
r-devel-windows-x86_64 0.1.2 18.00 167.00 185.00 OK
r-patched-linux-x86_64 0.1.2 19.35 185.12 204.47 OK
r-release-linux-x86_64 0.1.2 20.65 187.35 208.00 OK
r-release-macos-arm64 0.1.2 71.00 OK
r-release-macos-x86_64 0.1.2 177.00 OK
r-release-windows-x86_64 0.1.2 17.00 207.00 224.00 OK
r-oldrel-macos-arm64 0.1.2 66.00 OK
r-oldrel-windows-x86_64 0.1.2 22.00 193.00 215.00 OK

Check Details

Version: 0.1.2
Check: dependencies in R code
Result: NOTE Namespace in Imports field not imported from: ‘mathjaxr’ All declared Imports should be used. Flavors: r-devel-linux-x86_64-fedora-clang, r-devel-linux-x86_64-fedora-gcc