CRAN Package Check Results for Package elasticnet

Last updated on 2015-04-18 10:00:08.

Flavor Version Tinstall Tcheck Ttotal Status Flags
r-devel-linux-x86_64-debian-clang 1.1 0.65 15.00 15.65 NOTE
r-devel-linux-x86_64-debian-gcc 1.1 0.63 14.69 15.32 NOTE
r-devel-linux-x86_64-fedora-clang 1.1 29.09 NOTE
r-devel-linux-x86_64-fedora-gcc 1.1 27.56 NOTE
r-devel-osx-x86_64-clang 1.1 30.60 NOTE
r-prerel-windows-ix86+x86_64 1.1 4.00 24.00 28.00 OK
r-prerel-linux-x86_64 1.1 0.62 14.85 15.47 NOTE
r-prerel-solaris-sparc 1.1 192.20 OK
r-prerel-solaris-x86 1.1 41.10 OK
r-release-linux-x86_64 1.1 0.72 14.80 15.53 NOTE
r-release-osx-x86_64-mavericks 1.1 OK
r-release-windows-ix86+x86_64 1.1 4.00 26.00 30.00 OK
r-oldrel-windows-ix86+x86_64 1.1 2.00 26.00 28.00 OK

Check Details

Version: 1.1
Check: S3 generic/method consistency
Result: NOTE
    Found the following apparent S3 methods exported but not registered:
     plot.enet predict.enet print.arrayspc print.enet print.spca
    See section ‘Registering S3 methods’ in the ‘Writing R Extensions’
    manual.
Flavors: r-devel-linux-x86_64-debian-clang, r-devel-linux-x86_64-debian-gcc, r-devel-linux-x86_64-fedora-clang, r-devel-linux-x86_64-fedora-gcc, r-devel-osx-x86_64-clang, r-prerel-linux-x86_64, r-release-linux-x86_64

Version: 1.1
Check: Rd line widths
Result: NOTE
    Rd file 'enet.Rd':
     \usage lines wider than 90 characters:
     enet(x, y, lambda, max.steps, normalize=TRUE, intercept=TRUE, trace = FALSE, eps = .Machine$double.eps)
    
    Rd file 'spca.Rd':
     \usage lines wider than 90 characters:
     spca(x,K,para,type=c("predictor","Gram"),sparse=c("penalty","varnum"),use.corr=FALSE,lambda=1e-6,max.iter=200,trace=FALSE,eps.conv=1e-3 ... [TRUNCATED]
    
    These lines will be truncated in the PDF manual.
Flavors: r-devel-linux-x86_64-debian-clang, r-devel-linux-x86_64-debian-gcc, r-devel-linux-x86_64-fedora-clang, r-devel-linux-x86_64-fedora-gcc, r-prerel-linux-x86_64, r-release-linux-x86_64