CRAN Package Check Results for Package elasticnet

Last updated on 2014-04-25 09:52:13.

Flavor Version Tinstall Tcheck Ttotal Status Flags
r-devel-linux-x86_64-debian-clang 1.1 0.67 15.79 16.46 OK
r-devel-linux-x86_64-debian-gcc 1.1 0.67 15.82 16.49 OK
r-devel-linux-x86_64-fedora-clang 1.1 33.16 NOTE
r-devel-linux-x86_64-fedora-gcc 1.1 30.90 NOTE
r-devel-osx-x86_64-clang 1.1 29.62 OK
r-devel-osx-x86_64-gcc 1.1 OK
r-devel-windows-ix86+x86_64 1.1 2.00 26.00 28.00 OK
r-patched-linux-x86_64 1.1 0.65 15.83 16.48 OK
r-patched-solaris-sparc 1.1 188.40 OK
r-patched-solaris-x86 1.1 45.30 OK
r-release-linux-ix86 1.1 1.00 30.00 31.00 OK
r-release-linux-x86_64 1.1 0.66 15.77 16.43 OK
r-release-osx-x86_64-mavericks 1.1 OK
r-release-windows-ix86+x86_64 1.1 6.00 35.00 41.00 OK
r-oldrel-windows-ix86+x86_64 1.1 2.00 26.00 28.00 OK

Check Details

Version: 1.1
Check: Rd line widths
Result: NOTE
    Rd file 'enet.Rd':
     \usage lines wider than 90 characters:
     enet(x, y, lambda, max.steps, normalize=TRUE, intercept=TRUE, trace = FALSE, eps = .Machine$double.eps)
    
    Rd file 'spca.Rd':
     \usage lines wider than 90 characters:
     spca(x,K,para,type=c("predictor","Gram"),sparse=c("penalty","varnum"),use.corr=FALSE,lambda=1e-6,max.iter=200,trace=FALSE,eps.conv=1e-3 ... [TRUNCATED]
    
    These lines will be truncated in the PDF manual.
Flavors: r-devel-linux-x86_64-fedora-clang, r-devel-linux-x86_64-fedora-gcc