CRAN Package Check Results for Package elasticnet

Last updated on 2014-09-18 19:47:29.

Flavor Version Tinstall Tcheck Ttotal Status Flags
r-devel-linux-x86_64-debian-clang 1.1 0.66 15.21 15.88 NOTE
r-devel-linux-x86_64-debian-gcc 1.1 0.59 14.91 15.50 NOTE
r-devel-linux-x86_64-fedora-clang 1.1 31.84 NOTE
r-devel-linux-x86_64-fedora-gcc 1.1 30.58 NOTE
r-devel-osx-x86_64-clang 1.1 30.91 OK
r-devel-windows-ix86+x86_64 1.1 2.00 24.00 26.00 OK
r-patched-linux-x86_64 1.1 0.69 15.78 16.47 NOTE
r-patched-solaris-sparc 1.1 191.70 OK
r-patched-solaris-x86 1.1 44.80 OK
r-release-linux-ix86 1.1 0.98 22.81 23.79 OK
r-release-linux-x86_64 1.1 0.64 15.92 16.56 NOTE
r-release-osx-x86_64-mavericks 1.1 OK
r-release-windows-ix86+x86_64 1.1 3.00 40.00 43.00 OK
r-oldrel-windows-ix86+x86_64 1.1 2.00 26.00 28.00 OK

Check Details

Version: 1.1
Check: Rd line widths
Result: NOTE
    Rd file 'enet.Rd':
     \usage lines wider than 90 characters:
     enet(x, y, lambda, max.steps, normalize=TRUE, intercept=TRUE, trace = FALSE, eps = .Machine$double.eps)
    
    Rd file 'spca.Rd':
     \usage lines wider than 90 characters:
     spca(x,K,para,type=c("predictor","Gram"),sparse=c("penalty","varnum"),use.corr=FALSE,lambda=1e-6,max.iter=200,trace=FALSE,eps.conv=1e-3 ... [TRUNCATED]
    
    These lines will be truncated in the PDF manual.
Flavors: r-devel-linux-x86_64-debian-clang, r-devel-linux-x86_64-debian-gcc, r-devel-linux-x86_64-fedora-clang, r-devel-linux-x86_64-fedora-gcc, r-patched-linux-x86_64, r-release-linux-x86_64