CRAN Package Check Results for Package elasticnet

Last updated on 2014-11-26 05:47:45.

Flavor Version Tinstall Tcheck Ttotal Status Flags
r-devel-linux-x86_64-debian-clang 1.1 0.69 16.10 16.80 NOTE
r-devel-linux-x86_64-debian-gcc 1.1 0.82 15.27 16.08 NOTE
r-devel-linux-x86_64-fedora-clang 1.1 33.54 NOTE
r-devel-linux-x86_64-fedora-gcc 1.1 30.73 NOTE
r-devel-osx-x86_64-clang 1.1 33.48 OK
r-devel-windows-ix86+x86_64 1.1 3.00 24.00 27.00 OK
r-patched-linux-x86_64 1.1 0.82 15.25 16.06 NOTE
r-patched-solaris-sparc 1.1 191.70 OK
r-patched-solaris-x86 1.1 47.40 OK
r-release-linux-ix86 1.1 0.98 22.22 23.20 OK
r-release-linux-x86_64 1.1 0.70 15.70 16.40 NOTE
r-release-osx-x86_64-mavericks 1.1 OK
r-release-windows-ix86+x86_64 1.1 3.00 30.00 33.00 OK
r-oldrel-windows-ix86+x86_64 1.1 2.00 26.00 28.00 OK

Check Details

Version: 1.1
Check: Rd line widths
Result: NOTE
    Rd file 'enet.Rd':
     \usage lines wider than 90 characters:
     enet(x, y, lambda, max.steps, normalize=TRUE, intercept=TRUE, trace = FALSE, eps = .Machine$double.eps)
    
    Rd file 'spca.Rd':
     \usage lines wider than 90 characters:
     spca(x,K,para,type=c("predictor","Gram"),sparse=c("penalty","varnum"),use.corr=FALSE,lambda=1e-6,max.iter=200,trace=FALSE,eps.conv=1e-3 ... [TRUNCATED]
    
    These lines will be truncated in the PDF manual.
Flavors: r-devel-linux-x86_64-debian-clang, r-devel-linux-x86_64-debian-gcc, r-devel-linux-x86_64-fedora-clang, r-devel-linux-x86_64-fedora-gcc, r-patched-linux-x86_64, r-release-linux-x86_64