CRAN Package Check Results for Package elasticnet

Last updated on 2015-02-28 07:49:59.

Flavor Version Tinstall Tcheck Ttotal Status Flags
r-devel-linux-x86_64-debian-clang 1.1 0.68 14.88 15.56 NOTE
r-devel-linux-x86_64-debian-gcc 1.1 0.62 14.33 14.95 NOTE
r-devel-linux-x86_64-fedora-clang 1.1 28.96 NOTE
r-devel-linux-x86_64-fedora-gcc 1.1 26.93 NOTE
r-devel-osx-x86_64-clang 1.1 30.87 NOTE
r-devel-windows-ix86+x86_64 1.1 3.00 24.00 27.00 OK
r-patched-linux-x86_64 1.1 0.72 16.10 16.82 NOTE
r-patched-solaris-sparc 1.1 196.20 OK
r-patched-solaris-x86 1.1 46.80 OK
r-release-linux-ix86 1.1 1.00 23.18 24.18 NOTE
r-release-linux-x86_64 1.1 0.67 15.80 16.46 NOTE
r-release-osx-x86_64-mavericks 1.1 OK
r-release-windows-ix86+x86_64 1.1 3.00 30.00 33.00 OK
r-oldrel-windows-ix86+x86_64 1.1 2.00 26.00 28.00 OK

Check Details

Version: 1.1
Check: S3 generic/method consistency
Result: NOTE
    Found the following apparent S3 methods exported but not registered:
     plot.enet predict.enet print.arrayspc print.enet print.spca
    See section ‘Registering S3 methods’ in the ‘Writing R Extensions’
    manual.
Flavors: r-devel-linux-x86_64-debian-clang, r-devel-linux-x86_64-debian-gcc, r-devel-linux-x86_64-fedora-clang, r-devel-linux-x86_64-fedora-gcc, r-devel-osx-x86_64-clang

Version: 1.1
Check: Rd line widths
Result: NOTE
    Rd file 'enet.Rd':
     \usage lines wider than 90 characters:
     enet(x, y, lambda, max.steps, normalize=TRUE, intercept=TRUE, trace = FALSE, eps = .Machine$double.eps)
    
    Rd file 'spca.Rd':
     \usage lines wider than 90 characters:
     spca(x,K,para,type=c("predictor","Gram"),sparse=c("penalty","varnum"),use.corr=FALSE,lambda=1e-6,max.iter=200,trace=FALSE,eps.conv=1e-3 ... [TRUNCATED]
    
    These lines will be truncated in the PDF manual.
Flavors: r-devel-linux-x86_64-debian-clang, r-devel-linux-x86_64-debian-gcc, r-devel-linux-x86_64-fedora-clang, r-devel-linux-x86_64-fedora-gcc, r-patched-linux-x86_64, r-release-linux-ix86, r-release-linux-x86_64