CRAN Package Check Results for Package elec.strat

Last updated on 2017-12-13 01:54:37 CET.

Flavor Version Tinstall Tcheck Ttotal Status Flags
r-devel-linux-x86_64-debian-clang 0.1.1 1.29 24.41 25.70 NOTE
r-devel-linux-x86_64-debian-gcc 0.1.1 1.27 20.00 21.27 NOTE
r-devel-linux-x86_64-fedora-clang 0.1.1 29.98 NOTE
r-devel-windows-ix86+x86_64 0.1.1 9.00 43.00 52.00 NOTE
r-patched-linux-x86_64 0.1.1 1.39 25.10 26.49 NOTE
r-patched-solaris-x86 0.1.1 41.80 NOTE
r-release-linux-x86_64 0.1.1 1.36 24.69 26.05 NOTE
r-release-windows-ix86+x86_64 0.1.1 5.00 40.00 45.00 NOTE
r-release-osx-x86_64 0.1.1 NOTE
r-oldrel-windows-ix86+x86_64 0.1.1 5.00 39.00 44.00 NOTE
r-oldrel-osx-x86_64 0.1.1 NOTE

Check Details

Version: 0.1.1
Check: dependencies in R code
Result: NOTE
    Package in Depends field not imported from: ‘elec’
     These packages need to be imported from (in the NAMESPACE file)
     for when this namespace is loaded but not attached.
Flavors: r-devel-linux-x86_64-debian-clang, r-devel-linux-x86_64-debian-gcc, r-devel-linux-x86_64-fedora-clang, r-devel-windows-ix86+x86_64, r-patched-linux-x86_64, r-patched-solaris-x86, r-release-linux-x86_64, r-release-windows-ix86+x86_64, r-release-osx-x86_64, r-oldrel-windows-ix86+x86_64, r-oldrel-osx-x86_64

Version: 0.1.1
Check: R code for possible problems
Result: NOTE
    BaB: no visible binding for global variable ‘calc.pairwise.e_p’
    BaB: no visible global function definition for ‘weight.function’
    BaB: no visible global function definition for ‘compute.stark.t’
    LKPBound: no visible binding for global variable ‘calc.pairwise.e_p’
    LKPBound: no visible global function definition for ‘weight.function’
    LKPBound: no visible global function definition for ‘compute.stark.t’
    eqValBound: no visible binding for global variable ‘calc.pairwise.e_p’
    eqValBound: no visible global function definition for ‘weight.function’
    eqValBound: no visible global function definition for ‘compute.stark.t’
    getEbsMargin: no visible global function definition for ‘is.elec.data’
    getEbsMargin: no visible global function definition for
     ‘maximumMarginBound’
    makeStratObj: no visible global function definition for ‘is.elec.data’
    makeStratObj: no visible global function definition for
     ‘maximumMarginBound’
    strat.elec.data: no visible global function definition for ‘elec.data’
    takeOutZeroMMB: no visible global function definition for
     ‘maximumMarginBound’
    withReplaceBound: no visible binding for global variable
     ‘calc.pairwise.e_p’
    withReplaceBound: no visible global function definition for
     ‘weight.function’
    withReplaceBound: no visible global function definition for
     ‘compute.stark.t’
    Undefined global functions or variables:
     calc.pairwise.e_p compute.stark.t elec.data is.elec.data
     maximumMarginBound weight.function
Flavors: r-devel-linux-x86_64-debian-clang, r-devel-linux-x86_64-debian-gcc, r-devel-linux-x86_64-fedora-clang, r-devel-windows-ix86+x86_64, r-patched-linux-x86_64, r-patched-solaris-x86, r-release-linux-x86_64, r-release-windows-ix86+x86_64, r-release-osx-x86_64, r-oldrel-windows-ix86+x86_64, r-oldrel-osx-x86_64

Version: 0.1.1
Check: compiled code
Result: NOTE
    File ‘elec.strat/libs/elec.strat.so’:
     Found no calls to: ‘R_registerRoutines’, ‘R_useDynamicSymbols’
    
    It is good practice to register native routines and to disable symbol
    search.
    
    See ‘Writing portable packages’ in the ‘Writing R Extensions’ manual.
Flavors: r-devel-linux-x86_64-debian-clang, r-devel-linux-x86_64-debian-gcc, r-devel-linux-x86_64-fedora-clang, r-patched-linux-x86_64, r-release-linux-x86_64