CRAN Package Check Results for Package elfDistr

Last updated on 2024-02-26 04:49:25 CET.

Flavor Version Tinstall Tcheck Ttotal Status Flags
r-devel-linux-x86_64-debian-clang 1.0.0 23.47 30.67 54.14 NOTE
r-devel-linux-x86_64-debian-gcc 1.0.0 16.61 23.02 39.63 NOTE
r-devel-linux-x86_64-fedora-clang 1.0.0 72.62 NOTE
r-devel-linux-x86_64-fedora-gcc 1.0.0 67.91 NOTE
r-devel-windows-x86_64 1.0.0 18.00 64.00 82.00 NOTE
r-patched-linux-x86_64 1.0.0 20.71 28.85 49.56 NOTE
r-release-linux-x86_64 1.0.0 20.77 29.19 49.96 NOTE
r-release-macos-arm64 1.0.0 25.00 NOTE
r-release-macos-x86_64 1.0.0 36.00 NOTE
r-release-windows-x86_64 1.0.0 19.00 72.00 91.00 NOTE
r-oldrel-macos-arm64 1.0.0 26.00 NOTE
r-oldrel-windows-x86_64 1.0.0 26.00 71.00 97.00 NOTE

Check Details

Version: 1.0.0
Check: C++ specification
Result: NOTE Specified C++11: please drop specification unless essential Flavors: r-devel-linux-x86_64-debian-clang, r-devel-linux-x86_64-debian-gcc, r-devel-linux-x86_64-fedora-clang, r-devel-linux-x86_64-fedora-gcc, r-devel-windows-x86_64, r-patched-linux-x86_64, r-release-linux-x86_64, r-release-macos-arm64, r-release-macos-x86_64, r-release-windows-x86_64

Version: 1.0.0
Check: LazyData
Result: NOTE 'LazyData' is specified without a 'data' directory Flavors: r-devel-linux-x86_64-debian-clang, r-devel-linux-x86_64-debian-gcc, r-devel-linux-x86_64-fedora-clang, r-devel-linux-x86_64-fedora-gcc, r-devel-windows-x86_64, r-patched-linux-x86_64, r-release-linux-x86_64, r-release-macos-arm64, r-release-macos-x86_64, r-release-windows-x86_64, r-oldrel-macos-arm64, r-oldrel-windows-x86_64