CRAN Package Check Results for Package elhmc

Last updated on 2024-04-19 01:58:41 CEST.

Flavor Version Tinstall Tcheck Ttotal Status Flags
r-devel-linux-x86_64-debian-clang 1.1.0 3.09 31.01 34.10 NOTE
r-devel-linux-x86_64-debian-gcc 1.1.0 2.31 24.35 26.66 NOTE
r-devel-linux-x86_64-fedora-clang 1.1.0 44.14 NOTE
r-devel-linux-x86_64-fedora-gcc 1.1.0 42.16 NOTE
r-prerel-macos-arm64 1.1.0 17.00 NOTE
r-prerel-windows-x86_64 1.1.0 4.00 43.00 47.00 NOTE
r-patched-linux-x86_64 1.1.0 1.97 30.69 32.66 NOTE
r-release-linux-x86_64 1.1.0 2.45 30.33 32.78 NOTE
r-release-macos-arm64 1.1.0 18.00 NOTE
r-release-macos-x86_64 1.1.0 24.00 NOTE
r-release-windows-x86_64 1.1.0 4.00 46.00 50.00 NOTE
r-oldrel-macos-arm64 1.1.0 19.00 NOTE
r-oldrel-windows-x86_64 1.1.0 4.00 53.00 57.00 NOTE

Check Details

Version: 1.1.0
Check: LazyData
Result: NOTE 'LazyData' is specified without a 'data' directory Flavors: r-devel-linux-x86_64-debian-clang, r-devel-linux-x86_64-debian-gcc, r-devel-linux-x86_64-fedora-clang, r-devel-linux-x86_64-fedora-gcc, r-prerel-macos-arm64, r-prerel-windows-x86_64, r-patched-linux-x86_64, r-release-linux-x86_64, r-release-macos-arm64, r-release-macos-x86_64, r-release-windows-x86_64, r-oldrel-macos-arm64, r-oldrel-windows-x86_64