CRAN Package Check Results for Package elmNN

Last updated on 2016-05-03 23:46:47.

Flavor Version Tinstall Tcheck Ttotal Status Flags
r-devel-linux-x86_64-debian-gcc 1.0 0.60 9.75 10.35 NOTE
r-devel-linux-x86_64-fedora-clang 1.0 16.83 NOTE
r-devel-linux-x86_64-fedora-gcc 1.0 16.50 NOTE
r-devel-osx-x86_64-clang 1.0 22.51 NOTE
r-devel-windows-ix86+x86_64 1.0 3.00 27.00 30.00 NOTE
r-patched-linux-x86_64 1.0 0.56 9.25 9.81 NOTE
r-patched-solaris-sparc 1.0 109.50 NOTE
r-patched-solaris-x86 1.0 26.10 NOTE
r-release-linux-x86_64 1.0 0.66 10.13 10.79 NOTE
r-release-osx-x86_64-mavericks 1.0 NOTE
r-release-windows-ix86+x86_64 1.0 2.00 30.00 32.00 NOTE
r-oldrel-windows-ix86+x86_64 1.0 4.00 26.00 30.00 NOTE

Check Details

Version: 1.0
Check: dependencies in R code
Result: NOTE
    'library' or 'require' call to ‘MASS’ which was already attached by Depends.
     Please remove these calls from your code.
Flavors: r-devel-linux-x86_64-debian-gcc, r-devel-linux-x86_64-fedora-clang, r-devel-linux-x86_64-fedora-gcc, r-devel-osx-x86_64-clang, r-devel-windows-ix86+x86_64, r-patched-linux-x86_64, r-patched-solaris-sparc, r-patched-solaris-x86, r-release-linux-x86_64, r-release-osx-x86_64-mavericks, r-release-windows-ix86+x86_64, r-oldrel-windows-ix86+x86_64

Version: 1.0
Check: S3 generic/method consistency
Result: NOTE
    Found the following apparent S3 methods exported but not registered:
     elmtrain.default elmtrain.formula
    See section ‘Registering S3 methods’ in the ‘Writing R Extensions’
    manual.
Flavors: r-devel-linux-x86_64-debian-gcc, r-devel-linux-x86_64-fedora-clang, r-devel-linux-x86_64-fedora-gcc, r-devel-osx-x86_64-clang, r-patched-linux-x86_64, r-patched-solaris-sparc, r-patched-solaris-x86, r-release-linux-x86_64

Version: 1.0
Check: R code for possible problems
Result: NOTE
    elmtrain.default: no visible global function definition for ‘runif’
    elmtrain.formula: no visible global function definition for
     ‘model.frame’
    elmtrain.formula: no visible global function definition for
     ‘model.matrix’
    elmtrain.formula: no visible global function definition for
     ‘model.response’
    predict.elmNN: no visible global function definition for ‘fitted’
    predict.elmNN: no visible global function definition for ‘model.matrix’
    print.elmNN: no visible global function definition for ‘head’
    print.elmNN: no visible global function definition for ‘fitted’
    randomMatrix: no visible global function definition for ‘runif’
    Undefined global functions or variables:
     fitted head model.frame model.matrix model.response runif
    Consider adding
     importFrom("stats", "fitted", "model.frame", "model.matrix",
     "model.response", "runif")
     importFrom("utils", "head")
    to your NAMESPACE file.
Flavors: r-devel-linux-x86_64-debian-gcc, r-devel-linux-x86_64-fedora-clang, r-devel-linux-x86_64-fedora-gcc, r-devel-osx-x86_64-clang, r-devel-windows-ix86+x86_64, r-patched-linux-x86_64, r-patched-solaris-sparc, r-patched-solaris-x86