CRAN Package Check Results for Package elmNN

Last updated on 2014-08-02 03:50:52.

Flavor Version Tinstall Tcheck Ttotal Status Flags
r-devel-linux-x86_64-debian-clang 1.0 0.54 9.49 10.03 NOTE
r-devel-linux-x86_64-debian-gcc 1.0 0.55 9.68 10.23 NOTE
r-devel-linux-x86_64-fedora-clang 1.0 20.38 NOTE
r-devel-linux-x86_64-fedora-gcc 1.0 18.98 NOTE
r-devel-osx-x86_64-clang 1.0 22.98 NOTE
r-devel-windows-ix86+x86_64 1.0 2.00 18.00 20.00 NOTE
r-patched-linux-x86_64 1.0 0.59 9.63 10.22 NOTE
r-patched-solaris-sparc 1.0 119.00 NOTE
r-patched-solaris-x86 1.0 29.60 NOTE
r-release-linux-ix86 1.0 0.86 15.42 16.29 NOTE
r-release-linux-x86_64 1.0 0.59 9.80 10.39 NOTE
r-release-osx-x86_64-mavericks 1.0 NOTE
r-release-windows-ix86+x86_64 1.0 5.00 23.00 28.00 NOTE
r-oldrel-windows-ix86+x86_64 1.0 5.00 24.00 29.00 NOTE

Check Details

Version: 1.0
Check: dependencies in R code
Result: NOTE
    'library' or 'require' call to MASS which was already attached by Depends.
     Please remove these calls from your code.
    See the information on DESCRIPTION files in the chapter Creating R
    packages of the Writing R Extensions manual.
Flavors: r-devel-linux-x86_64-debian-clang, r-devel-linux-x86_64-debian-gcc, r-devel-linux-x86_64-fedora-clang, r-devel-linux-x86_64-fedora-gcc, r-devel-osx-x86_64-clang, r-devel-windows-ix86+x86_64, r-patched-linux-x86_64, r-patched-solaris-sparc, r-patched-solaris-x86, r-release-linux-ix86, r-release-linux-x86_64, r-release-osx-x86_64-mavericks, r-release-windows-ix86+x86_64, r-oldrel-windows-ix86+x86_64