CRAN Package Check Results for Package elmNN

Last updated on 2015-01-31 11:51:44.

Flavor Version Tinstall Tcheck Ttotal Status Flags
r-devel-linux-x86_64-debian-clang 1.0 0.56 9.15 9.72 NOTE
r-devel-linux-x86_64-debian-gcc 1.0 0.57 8.94 9.51 NOTE
r-devel-linux-x86_64-fedora-clang 1.0 21.33 NOTE
r-devel-linux-x86_64-fedora-gcc 1.0 21.10 NOTE
r-devel-osx-x86_64-clang 1.0 26.89 NOTE
r-devel-windows-ix86+x86_64 1.0 3.00 16.00 19.00 NOTE
r-patched-linux-x86_64 1.0 0.62 11.12 11.74 NOTE
r-patched-solaris-sparc 1.0 121.20 NOTE
r-patched-solaris-x86 1.0 32.60 NOTE
r-release-linux-ix86 1.0 0.90 16.44 17.34 NOTE
r-release-linux-x86_64 1.0 0.65 10.53 11.18 NOTE
r-release-osx-x86_64-mavericks 1.0 NOTE
r-release-windows-ix86+x86_64 1.0 2.00 19.00 21.00 NOTE
r-oldrel-windows-ix86+x86_64 1.0 3.00 20.00 23.00 NOTE

Check Details

Version: 1.0
Check: dependencies in R code
Result: NOTE
    'library' or 'require' call to ‘MASS’ which was already attached by Depends.
     Please remove these calls from your code.
Flavors: r-devel-linux-x86_64-debian-clang, r-devel-linux-x86_64-debian-gcc, r-devel-linux-x86_64-fedora-clang, r-devel-linux-x86_64-fedora-gcc, r-devel-osx-x86_64-clang, r-devel-windows-ix86+x86_64

Version: 1.0
Check: S3 generic/method consistency
Result: NOTE
    Found the following apparent S3 methods exported but not registered:
     elmtrain.default elmtrain.formula
    See section ‘Registering S3 methods’ in the ‘Writing R Extensions’
    manual.
Flavors: r-devel-linux-x86_64-debian-clang, r-devel-linux-x86_64-debian-gcc, r-devel-linux-x86_64-fedora-clang, r-devel-linux-x86_64-fedora-gcc, r-devel-osx-x86_64-clang

Version: 1.0
Check: dependencies in R code
Result: NOTE
    'library' or 'require' call to ‘MASS’ which was already attached by Depends.
     Please remove these calls from your code.
    See the information on DESCRIPTION files in the chapter ‘Creating R
    packages’ of the ‘Writing R Extensions’ manual.
Flavors: r-patched-linux-x86_64, r-patched-solaris-sparc, r-patched-solaris-x86, r-release-linux-ix86, r-release-linux-x86_64, r-release-osx-x86_64-mavericks, r-release-windows-ix86+x86_64, r-oldrel-windows-ix86+x86_64