CRAN Package Check Results for Package elmNN

Last updated on 2015-07-07 21:46:31.

Flavor Version Tinstall Tcheck Ttotal Status Flags
r-devel-linux-x86_64-debian-clang 1.0 0.52 9.56 10.08 NOTE
r-devel-linux-x86_64-debian-gcc 1.0 0.53 9.17 9.70 NOTE
r-devel-linux-x86_64-fedora-clang 1.0 18.55 NOTE
r-devel-linux-x86_64-fedora-gcc 1.0 17.20 NOTE
r-devel-osx-x86_64-clang 1.0 19.84 NOTE
r-devel-windows-ix86+x86_64 1.0 6.00 17.00 23.00 NOTE
r-patched-linux-x86_64 1.0 0.55 9.30 9.85 NOTE
r-patched-solaris-sparc 1.0 119.20 NOTE
r-patched-solaris-x86 1.0 29.20 NOTE
r-release-linux-x86_64 1.0 0.60 9.49 10.09 NOTE
r-release-osx-x86_64-mavericks 1.0 NOTE
r-release-windows-ix86+x86_64 1.0 4.00 19.00 23.00 NOTE
r-oldrel-windows-ix86+x86_64 1.0 3.00 23.00 26.00 NOTE

Check Details

Version: 1.0
Check: dependencies in R code
Result: NOTE
    'library' or 'require' call to ‘MASS’ which was already attached by Depends.
     Please remove these calls from your code.
Flavors: r-devel-linux-x86_64-debian-clang, r-devel-linux-x86_64-debian-gcc, r-devel-linux-x86_64-fedora-clang, r-devel-linux-x86_64-fedora-gcc, r-devel-osx-x86_64-clang, r-devel-windows-ix86+x86_64, r-patched-linux-x86_64, r-patched-solaris-sparc, r-patched-solaris-x86, r-release-linux-x86_64, r-release-osx-x86_64-mavericks, r-release-windows-ix86+x86_64, r-oldrel-windows-ix86+x86_64

Version: 1.0
Check: S3 generic/method consistency
Result: NOTE
    Found the following apparent S3 methods exported but not registered:
     elmtrain.default elmtrain.formula
    See section ‘Registering S3 methods’ in the ‘Writing R Extensions’
    manual.
Flavors: r-devel-linux-x86_64-debian-clang, r-devel-linux-x86_64-debian-gcc, r-devel-linux-x86_64-fedora-clang, r-devel-linux-x86_64-fedora-gcc, r-devel-osx-x86_64-clang, r-patched-linux-x86_64, r-patched-solaris-sparc, r-patched-solaris-x86, r-release-linux-x86_64

Version: 1.0
Check: R code for possible problems
Result: NOTE
    elmtrain.default: no visible global function definition for ‘runif’
    elmtrain.formula: no visible global function definition for
     ‘model.frame’
    elmtrain.formula: no visible global function definition for
     ‘model.matrix’
    elmtrain.formula: no visible global function definition for
     ‘model.response’
    predict.elmNN: no visible global function definition for ‘fitted’
    predict.elmNN: no visible global function definition for ‘model.matrix’
    print.elmNN: no visible global function definition for ‘head’
    print.elmNN: no visible global function definition for ‘fitted’
    randomMatrix: no visible global function definition for ‘runif’
    Undefined global functions or variables:
     fitted head model.frame model.matrix model.response runif
Flavors: r-devel-linux-x86_64-debian-clang, r-devel-linux-x86_64-debian-gcc, r-devel-linux-x86_64-fedora-clang, r-devel-linux-x86_64-fedora-gcc, r-devel-windows-ix86+x86_64