CRAN Package Check Results for Package elmNN

Last updated on 2015-02-27 23:47:47.

Flavor Version Tinstall Tcheck Ttotal Status Flags
r-devel-linux-x86_64-debian-clang 1.0 0.57 9.56 10.13 NOTE
r-devel-linux-x86_64-debian-gcc 1.0 0.55 9.34 9.89 NOTE
r-devel-linux-x86_64-fedora-clang 1.0 19.73 NOTE
r-devel-linux-x86_64-fedora-gcc 1.0 18.60 NOTE
r-devel-osx-x86_64-clang 1.0 24.66 NOTE
r-devel-windows-ix86+x86_64 1.0 5.00 16.00 21.00 NOTE
r-patched-linux-x86_64 1.0 0.60 10.68 11.28 NOTE
r-patched-solaris-sparc 1.0 121.20 NOTE
r-release-linux-ix86 1.0 0.90 16.67 17.57 NOTE
r-release-linux-x86_64 1.0 0.78 10.54 11.32 NOTE
r-release-osx-x86_64-mavericks 1.0 NOTE
r-release-windows-ix86+x86_64 1.0 3.00 19.00 22.00 NOTE
r-oldrel-windows-ix86+x86_64 1.0 3.00 20.00 23.00 NOTE

Check Details

Version: 1.0
Check: dependencies in R code
Result: NOTE
    'library' or 'require' call to ‘MASS’ which was already attached by Depends.
     Please remove these calls from your code.
Flavors: r-devel-linux-x86_64-debian-clang, r-devel-linux-x86_64-debian-gcc, r-devel-linux-x86_64-fedora-clang, r-devel-linux-x86_64-fedora-gcc, r-devel-osx-x86_64-clang, r-devel-windows-ix86+x86_64, r-patched-linux-x86_64

Version: 1.0
Check: S3 generic/method consistency
Result: NOTE
    Found the following apparent S3 methods exported but not registered:
     elmtrain.default elmtrain.formula
    See section ‘Registering S3 methods’ in the ‘Writing R Extensions’
    manual.
Flavors: r-devel-linux-x86_64-debian-clang, r-devel-linux-x86_64-debian-gcc, r-devel-linux-x86_64-fedora-clang, r-devel-linux-x86_64-fedora-gcc, r-devel-osx-x86_64-clang

Version: 1.0
Check: dependencies in R code
Result: NOTE
    'library' or 'require' call to ‘MASS’ which was already attached by Depends.
     Please remove these calls from your code.
    See the information on DESCRIPTION files in the chapter ‘Creating R
    packages’ of the ‘Writing R Extensions’ manual.
Flavors: r-patched-solaris-sparc, r-release-linux-ix86, r-release-linux-x86_64, r-release-osx-x86_64-mavericks, r-release-windows-ix86+x86_64, r-oldrel-windows-ix86+x86_64