CRAN Package Check Results for Package elmNN

Last updated on 2014-09-21 19:47:51.

Flavor Version Tinstall Tcheck Ttotal Status Flags
r-devel-linux-x86_64-debian-clang 1.0 0.54 9.78 10.32 NOTE
r-devel-linux-x86_64-debian-gcc 1.0 0.54 9.60 10.14 NOTE
r-devel-linux-x86_64-fedora-clang 1.0 20.56 NOTE
r-devel-linux-x86_64-fedora-gcc 1.0 18.70 NOTE
r-devel-osx-x86_64-clang 1.0 24.03 NOTE
r-devel-windows-ix86+x86_64 1.0 2.00 17.00 19.00 NOTE
r-patched-linux-x86_64 1.0 0.59 10.03 10.62 NOTE
r-patched-solaris-sparc 1.0 119.00 NOTE
r-patched-solaris-x86 1.0 29.50 NOTE
r-release-linux-ix86 1.0 0.88 15.72 16.60 NOTE
r-release-linux-x86_64 1.0 0.76 10.09 10.84 NOTE
r-release-osx-x86_64-mavericks 1.0 NOTE
r-release-windows-ix86+x86_64 1.0 3.00 17.00 20.00 NOTE
r-oldrel-windows-ix86+x86_64 1.0 2.00 18.00 20.00 NOTE

Check Details

Version: 1.0
Check: dependencies in R code
Result: NOTE
    'library' or 'require' call to ‘MASS’ which was already attached by Depends.
     Please remove these calls from your code.
    See the information on DESCRIPTION files in the chapter ‘Creating R
    packages’ of the ‘Writing R Extensions’ manual.
Flavors: r-devel-linux-x86_64-debian-clang, r-devel-linux-x86_64-debian-gcc, r-devel-linux-x86_64-fedora-clang, r-devel-linux-x86_64-fedora-gcc, r-devel-osx-x86_64-clang, r-devel-windows-ix86+x86_64, r-patched-linux-x86_64, r-patched-solaris-sparc, r-patched-solaris-x86, r-release-linux-ix86, r-release-linux-x86_64, r-release-osx-x86_64-mavericks, r-release-windows-ix86+x86_64, r-oldrel-windows-ix86+x86_64