CRAN Package Check Results for Package elmNN

Last updated on 2014-12-22 07:48:01.

Flavor Version Tinstall Tcheck Ttotal Status Flags
r-devel-linux-x86_64-debian-clang 1.0 0.58 10.52 11.10 NOTE
r-devel-linux-x86_64-debian-gcc 1.0 0.58 10.17 10.75 NOTE
r-devel-linux-x86_64-fedora-clang 1.0 22.07 NOTE
r-devel-linux-x86_64-fedora-gcc 1.0 21.45 NOTE
r-devel-osx-x86_64-clang 1.0 26.15 NOTE
r-devel-windows-ix86+x86_64 1.0 3.00 17.00 20.00 NOTE
r-patched-linux-x86_64 1.0 0.62 10.43 11.05 NOTE
r-patched-solaris-sparc 1.0 121.70 NOTE
r-patched-solaris-x86 1.0 32.30 NOTE
r-release-linux-ix86 1.0 0.98 15.72 16.71 NOTE
r-release-linux-x86_64 1.0 0.60 10.48 11.09 NOTE
r-release-osx-x86_64-mavericks 1.0 NOTE
r-release-windows-ix86+x86_64 1.0 3.00 19.00 22.00 NOTE
r-oldrel-windows-ix86+x86_64 1.0 3.00 19.00 22.00 NOTE

Check Details

Version: 1.0
Check: dependencies in R code
Result: NOTE
    'library' or 'require' call to ‘MASS’ which was already attached by Depends.
     Please remove these calls from your code.
    See the information on DESCRIPTION files in the chapter ‘Creating R
    packages’ of the ‘Writing R Extensions’ manual.
Flavors: r-devel-linux-x86_64-debian-clang, r-devel-linux-x86_64-debian-gcc, r-devel-linux-x86_64-fedora-clang, r-devel-linux-x86_64-fedora-gcc, r-devel-osx-x86_64-clang, r-devel-windows-ix86+x86_64, r-patched-linux-x86_64, r-patched-solaris-sparc, r-patched-solaris-x86, r-release-linux-ix86, r-release-linux-x86_64, r-release-osx-x86_64-mavericks, r-release-windows-ix86+x86_64, r-oldrel-windows-ix86+x86_64