CRAN Package Check Results for Package elmNN

Last updated on 2014-07-24 16:47:58.

Flavor Version Tinstall Tcheck Ttotal Status Flags
r-devel-linux-x86_64-debian-clang 1.0 0.54 10.10 10.64 NOTE
r-devel-linux-x86_64-debian-gcc 1.0 0.60 9.33 9.92 NOTE
r-devel-linux-x86_64-fedora-clang 1.0 20.46 NOTE
r-devel-linux-x86_64-fedora-gcc 1.0 19.88 NOTE
r-devel-osx-x86_64-clang 1.0 23.35 NOTE
r-devel-windows-ix86+x86_64 1.0 2.00 17.00 19.00 NOTE
r-patched-linux-x86_64 1.0 0.55 9.52 10.07 NOTE
r-patched-solaris-sparc 1.0 116.40 NOTE
r-patched-solaris-x86 1.0 29.20 NOTE
r-release-linux-ix86 1.0 0.86 15.82 16.68 NOTE
r-release-linux-x86_64 1.0 0.58 9.84 10.42 NOTE
r-release-osx-x86_64-mavericks 1.0 NOTE
r-release-windows-ix86+x86_64 1.0 2.00 16.00 18.00 NOTE
r-oldrel-windows-ix86+x86_64 1.0 2.00 17.00 19.00 NOTE

Check Details

Version: 1.0
Check: dependencies in R code
Result: NOTE
    'library' or 'require' call to ‘MASS’ which was already attached by Depends.
     Please remove these calls from your code.
    See the information on DESCRIPTION files in the chapter ‘Creating R
    packages’ of the ‘Writing R Extensions’ manual.
Flavors: r-devel-linux-x86_64-debian-clang, r-devel-linux-x86_64-debian-gcc, r-devel-linux-x86_64-fedora-clang, r-devel-linux-x86_64-fedora-gcc, r-devel-osx-x86_64-clang, r-devel-windows-ix86+x86_64, r-patched-linux-x86_64, r-patched-solaris-sparc, r-patched-solaris-x86, r-release-linux-ix86, r-release-linux-x86_64, r-release-osx-x86_64-mavericks, r-release-windows-ix86+x86_64, r-oldrel-windows-ix86+x86_64