CRAN Package Check Results for Package elrm

Last updated on 2016-08-24 20:54:17.

Flavor Version Tinstall Tcheck Ttotal Status Flags
r-devel-linux-x86_64-debian-clang 1.2.2 2.99 44.52 47.51 NOTE
r-devel-linux-x86_64-debian-gcc 1.2.2 3.33 41.60 44.93 NOTE
r-devel-linux-x86_64-fedora-clang 1.2.2 60.97 NOTE
r-devel-linux-x86_64-fedora-gcc 1.2.2 58.94 NOTE
r-devel-osx-x86_64-clang 1.2.2 48.13 NOTE
r-devel-windows-ix86+x86_64 1.2.2 16.00 132.00 148.00 NOTE
r-patched-linux-x86_64 1.2.2 3.01 40.44 43.45 NOTE
r-patched-solaris-sparc 1.2.2 359.10 NOTE
r-patched-solaris-x86 1.2.2 73.60 NOTE
r-release-linux-x86_64 1.2.2 3.24 41.68 44.93 NOTE
r-release-osx-x86_64-mavericks 1.2.2 WARN
r-release-windows-ix86+x86_64 1.2.2 18.00 138.00 156.00 NOTE
r-oldrel-windows-ix86+x86_64 1.2.2 10.00 137.00 147.00 NOTE

Check Details

Version: 1.2.2
Check: S3 generic/method consistency
Result: NOTE
    Found the following apparent S3 methods exported but not registered:
     plot.elrm summary.elrm update.elrm
    See section ‘Registering S3 methods’ in the ‘Writing R Extensions’
    manual.
Flavors: r-devel-linux-x86_64-debian-clang, r-devel-linux-x86_64-debian-gcc, r-devel-linux-x86_64-fedora-clang, r-devel-linux-x86_64-fedora-gcc, r-devel-osx-x86_64-clang, r-patched-linux-x86_64, r-patched-solaris-sparc, r-patched-solaris-x86, r-release-linux-x86_64

Version: 1.2.2
Check: R code for possible problems
Result: NOTE
    elrm: no visible global function definition for ‘write.table’
    plot.elrm: no visible global function definition for ‘dev.new’
    progress: no visible global function definition for ‘flush.console’
    update.elrm: no visible global function definition for ‘write.table’
    Undefined global functions or variables:
     dev.new flush.console write.table
    Consider adding
     importFrom("grDevices", "dev.new")
     importFrom("utils", "flush.console", "write.table")
    to your NAMESPACE file.
Flavors: r-devel-linux-x86_64-debian-clang, r-devel-linux-x86_64-debian-gcc, r-devel-linux-x86_64-fedora-clang, r-devel-linux-x86_64-fedora-gcc, r-devel-osx-x86_64-clang, r-devel-windows-ix86+x86_64, r-patched-linux-x86_64, r-patched-solaris-sparc, r-patched-solaris-x86, r-release-linux-x86_64, r-release-osx-x86_64-mavericks, r-release-windows-ix86+x86_64

Version: 1.2.2
Check: compiled code
Result: NOTE
    File ‘elrm/libs/elrm.so’:
     Found ‘rand’, possibly from ‘rand’ (C)
     Objects: ‘binomMCMC.o’, ‘functions.o’
     Found ‘srand’, possibly from ‘srand’ (C)
     Object: ‘binomMCMC.o’
    
    Compiled code should not call entry points which might terminate R nor
    write to stdout/stderr instead of to the console, nor the system RNG.
    
    See ‘Writing portable packages’ in the ‘Writing R Extensions’ manual.
Flavors: r-devel-linux-x86_64-debian-clang, r-devel-linux-x86_64-debian-gcc, r-devel-linux-x86_64-fedora-clang, r-devel-linux-x86_64-fedora-gcc, r-patched-linux-x86_64, r-patched-solaris-sparc, r-patched-solaris-x86, r-release-linux-x86_64

Version: 1.2.2
Check: compiled code
Result: NOTE
    File ‘elrm/libs/elrm.so’:
     Found ‘_rand’, possibly from ‘rand’ (C)
     Objects: ‘binomMCMC.o’, ‘functions.o’
     Found ‘_srand’, possibly from ‘srand’ (C)
     Object: ‘binomMCMC.o’
    
    Compiled code should not call entry points which might terminate R nor
    write to stdout/stderr instead of to the console, nor the system RNG.
    
    See ‘Writing portable packages’ in the ‘Writing R Extensions’ manual.
Flavors: r-devel-osx-x86_64-clang, r-release-osx-x86_64-mavericks

Version: 1.2.2
Check: re-building of vignette outputs
Result: WARN
    Error in re-building vignettes:
     ...
    Warning in grepl("(Rerun to get|biblatex.*\\(re\\)run)", readLines(log, :
     input string 421 is invalid in this locale
    Error in texi2dvi(file = file, pdf = TRUE, clean = clean, quiet = quiet, :
     Running 'texi2dvi' on 'elrm.tex' failed.
    LaTeX errors:
    ! Undefined control sequence.
    l.20 ...V^^AZ^^[<e1>dF^^L{^^C<94>ұ<b1><b1>`0<88><a4>^^[<86>Q<ab>հj<92><c9>d<ae>\<b9>
     ^^B^^@mm<da>^^^<bb>r<a2>f樺Lj;<cd>4<a7>s...
    The control sequence at the end of the top line
    of your error message was never \def'ed. If you have
    ! LaTeX Error: Missing \begin{document}.
    
    See the LaTeX manual or LaTeX Companion for explanation.
    Type H <return> for immediate help.
     ...
    ! Extra }, or forgotten \endgroup.
    l.25 <c1><8e>N<92>$<d4>:<8c>^^A<d8>^^X<8e><e3>J<a5>R<8b>^^[ ^^G><bd>c,^^Y<9d>B<f5><a9>}
     !<d0>^^Y<f8><ec> <97>𥪪<f5>z<9d><b5><cb>^^Y<d1>X>d<87><8f>u{t!...
    I've deleted a group-closing symbol because it seems to be
    spurious, as in `$x}$'. But perhaps the } is legitimate and
    ! Undefined control sequence.
    l.45 x<9c><ed>\<cf>
     k^^[<d7>^^V>Q쪢<89
    Calls: buildVignettes -> texi2pdf -> texi2dvi
    Execution halted
Flavor: r-release-osx-x86_64-mavericks

Version: 1.2.2
Check: compiled code
Result: NOTE
    File 'elrm/libs/i386/elrm.dll':
     Found 'rand', possibly from 'rand' (C)
     Objects: 'binomMCMC.o', 'functions.o'
     Found 'srand', possibly from 'srand' (C)
     Object: 'binomMCMC.o'
    File 'elrm/libs/x64/elrm.dll':
     Found 'rand', possibly from 'rand' (C)
     Objects: 'binomMCMC.o', 'functions.o'
     Found 'srand', possibly from 'srand' (C)
     Object: 'binomMCMC.o'
    
    Compiled code should not call entry points which might terminate R nor
    write to stdout/stderr instead of to the console, nor the system RNG.
    
    See 'Writing portable packages' in the 'Writing R Extensions' manual.
Flavor: r-oldrel-windows-ix86+x86_64