CRAN Package Check Results for Package elrm

Last updated on 2014-09-03 03:50:26.

Flavor Version Tinstall Tcheck Ttotal Status Flags
r-devel-linux-x86_64-debian-clang 1.2.2 2.06 41.00 43.06 NOTE
r-devel-linux-x86_64-debian-gcc 1.2.2 3.03 39.22 42.25 NOTE
r-devel-linux-x86_64-fedora-clang 1.2.2 72.90 NOTE
r-devel-linux-x86_64-fedora-gcc 1.2.2 68.71 NOTE
r-devel-osx-x86_64-clang 1.2.2 76.21 NOTE
r-devel-windows-ix86+x86_64 1.2.2 14.00 101.00 115.00 NOTE
r-patched-linux-x86_64 1.2.2 3.14 40.60 43.73 OK
r-patched-solaris-sparc 1.2.2 411.40 OK
r-patched-solaris-x86 1.2.2 95.40 OK
r-release-linux-ix86 1.2.2 4.42 51.10 55.52 OK
r-release-linux-x86_64 1.2.2 3.17 40.91 44.08 OK
r-release-osx-x86_64-mavericks 1.2.2 OK
r-release-osx-x86_64-snowleopard 1.2.2 NOTE
r-release-windows-ix86+x86_64 1.2.2 14.00 106.00 120.00 OK
r-oldrel-windows-ix86+x86_64 1.2.2 15.00 105.00 120.00 OK

Check Details

Version: 1.2.2
Check: compiled code
Result: NOTE
    File ‘/home/hornik/tmp/R.check/r-devel-clang/Work/build/Packages/elrm/libs/elrm.so’:
     Found ‘rand’, possibly from ‘rand’ (C)
     Objects: ‘binomMCMC.o’, ‘functions.o’
     Found ‘srand’, possibly from ‘srand’ (C)
     Object: ‘binomMCMC.o’
    
    Compiled code should not call entry points which might terminate R nor
    write to stdout/stderr instead of to the console, nor the C RNG.
    
    See ‘Writing portable packages’ in the ‘Writing R Extensions’ manual.
Flavor: r-devel-linux-x86_64-debian-clang

Version: 1.2.2
Check: compiled code
Result: NOTE
    File ‘/home/hornik/tmp/R.check/r-devel-gcc/Work/build/Packages/elrm/libs/elrm.so’:
     Found ‘rand’, possibly from ‘rand’ (C)
     Objects: ‘binomMCMC.o’, ‘functions.o’
     Found ‘srand’, possibly from ‘srand’ (C)
     Object: ‘binomMCMC.o’
    
    Compiled code should not call entry points which might terminate R nor
    write to stdout/stderr instead of to the console, nor the C RNG.
    
    See ‘Writing portable packages’ in the ‘Writing R Extensions’ manual.
Flavor: r-devel-linux-x86_64-debian-gcc

Version: 1.2.2
Check: compiled code
Result: NOTE
    File ‘/data/gannet/ripley/R/packages/tests-clang/elrm.Rcheck/elrm/libs/elrm.so’:
     Found ‘rand’, possibly from ‘rand’ (C)
     Objects: ‘binomMCMC.o’, ‘functions.o’
     Found ‘srand’, possibly from ‘srand’ (C)
     Object: ‘binomMCMC.o’
    
    Compiled code should not call entry points which might terminate R nor
    write to stdout/stderr instead of to the console, nor the C RNG.
    
    See ‘Writing portable packages’ in the ‘Writing R Extensions’ manual.
Flavor: r-devel-linux-x86_64-fedora-clang

Version: 1.2.2
Check: compiled code
Result: NOTE
    File ‘/data/gannet/ripley/R/packages/tests-devel/elrm.Rcheck/elrm/libs/elrm.so’:
     Found ‘rand’, possibly from ‘rand’ (C)
     Objects: ‘binomMCMC.o’, ‘functions.o’
     Found ‘srand’, possibly from ‘srand’ (C)
     Object: ‘binomMCMC.o’
    
    Compiled code should not call entry points which might terminate R nor
    write to stdout/stderr instead of to the console, nor the C RNG.
    
    See ‘Writing portable packages’ in the ‘Writing R Extensions’ manual.
Flavor: r-devel-linux-x86_64-fedora-gcc

Version: 1.2.2
Check: compiled code
Result: NOTE
    File ‘/Users/ripley/R/packages/tests-devel/elrm.Rcheck/elrm/libs/elrm.so’:
     Found ‘_rand’, possibly from ‘rand’ (C)
     Objects: ‘binomMCMC.o’, ‘functions.o’
     Found ‘_srand’, possibly from ‘srand’ (C)
     Object: ‘binomMCMC.o’
    
    Compiled code should not call entry points which might terminate R nor
    write to stdout/stderr instead of to the console, nor the C RNG.
    
    See ‘Writing portable packages’ in the ‘Writing R Extensions’ manual.
Flavor: r-devel-osx-x86_64-clang

Version: 1.2.2
Check: compiled code
Result: NOTE
    File 'd:/Rcompile/CRANpkg/lib/3.2/elrm/libs/i386/elrm.dll':
     Found 'rand', possibly from 'rand' (C)
     Objects: 'binomMCMC.o', 'functions.o'
     Found 'srand', possibly from 'srand' (C)
     Object: 'binomMCMC.o'
    File 'd:/Rcompile/CRANpkg/lib/3.2/elrm/libs/x64/elrm.dll':
     Found 'rand', possibly from 'rand' (C)
     Objects: 'binomMCMC.o', 'functions.o'
     Found 'srand', possibly from 'srand' (C)
     Object: 'binomMCMC.o'
    
    Compiled code should not call entry points which might terminate R nor
    write to stdout/stderr instead of to the console, nor the C RNG.
    
    See 'Writing portable packages' in the 'Writing R Extensions' manual.
Flavor: r-devel-windows-ix86+x86_64

Version: 1.2.2
Check: re-building of vignette outputs
Result: NOTE
    Error in re-building vignettes:
     ...
    Error in texi2dvi(file = file, pdf = TRUE, clean = clean, quiet = quiet, :
     Running 'texi2dvi' on 'elrm.tex' failed.
    Messages:
    sh: gs: command not found
    !!! Error: Closing Ghostscript (exit status: 127)!
    /usr/bin/texi2dvi: thumbpdf exited with bad status, quitting.
    Calls: buildVignettes -> texi2pdf -> texi2dvi
    Execution halted
Flavor: r-release-osx-x86_64-snowleopard