CRAN Package Check Results for Package elrm

Last updated on 2014-07-22 17:48:29.

Flavor Version Tinstall Tcheck Ttotal Status Flags
r-devel-linux-x86_64-debian-clang 1.2.2 2.14 39.92 42.06 OK
r-devel-linux-x86_64-debian-gcc 1.2.2 3.07 39.66 42.73 OK
r-devel-linux-x86_64-fedora-clang 1.2.2 72.20 OK
r-devel-linux-x86_64-fedora-gcc 1.2.2 70.47 OK
r-devel-osx-x86_64-clang 1.2.2 78.34 OK
r-devel-windows-ix86+x86_64 1.2.2 13.00 104.00 117.00 OK
r-patched-linux-x86_64 1.2.2 3.16 40.44 43.60 OK
r-patched-solaris-sparc 1.2.2 396.90 OK
r-patched-solaris-x86 1.2.2 95.40 OK
r-release-linux-ix86 1.2.2 4.41 50.94 55.35 OK
r-release-linux-x86_64 1.2.2 3.13 40.53 43.66 OK
r-release-osx-x86_64-mavericks 1.2.2 OK
r-release-osx-x86_64-snowleopard 1.2.2 NOTE
r-release-windows-ix86+x86_64 1.2.2 14.00 100.00 114.00 OK
r-oldrel-windows-ix86+x86_64 1.2.2 15.00 109.00 124.00 OK

Check Details

Version: 1.2.2
Check: re-building of vignette outputs
Result: NOTE
    Error in re-building vignettes:
     ...
    Error in texi2dvi(file = file, pdf = TRUE, clean = clean, quiet = quiet, :
     Running 'texi2dvi' on 'elrm.tex' failed.
    Messages:
    sh: gs: command not found
    !!! Error: Closing Ghostscript (exit status: 127)!
    /usr/bin/texi2dvi: thumbpdf exited with bad status, quitting.
    Calls: buildVignettes -> texi2pdf -> texi2dvi
    Execution halted
Flavor: r-release-osx-x86_64-snowleopard