CRAN Package Check Results for Package elrm

Last updated on 2014-04-23 12:48:17.

Flavor Version Tinstall Tcheck Ttotal Status Flags
r-devel-linux-x86_64-debian-clang 1.2.2 2.26 41.36 43.62 OK
r-devel-linux-x86_64-debian-gcc 1.2.2 3.06 41.58 44.64 OK
r-devel-linux-x86_64-fedora-clang 1.2.2 71.12 OK
r-devel-linux-x86_64-fedora-gcc 1.2.2 71.00 OK
r-devel-osx-x86_64-clang 1.2.2 73.97 OK
r-devel-osx-x86_64-gcc 1.2.2 OK
r-devel-windows-ix86+x86_64 1.2.2 11.00 101.00 112.00 OK
r-patched-linux-x86_64 1.2.2 3.03 42.06 45.08 OK
r-patched-solaris-sparc 1.2.2 396.90 OK
r-patched-solaris-x86 1.2.2 89.30 OK
r-release-linux-ix86 1.2.2 5.00 66.00 71.00 OK
r-release-linux-x86_64 1.2.2 2.96 41.44 44.40 OK
r-release-osx-x86_64-mavericks 1.2.2 WARN
r-release-osx-x86_64-snowleopard 1.2.2 NOTE
r-release-windows-ix86+x86_64 1.2.2 12.00 104.00 116.00 OK
r-oldrel-windows-ix86+x86_64 1.2.2 13.00 105.00 118.00 OK

Check Details

Version: 1.2.2
Check: PDF version of manual
Result: WARNING
    LaTeX errors when creating PDF version.
    This typically indicates Rd problems.
    LaTeX errors found:
    ! LaTeX Error: File `upquote.sty' not found.
    
    Type X to quit or <RETURN> to proceed,
    or enter new name. (Default extension: sty)
    
    d82413/Rd2.tex:8: ==> Fatal error occurred, no output PDF file produced!
Flavor: r-release-osx-x86_64-mavericks

Version: 1.2.2
Check: re-building of vignette outputs
Result: NOTE
    Error in re-building vignettes:
     ...
    Error in texi2dvi(file = file, pdf = TRUE, clean = clean, quiet = quiet, :
     Running 'texi2dvi' on 'elrm.tex' failed.
    Messages:
    sh: gs: command not found
    !!! Error: Closing Ghostscript (exit status: 127)!
    /usr/bin/texi2dvi: thumbpdf exited with bad status, quitting.
    Calls: buildVignettes -> texi2pdf -> texi2dvi
    Execution halted
Flavor: r-release-osx-x86_64-snowleopard