CRAN Package Check Results for Package elrm

Last updated on 2015-03-27 10:47:57.

Flavor Version Tinstall Tcheck Ttotal Status Flags
r-devel-linux-x86_64-debian-clang 1.2.2 2.43 39.02 41.46 NOTE
r-devel-linux-x86_64-debian-gcc 1.2.2 3.08 38.35 41.43 NOTE
r-devel-linux-x86_64-fedora-clang 1.2.2 61.78 NOTE
r-devel-linux-x86_64-fedora-gcc 1.2.2 60.53 NOTE
r-devel-osx-x86_64-clang 1.2.2 79.65 NOTE
r-prerel-windows-ix86+x86_64 1.2.2 12.00 101.00 113.00 NOTE
r-prerel-linux-x86_64 1.2.2 3.01 38.06 41.08 NOTE
r-prerel-solaris-sparc 1.2.2 435.40 NOTE
r-prerel-solaris-x86 1.2.2 84.30 NOTE
r-release-linux-x86_64 1.2.2 3.18 41.34 44.52 NOTE
r-release-osx-x86_64-mavericks 1.2.2 NOTE
r-release-osx-x86_64-snowleopard 1.2.2 NOTE
r-release-windows-ix86+x86_64 1.2.2 15.00 99.00 114.00 NOTE
r-oldrel-windows-ix86+x86_64 1.2.2 13.00 145.00 158.00 OK

Check Details

Version: 1.2.2
Check: S3 generic/method consistency
Result: NOTE
    Found the following apparent S3 methods exported but not registered:
     plot.elrm summary.elrm
    See section ‘Registering S3 methods’ in the ‘Writing R Extensions’
    manual.
Flavors: r-devel-linux-x86_64-debian-clang, r-devel-linux-x86_64-debian-gcc, r-devel-linux-x86_64-fedora-clang, r-devel-linux-x86_64-fedora-gcc, r-devel-osx-x86_64-clang, r-prerel-linux-x86_64

Version: 1.2.2
Check: compiled code
Result: NOTE
    File ‘elrm/libs/elrm.so’:
     Found ‘rand’, possibly from ‘rand’ (C)
     Objects: ‘binomMCMC.o’, ‘functions.o’
     Found ‘srand’, possibly from ‘srand’ (C)
     Object: ‘binomMCMC.o’
    
    Compiled code should not call entry points which might terminate R nor
    write to stdout/stderr instead of to the console, nor the system RNG.
    
    See ‘Writing portable packages’ in the ‘Writing R Extensions’ manual.
Flavors: r-devel-linux-x86_64-debian-clang, r-devel-linux-x86_64-debian-gcc, r-devel-linux-x86_64-fedora-clang, r-devel-linux-x86_64-fedora-gcc, r-prerel-linux-x86_64, r-prerel-solaris-sparc, r-prerel-solaris-x86, r-release-linux-x86_64

Version: 1.2.2
Check: compiled code
Result: NOTE
    File ‘elrm/libs/elrm.so’:
     Found ‘_rand’, possibly from ‘rand’ (C)
     Objects: ‘binomMCMC.o’, ‘functions.o’
     Found ‘_srand’, possibly from ‘srand’ (C)
     Object: ‘binomMCMC.o’
    
    Compiled code should not call entry points which might terminate R nor
    write to stdout/stderr instead of to the console, nor the system RNG.
    
    See ‘Writing portable packages’ in the ‘Writing R Extensions’ manual.
Flavors: r-devel-osx-x86_64-clang, r-release-osx-x86_64-mavericks

Version: 1.2.2
Check: compiled code
Result: NOTE
    File 'elrm/libs/i386/elrm.dll':
     Found 'rand', possibly from 'rand' (C)
     Objects: 'binomMCMC.o', 'functions.o'
     Found 'srand', possibly from 'srand' (C)
     Object: 'binomMCMC.o'
    File 'elrm/libs/x64/elrm.dll':
     Found 'rand', possibly from 'rand' (C)
     Objects: 'binomMCMC.o', 'functions.o'
     Found 'srand', possibly from 'srand' (C)
     Object: 'binomMCMC.o'
    
    Compiled code should not call entry points which might terminate R nor
    write to stdout/stderr instead of to the console, nor the system RNG.
    
    See 'Writing portable packages' in the 'Writing R Extensions' manual.
Flavors: r-prerel-windows-ix86+x86_64, r-release-windows-ix86+x86_64

Version: 1.2.2
Check: re-building of vignette outputs
Result: NOTE
    Error in re-building vignettes:
     ...
    Error in texi2dvi(file = file, pdf = TRUE, clean = clean, quiet = quiet, :
     Running 'texi2dvi' on 'elrm.tex' failed.
    LaTeX errors:
    ! Undefined control sequence.
    l.20 ...V^^AZ^^[<e1>dF^^L{^^C<94>ұ<b1><b1>`0<88><a4>^^[<86>Q<ab>հj<92><c9>d<ae>\<b9>
     ^^B^^@mm<da>^^^<bb>r<a2>f樺Lj;<cd>4<a7>s...
    The control sequence at the end of the top line
    of your error message was never \def'ed. If you have
    ! LaTeX Error: Missing \begin{document}.
    
    See the LaTeX manual or LaTeX Companion for explanation.
    Type H <return> for immediate help.
     ...
    ! Extra }, or forgotten \endgroup.
    l.25 <c1><8e>N<92>$<d4>:<8c>^^A<d8>^^X<8e><e3>J<a5>R<8b>^^[ ^^G><bd>c,^^Y<9d>B<f5><a9>}
     !<d0>^^Y<f8><ec> <97>𥪪<f5>z<9d><b5><cb>^^Y<d1>X>d<87><8f>u{t!...
    I've deleted a group-closing symbol because it seems to be
    spurious, as in `$x}$'. But perhaps the } is legitimate and
    ! Undefined control sequence.
    l.45 x<9c><ed>\<cf>
     k^^[<d7>^^V>Q쪢<89
    Calls: buildVignettes -> texi2pdf -> texi2dvi
    Execution halted
Flavor: r-release-osx-x86_64-mavericks

Version: 1.2.2
Check: re-building of vignette outputs
Result: NOTE
    Error in re-building vignettes:
     ...
    Error in texi2dvi(file = file, pdf = TRUE, clean = clean, quiet = quiet, :
     Running 'texi2dvi' on 'elrm.tex' failed.
    Messages:
    sh: gs: command not found
    !!! Error: Closing Ghostscript (exit status: 127)!
    /usr/bin/texi2dvi: thumbpdf exited with bad status, quitting.
    Calls: buildVignettes -> texi2pdf -> texi2dvi
    Execution halted
Flavor: r-release-osx-x86_64-snowleopard