CRAN Package Check Results for Package elrm

Last updated on 2014-08-21 17:46:45.

Flavor Version Tinstall Tcheck Ttotal Status Flags
r-devel-linux-x86_64-debian-clang 1.2.2 2.05 39.85 41.90 OK
r-devel-linux-x86_64-debian-gcc 1.2.2 3.07 39.29 42.36 OK
r-devel-linux-x86_64-fedora-clang 1.2.2 72.34 OK
r-devel-linux-x86_64-fedora-gcc 1.2.2 67.16 OK
r-devel-osx-x86_64-clang 1.2.2 78.07 OK
r-devel-windows-ix86+x86_64 1.2.2 15.00 100.00 115.00 OK
r-patched-linux-x86_64 1.2.2 3.24 40.00 43.24 OK
r-patched-solaris-sparc 1.2.2 411.40 OK
r-patched-solaris-x86 1.2.2 96.20 OK
r-release-linux-ix86 1.2.2 4.46 51.37 55.83 OK
r-release-linux-x86_64 1.2.2 3.21 40.32 43.53 OK
r-release-osx-x86_64-mavericks 1.2.2 OK
r-release-osx-x86_64-snowleopard 1.2.2 NOTE
r-release-windows-ix86+x86_64 1.2.2 15.00 102.00 117.00 OK
r-oldrel-windows-ix86+x86_64 1.2.2 15.00 107.00 122.00 OK

Check Details

Version: 1.2.2
Check: re-building of vignette outputs
Result: NOTE
    Error in re-building vignettes:
     ...
    Error in texi2dvi(file = file, pdf = TRUE, clean = clean, quiet = quiet, :
     Running 'texi2dvi' on 'elrm.tex' failed.
    Messages:
    sh: gs: command not found
    !!! Error: Closing Ghostscript (exit status: 127)!
    /usr/bin/texi2dvi: thumbpdf exited with bad status, quitting.
    Calls: buildVignettes -> texi2pdf -> texi2dvi
    Execution halted
Flavor: r-release-osx-x86_64-snowleopard