CRAN Package Check Results for Package elrm

Last updated on 2014-10-23 00:47:56.

Flavor Version Tinstall Tcheck Ttotal Status Flags
r-devel-linux-x86_64-debian-clang 1.2.2 2.29 41.42 43.71 NOTE
r-devel-linux-x86_64-debian-gcc 1.2.2 3.12 40.97 44.09 NOTE
r-devel-linux-x86_64-fedora-clang 1.2.2 71.81 NOTE
r-devel-linux-x86_64-fedora-gcc 1.2.2 70.36 NOTE
r-devel-osx-x86_64-clang 1.2.2 79.93 NOTE
r-devel-windows-ix86+x86_64 1.2.2 13.00 102.00 115.00 NOTE
r-patched-linux-x86_64 1.2.2 3.18 41.90 45.08 NOTE
r-patched-solaris-sparc 1.2.2 417.50 NOTE
r-patched-solaris-x86 1.2.2 91.00 NOTE
r-release-linux-ix86 1.2.2 4.34 51.48 55.82 OK
r-release-linux-x86_64 1.2.2 3.51 41.94 45.44 OK
r-release-osx-x86_64-mavericks 1.2.2 OK
r-release-osx-x86_64-snowleopard 1.2.2 NOTE
r-release-windows-ix86+x86_64 1.2.2 14.00 100.00 114.00 OK
r-oldrel-windows-ix86+x86_64 1.2.2 15.00 106.00 121.00 OK

Check Details

Version: 1.2.2
Check: compiled code
Result: NOTE
    File ‘elrm/libs/elrm.so’:
     Found ‘rand’, possibly from ‘rand’ (C)
     Objects: ‘binomMCMC.o’, ‘functions.o’
     Found ‘srand’, possibly from ‘srand’ (C)
     Object: ‘binomMCMC.o’
    
    Compiled code should not call entry points which might terminate R nor
    write to stdout/stderr instead of to the console, nor the C RNG.
    
    See ‘Writing portable packages’ in the ‘Writing R Extensions’ manual.
Flavors: r-devel-linux-x86_64-debian-clang, r-devel-linux-x86_64-debian-gcc, r-devel-linux-x86_64-fedora-clang, r-devel-linux-x86_64-fedora-gcc, r-patched-linux-x86_64, r-patched-solaris-sparc, r-patched-solaris-x86

Version: 1.2.2
Check: compiled code
Result: NOTE
    File ‘elrm/libs/elrm.so’:
     Found ‘_rand’, possibly from ‘rand’ (C)
     Objects: ‘binomMCMC.o’, ‘functions.o’
     Found ‘_srand’, possibly from ‘srand’ (C)
     Object: ‘binomMCMC.o’
    
    Compiled code should not call entry points which might terminate R nor
    write to stdout/stderr instead of to the console, nor the C RNG.
    
    See ‘Writing portable packages’ in the ‘Writing R Extensions’ manual.
Flavor: r-devel-osx-x86_64-clang

Version: 1.2.2
Check: compiled code
Result: NOTE
    File 'elrm/libs/i386/elrm.dll':
     Found 'rand', possibly from 'rand' (C)
     Objects: 'binomMCMC.o', 'functions.o'
     Found 'srand', possibly from 'srand' (C)
     Object: 'binomMCMC.o'
    File 'elrm/libs/x64/elrm.dll':
     Found 'rand', possibly from 'rand' (C)
     Objects: 'binomMCMC.o', 'functions.o'
     Found 'srand', possibly from 'srand' (C)
     Object: 'binomMCMC.o'
    
    Compiled code should not call entry points which might terminate R nor
    write to stdout/stderr instead of to the console, nor the C RNG.
    
    See 'Writing portable packages' in the 'Writing R Extensions' manual.
Flavor: r-devel-windows-ix86+x86_64

Version: 1.2.2
Check: re-building of vignette outputs
Result: NOTE
    Error in re-building vignettes:
     ...
    Error in texi2dvi(file = file, pdf = TRUE, clean = clean, quiet = quiet, :
     Running 'texi2dvi' on 'elrm.tex' failed.
    Messages:
    sh: gs: command not found
    !!! Error: Closing Ghostscript (exit status: 127)!
    /usr/bin/texi2dvi: thumbpdf exited with bad status, quitting.
    Calls: buildVignettes -> texi2pdf -> texi2dvi
    Execution halted
Flavor: r-release-osx-x86_64-snowleopard