CRAN Package Check Results for Package em2

Last updated on 2014-04-16 15:49:26.

Flavor Version Tinstall Tcheck Ttotal Status Flags
r-devel-linux-x86_64-debian-clang 0.9 1.93 13.89 15.82 NOTE
r-devel-linux-x86_64-debian-gcc 0.9 2.36 13.77 16.14 NOTE
r-devel-linux-x86_64-fedora-clang 0.9 30.88 NOTE
r-devel-linux-x86_64-fedora-gcc 0.9 29.37 NOTE
r-devel-macosx-x86_64-clang 0.9 31.92 NOTE
r-devel-macosx-x86_64-gcc 0.9 NOTE
r-devel-windows-ix86+x86_64 0.9 12.00 29.00 41.00 NOTE
r-patched-linux-x86_64 0.9 2.04 13.70 15.74 NOTE
r-patched-solaris-sparc 0.9 174.20 NOTE
r-patched-solaris-x86 0.9 43.70 NOTE
r-release-linux-ix86 0.9 5.00 28.00 33.00 NOTE
r-release-linux-x86_64 0.9 2.03 13.91 15.94 NOTE
r-release-windows-ix86+x86_64 0.9 12.00 28.00 40.00 NOTE
r-oldrel-windows-ix86+x86_64 0.9 13.00 30.00 43.00 NOTE

Memtest notes: valgrind

Check Details

Version: 0.9
Check: dependencies in R code
Result: NOTE
    Package in Depends field not imported from: ‘plyr’
     These packages need to be imported from (in the NAMESPACE file)
     for when this namespace is loaded but not attached.
    See the information on DESCRIPTION files in the chapter ‘Creating R
    packages’ of the ‘Writing R Extensions’ manual.
Flavors: r-devel-linux-x86_64-debian-clang, r-devel-linux-x86_64-debian-gcc, r-devel-linux-x86_64-fedora-clang, r-devel-linux-x86_64-fedora-gcc, r-devel-macosx-x86_64-clang, r-devel-macosx-x86_64-gcc, r-devel-windows-ix86+x86_64, r-patched-linux-x86_64, r-patched-solaris-sparc, r-patched-solaris-x86, r-release-linux-ix86, r-release-linux-x86_64, r-release-windows-ix86+x86_64, r-oldrel-windows-ix86+x86_64