CRAN Package Check Results for Package em2

Last updated on 2014-08-23 10:48:00.

Flavor Version Tinstall Tcheck Ttotal Status Flags
r-devel-linux-x86_64-debian-clang 0.9 1.80 12.96 14.76 NOTE
r-devel-linux-x86_64-debian-gcc 0.9 1.85 12.86 14.72 NOTE
r-devel-linux-x86_64-fedora-clang 0.9 28.51 NOTE
r-devel-linux-x86_64-fedora-gcc 0.9 28.32 NOTE
r-devel-osx-x86_64-clang 0.9 29.85 NOTE
r-devel-windows-ix86+x86_64 0.9 11.00 29.00 40.00 NOTE
r-patched-linux-x86_64 0.9 2.04 13.02 15.06 NOTE
r-patched-solaris-sparc 0.9 184.90 NOTE
r-patched-solaris-x86 0.9 43.60 NOTE
r-release-linux-ix86 0.9 2.79 19.60 22.39 NOTE
r-release-linux-x86_64 0.9 1.96 13.42 15.39 NOTE
r-release-osx-x86_64-mavericks 0.9 NOTE
r-release-windows-ix86+x86_64 0.9 12.00 28.00 40.00 NOTE
r-oldrel-windows-ix86+x86_64 0.9 12.00 29.00 41.00 NOTE

Memtest notes: ASAN valgrind

Check Details

Version: 0.9
Check: dependencies in R code
Result: NOTE
    Package in Depends field not imported from: ‘plyr’
     These packages need to be imported from (in the NAMESPACE file)
     for when this namespace is loaded but not attached.
    See the information on DESCRIPTION files in the chapter ‘Creating R
    packages’ of the ‘Writing R Extensions’ manual.
Flavors: r-devel-linux-x86_64-debian-clang, r-devel-linux-x86_64-debian-gcc, r-devel-linux-x86_64-fedora-clang, r-devel-linux-x86_64-fedora-gcc, r-devel-osx-x86_64-clang, r-devel-windows-ix86+x86_64, r-patched-linux-x86_64, r-patched-solaris-sparc, r-patched-solaris-x86, r-release-linux-ix86, r-release-linux-x86_64, r-release-osx-x86_64-mavericks, r-release-windows-ix86+x86_64, r-oldrel-windows-ix86+x86_64