CRAN Package Check Results for Package em2

Last updated on 2014-07-26 17:47:09.

Flavor Version Tinstall Tcheck Ttotal Status Flags
r-devel-linux-x86_64-debian-clang 0.9 1.88 13.67 15.55 NOTE
r-devel-linux-x86_64-debian-gcc 0.9 1.88 13.11 14.99 NOTE
r-devel-linux-x86_64-fedora-clang 0.9 30.08 NOTE
r-devel-linux-x86_64-fedora-gcc 0.9 28.50 NOTE
r-devel-osx-x86_64-clang 0.9 31.09 NOTE
r-devel-windows-ix86+x86_64 0.9 12.00 28.00 40.00 NOTE
r-patched-linux-x86_64 0.9 2.06 13.26 15.33 NOTE
r-patched-solaris-sparc 0.9 174.20 NOTE
r-patched-solaris-x86 0.9 43.20 NOTE
r-release-linux-ix86 0.9 2.81 19.46 22.28 NOTE
r-release-linux-x86_64 0.9 1.94 13.30 15.24 NOTE
r-release-osx-x86_64-mavericks 0.9 NOTE
r-release-windows-ix86+x86_64 0.9 12.00 28.00 40.00 NOTE
r-oldrel-windows-ix86+x86_64 0.9 12.00 29.00 41.00 NOTE

Memtest notes: valgrind

Check Details

Version: 0.9
Check: dependencies in R code
Result: NOTE
    Package in Depends field not imported from: ‘plyr’
     These packages need to be imported from (in the NAMESPACE file)
     for when this namespace is loaded but not attached.
    See the information on DESCRIPTION files in the chapter ‘Creating R
    packages’ of the ‘Writing R Extensions’ manual.
Flavors: r-devel-linux-x86_64-debian-clang, r-devel-linux-x86_64-debian-gcc, r-devel-linux-x86_64-fedora-clang, r-devel-linux-x86_64-fedora-gcc, r-devel-osx-x86_64-clang, r-devel-windows-ix86+x86_64, r-patched-linux-x86_64, r-patched-solaris-sparc, r-patched-solaris-x86, r-release-linux-ix86, r-release-linux-x86_64, r-release-osx-x86_64-mavericks, r-release-windows-ix86+x86_64, r-oldrel-windows-ix86+x86_64