CRAN Package Check Results for Package emIRT

Last updated on 2020-01-18 04:47:30 CET.

Flavor Version Tinstall Tcheck Ttotal Status Flags
r-devel-linux-x86_64-debian-clang 0.0.9 968.10 41.04 1009.14 OK
r-devel-linux-x86_64-debian-gcc 0.0.9 628.81 31.89 660.70 OK
r-devel-linux-x86_64-fedora-clang 0.0.9 1495.53 NOTE
r-devel-linux-x86_64-fedora-gcc 0.0.9 1357.89 OK
r-devel-windows-ix86+x86_64 0.0.9 2562.00 121.00 2683.00 NOTE
r-devel-windows-ix86+x86_64-gcc8 0.0.9 1988.00 131.00 2119.00 NOTE
r-patched-linux-x86_64 0.0.9 739.11 37.71 776.82 OK
r-patched-solaris-x86 0.0.9 1028.50 OK
r-release-linux-x86_64 0.0.9 740.47 37.62 778.09 OK
r-release-windows-ix86+x86_64 0.0.9 2490.00 96.00 2586.00 NOTE
r-release-osx-x86_64 0.0.9 NOTE
r-oldrel-windows-ix86+x86_64 0.0.9 2101.00 88.00 2189.00 NOTE
r-oldrel-osx-x86_64 0.0.9 NOTE

Check Details

Version: 0.0.9
Check: installed package size
Result: NOTE
     installed size is 18.3Mb
     sub-directories of 1Mb or more:
     data 2.0Mb
     libs 16.1Mb
Flavors: r-devel-linux-x86_64-fedora-clang, r-devel-windows-ix86+x86_64, r-devel-windows-ix86+x86_64-gcc8, r-release-windows-ix86+x86_64, r-release-osx-x86_64, r-oldrel-windows-ix86+x86_64, r-oldrel-osx-x86_64