CRAN Package Check Results for Package emIRT

Last updated on 2020-08-07 03:47:14 CEST.

Flavor Version Tinstall Tcheck Ttotal Status Flags
r-devel-linux-x86_64-debian-clang 0.0.11 1068.30 41.19 1109.49 OK
r-devel-linux-x86_64-debian-gcc 0.0.11 766.58 32.21 798.79 OK
r-devel-linux-x86_64-fedora-clang 0.0.11 1628.02 NOTE
r-devel-linux-x86_64-fedora-gcc 0.0.11 1439.64 OK
r-devel-windows-ix86+x86_64 0.0.11 2601.00 106.00 2707.00 NOTE
r-patched-linux-x86_64 0.0.11 789.55 40.79 830.34 OK
r-patched-solaris-x86 0.0.11 1132.80 OK
r-release-linux-x86_64 0.0.11 799.59 40.83 840.42 OK
r-release-macos-x86_64 0.0.11 NOTE
r-release-windows-ix86+x86_64 0.0.11 2650.00 127.00 2777.00 NOTE
r-oldrel-macos-x86_64 0.0.11 NOTE
r-oldrel-windows-ix86+x86_64 0.0.11 1719.00 103.00 1822.00 NOTE

Check Details

Version: 0.0.11
Check: installed package size
Result: NOTE
     installed size is 20.8Mb
     sub-directories of 1Mb or more:
     data 2.0Mb
     libs 18.6Mb
Flavors: r-devel-linux-x86_64-fedora-clang, r-devel-windows-ix86+x86_64, r-release-macos-x86_64, r-release-windows-ix86+x86_64, r-oldrel-macos-x86_64, r-oldrel-windows-ix86+x86_64

Version: 0.0.11
Check: Rd cross-references
Result: NOTE
    Undeclared package ‘MCMCpack’ in Rd xrefs
Flavor: r-devel-linux-x86_64-fedora-clang