CRAN Package Check Results for Package emIRT

Last updated on 2019-12-06 21:47:13 CET.

Flavor Version Tinstall Tcheck Ttotal Status Flags
r-devel-linux-x86_64-debian-clang 0.0.8 978.98 44.50 1023.48 OK
r-devel-linux-x86_64-debian-gcc 0.0.8 654.09 34.42 688.51 OK
r-devel-linux-x86_64-fedora-clang 0.0.8 1495.83 NOTE
r-devel-linux-x86_64-fedora-gcc 0.0.8 1364.48 NOTE
r-devel-windows-ix86+x86_64 0.0.8 1869.00 158.00 2027.00 NOTE
r-devel-windows-ix86+x86_64-gcc8 0.0.8 2042.00 118.00 2160.00 NOTE
r-patched-linux-x86_64 0.0.8 763.79 40.64 804.43 OK
r-patched-solaris-x86 0.0.8 1045.10 OK
r-release-linux-x86_64 0.0.8 739.18 40.85 780.03 OK
r-release-windows-ix86+x86_64 0.0.8 2067.00 106.00 2173.00 NOTE
r-release-osx-x86_64 0.0.8 ERROR
r-oldrel-windows-ix86+x86_64 0.0.8 1467.00 128.00 1595.00 NOTE
r-oldrel-osx-x86_64 0.0.8 ERROR

Check Details

Version: 0.0.8
Check: installed package size
Result: NOTE
     installed size is 18.3Mb
     sub-directories of 1Mb or more:
     data 2.0Mb
     libs 16.1Mb
Flavors: r-devel-linux-x86_64-fedora-clang, r-devel-windows-ix86+x86_64, r-devel-windows-ix86+x86_64-gcc8, r-release-windows-ix86+x86_64, r-oldrel-windows-ix86+x86_64

Version: 0.0.8
Check: compiled code
Result: NOTE
    File ‘emIRT/libs/emIRT.so’:
     Found no calls to: ‘R_registerRoutines’, ‘R_useDynamicSymbols’
    
    It is good practice to register native routines and to disable symbol
    search.
    
    See ‘Writing portable packages’ in the ‘Writing R Extensions’ manual.
Flavors: r-devel-linux-x86_64-fedora-clang, r-devel-linux-x86_64-fedora-gcc

Version: 0.0.8
Check: whether package can be installed
Result: ERROR
    Installation failed.
Flavors: r-release-osx-x86_64, r-oldrel-osx-x86_64