CRAN Package Check Results for Package emIRT

Last updated on 2022-12-03 23:56:14 CET.

Flavor Version Tinstall Tcheck Ttotal Status Flags
r-devel-linux-x86_64-debian-clang 0.0.13 1080.99 55.95 1136.94 OK
r-devel-linux-x86_64-debian-gcc 0.0.13 798.72 43.01 841.73 OK
r-devel-linux-x86_64-fedora-clang 0.0.13 1884.10 OK
r-devel-linux-x86_64-fedora-gcc 0.0.13 1511.08 OK
r-devel-windows-x86_64 0.0.13 841.00 122.00 963.00 OK
r-patched-linux-x86_64 0.0.13 858.37 52.58 910.95 OK
r-release-linux-x86_64 0.0.13 872.70 52.52 925.22 OK
r-release-macos-arm64 0.0.13 284.00 NOTE
r-release-macos-x86_64 0.0.13 383.00 NOTE
r-release-windows-x86_64 0.0.13 827.00 135.00 962.00 OK
r-oldrel-macos-arm64 0.0.13 270.00 NOTE
r-oldrel-macos-x86_64 0.0.13 366.00 NOTE
r-oldrel-windows-ix86+x86_64 0.0.13 2681.00 143.00 2824.00 NOTE

Check Details

Version: 0.0.13
Check: installed package size
Result: NOTE
     installed size is 19.8Mb
     sub-directories of 1Mb or more:
     data 2.0Mb
     libs 17.6Mb
Flavors: r-release-macos-arm64, r-release-macos-x86_64, r-oldrel-macos-arm64, r-oldrel-macos-x86_64, r-oldrel-windows-ix86+x86_64