CRAN Package Check Results for Package embed

Last updated on 2020-09-23 15:28:01 CEST.

Flavor Version Tinstall Tcheck Ttotal Status Flags
r-devel-linux-x86_64-debian-clang 0.1.1 15.90 257.65 273.55 OK
r-devel-linux-x86_64-debian-gcc 0.1.1 13.13 196.45 209.58 OK
r-devel-linux-x86_64-fedora-clang 0.1.1 359.57 OK
r-devel-linux-x86_64-fedora-gcc 0.1.1 343.18 OK
r-devel-windows-ix86+x86_64 0.1.1 60.00 300.00 360.00 OK
r-patched-linux-x86_64 0.1.1 0.43 2.47 2.90 ERROR
r-patched-solaris-x86 0.1.1 468.70 OK
r-release-linux-x86_64 0.1.1 24.22 243.27 267.49 OK
r-release-macos-x86_64 0.1.1 OK
r-release-windows-ix86+x86_64 0.1.1 64.00 318.00 382.00 OK
r-oldrel-macos-x86_64 0.1.1 OK
r-oldrel-windows-ix86+x86_64 0.1.1 38.00 206.00 244.00 OK

Check Details

Version: 0.1.1
Check: package dependencies
Result: ERROR
    Package required but not available: ‘rstanarm’
    
    See section ‘The DESCRIPTION file’ in the ‘Writing R Extensions’
    manual.
Flavor: r-patched-linux-x86_64