CRAN Package Check Results for Package embryogrowth

Last updated on 2022-01-16 18:49:10 CET.

Flavor Version Tinstall Tcheck Ttotal Status Flags
r-devel-linux-x86_64-debian-clang 8.2 19.52 126.51 146.03 OK
r-devel-linux-x86_64-debian-gcc 8.2 18.66 97.94 116.60 OK
r-devel-linux-x86_64-fedora-clang 8.2 184.41 NOTE
r-devel-linux-x86_64-fedora-gcc 8.2 172.46 NOTE
r-devel-windows-x86_64-new-UL 8.2 217.00 162.00 379.00 OK
r-devel-windows-x86_64-new-TK 8.2 ERROR
r-patched-linux-x86_64 8.2 22.46 125.61 148.07 OK
r-release-linux-x86_64 8.2 OK
r-release-macos-arm64 8.2 NOTE
r-release-macos-x86_64 8.2 NOTE
r-release-windows-ix86+x86_64 8.2 38.00 150.00 188.00 OK
r-oldrel-macos-x86_64 8.2 NOTE
r-oldrel-windows-ix86+x86_64 8.2 38.00 152.00 190.00 OK

Check Details

Version: 8.2
Check: data for non-ASCII characters
Result: NOTE
     Note: found 62 marked UTF-8 strings
Flavors: r-devel-linux-x86_64-fedora-clang, r-devel-linux-x86_64-fedora-gcc, r-release-macos-arm64, r-release-macos-x86_64, r-oldrel-macos-x86_64

Version: 8.2
Check: package dependencies
Result: ERROR
    Package required but not available: 'HelpersMG'
    
    Package suggested but not available for checking: 'car'
    
    See section 'The DESCRIPTION file' in the 'Writing R Extensions'
    manual.
Flavor: r-devel-windows-x86_64-new-TK