CRAN Package Check Results for Package emdbook

Last updated on 2015-08-30 04:48:20.

Flavor Version Tinstall Tcheck Ttotal Status Flags
r-devel-linux-x86_64-debian-clang 1.3.8 1.69 20.75 22.44 NOTE
r-devel-linux-x86_64-debian-gcc 1.3.8 1.53 20.90 22.42 NOTE
r-devel-linux-x86_64-fedora-clang 1.3.8 46.09 NOTE
r-devel-linux-x86_64-fedora-gcc 1.3.8 42.83 NOTE
r-devel-osx-x86_64-clang 1.3.8 43.32 OK
r-devel-windows-ix86+x86_64 1.3.8 9.00 39.00 48.00 NOTE
r-patched-linux-x86_64 1.3.8 1.50 22.15 23.65 OK
r-patched-solaris-sparc 1.3.8 285.30 OK
r-patched-solaris-x86 1.3.8 71.50 OK
r-release-linux-x86_64 1.3.8 1.48 22.14 23.62 OK
r-release-osx-x86_64-mavericks 1.3.8 OK
r-release-windows-ix86+x86_64 1.3.8 9.00 38.00 47.00 OK
r-oldrel-windows-ix86+x86_64 1.3.8 12.00 48.00 60.00 OK

Check Details

Version: 1.3.8
Check: R code for possible problems
Result: NOTE
    HPDregionplot : <anonymous>: no visible global function definition for
     ‘approx’
    HPDregionplot: no visible global function definition for ‘contour’
    HPDregionplot: no visible global function definition for ‘contourLines’
    axis.scinot: no visible global function definition for ‘axTicks’
    axis.scinot: no visible global function definition for ‘axis’
    axis.scinot : <anonymous>: no visible global function definition for
     ‘mtext’
    axis.scinot : <anonymous>: no visible global function definition for
     ‘par’
    calcslice : <anonymous>: no visible global function definition for
     ‘coef’
    contour3d: no visible binding for global variable ‘contourLines’
    curve3d: no visible global function definition for ‘persp’
    curve3d: no visible global function definition for ‘contour’
    curve3d: no visible global function definition for ‘image’
    dchibarsq: no visible global function definition for ‘dchisq’
    deltamethod: no visible global function definition for ‘D’
    deltavar: no visible binding for global variable ‘D’
    dzinbinom: no visible global function definition for ‘dnbinom’
    get.emdbook.packages: no visible global function definition for
     ‘installed.packages’
    get.emdbook.packages: no visible global function definition for
     ‘install.packages’
    gridsearch2d : redraw: no visible global function definition for
     ‘contour’
    gridsearch2d : redraw: no visible global function definition for
     ‘image’
    gridsearch2d: no visible global function definition for ‘locator’
    gridsearch2d: no visible global function definition for ‘rect’
    lambertW: no visible global function definition for ‘na.omit’
    lump.mcmc.list: no visible global function definition for ‘var’
    metropSB: no visible global function definition for ‘runif’
    pchibarsq: no visible global function definition for ‘pchisq’
    qchibarsq : tmpf2: no visible global function definition for ‘uniroot’
    qchibarsq : tmpf2: no visible global function definition for ‘qchisq’
    rbetabinom: no visible global function definition for ‘rbinom’
    rbetabinom: no visible global function definition for ‘rbeta’
    rchibarsq: no visible global function definition for ‘runif’
    rchibarsq: no visible global function definition for ‘rchisq’
    rzinbinom: no visible global function definition for ‘runif’
    rzinbinom: no visible global function definition for ‘rnbinom’
    tcredint : lims: no visible global function definition for ‘uniroot’
    tcredint: no visible global function definition for ‘uniroot’
    trcoef: no visible binding for global variable ‘plogis’
    trcoef: no visible binding for global variable ‘qlogis’
    Undefined global functions or variables:
     D approx axTicks axis coef contour contourLines dchisq dnbinom image
     install.packages installed.packages locator mtext na.omit par pchisq
     persp plogis qchisq qlogis rbeta rbinom rchisq rect rnbinom runif
     uniroot var
    Consider adding
     importFrom("grDevices", "contourLines")
     importFrom("graphics", "axTicks", "axis", "contour", "image",
     "locator", "mtext", "par", "persp", "rect")
     importFrom("stats", "D", "approx", "coef", "dchisq", "dnbinom",
     "na.omit", "pchisq", "plogis", "qchisq", "qlogis", "rbeta",
     "rbinom", "rchisq", "rnbinom", "runif", "uniroot", "var")
     importFrom("utils", "install.packages", "installed.packages")
    to your NAMESPACE.
Flavors: r-devel-linux-x86_64-debian-clang, r-devel-linux-x86_64-debian-gcc, r-devel-linux-x86_64-fedora-clang, r-devel-linux-x86_64-fedora-gcc, r-devel-windows-ix86+x86_64