CRAN Package Check Results for Package emdbook

Last updated on 2017-12-13 23:14:16 CET.

Flavor Version Tinstall Tcheck Ttotal Status Flags
r-devel-linux-x86_64-debian-clang 1.3.9 2.23 38.30 40.53 OK
r-devel-linux-x86_64-debian-gcc 1.3.9 1.83 34.52 36.35 OK
r-devel-linux-x86_64-fedora-clang 1.3.9 42.35 OK
r-devel-linux-x86_64-fedora-gcc 1.3.9 42.79 OK
r-devel-windows-ix86+x86_64 1.3.9 10.00 78.00 88.00 OK
r-patched-linux-x86_64 1.3.9 2.11 43.33 45.44 OK
r-patched-solaris-x86 1.3.9 62.60 OK
r-release-linux-x86_64 1.3.9 1.96 43.24 45.20 OK
r-release-windows-ix86+x86_64 1.3.9 7.00 60.00 67.00 OK
r-release-osx-x86_64 1.3.9 OK
r-oldrel-windows-ix86+x86_64 1.3.9 5.00 62.00 67.00 OK
r-oldrel-osx-x86_64 1.3.9 NOTE

Check Details

Version: 1.3.9
Check: dependencies in R code
Result: NOTE
    Invalid MIT-MAGIC-COOKIE-1 key
Flavor: r-oldrel-osx-x86_64