CRAN Package Check Results for Package emdbook

Last updated on 2016-05-31 21:46:36.

Flavor Version Tinstall Tcheck Ttotal Status Flags
r-devel-linux-x86_64-debian-gcc 1.3.9 1.81 21.70 23.51 OK
r-devel-linux-x86_64-fedora-clang 1.3.9 46.53 OK
r-devel-linux-x86_64-fedora-gcc 1.3.9 42.82 OK
r-devel-osx-x86_64-clang 1.3.9 47.15 OK
r-devel-windows-ix86+x86_64 1.3.9 6.00 45.00 51.00 OK
r-patched-linux-x86_64 1.3.9 1.47 22.50 23.97 OK
r-patched-solaris-sparc 1.3.9 252.10 OK
r-patched-solaris-x86 1.3.9 55.40 OK
r-release-linux-x86_64 1.3.9 1.37 21.29 22.66 OK
r-release-osx-x86_64-mavericks 1.3.9 NOTE
r-release-windows-ix86+x86_64 1.3.9 7.00 43.00 50.00 OK
r-oldrel-windows-ix86+x86_64 1.3.9 5.00 38.00 43.00 OK

Check Details

Version: 1.3.9
Check: dependencies in R code
Result: NOTE
    Invalid MIT-MAGIC-COOKIE-1 key
Flavor: r-release-osx-x86_64-mavericks