CRAN Package Check Results for Package emdbook

Last updated on 2017-06-26 20:48:13.

Flavor Version Tinstall Tcheck Ttotal Status Flags
r-devel-linux-x86_64-debian-clang 1.3.9 1.53 27.02 28.55 OK
r-devel-linux-x86_64-debian-gcc 1.3.9 1.51 26.61 28.11 OK
r-devel-linux-x86_64-fedora-clang 1.3.9 50.15 OK
r-devel-linux-x86_64-fedora-gcc 1.3.9 44.54 OK
r-devel-windows-ix86+x86_64 1.3.9 10.00 73.00 83.00 OK
r-patched-linux-x86_64 1.3.9 1.80 27.26 29.05 OK
r-patched-solaris-sparc 1.3.9 269.60 OK
r-patched-solaris-x86 1.3.9 62.30 OK
r-release-linux-x86_64 1.3.9 1.60 27.15 28.75 OK
r-release-windows-ix86+x86_64 1.3.9 6.00 78.00 84.00 OK
r-release-osx-x86_64 1.3.9 OK
r-oldrel-windows-ix86+x86_64 1.3.9 6.00 60.00 66.00 OK
r-oldrel-osx-x86_64 1.3.9 NOTE

Check Details

Version: 1.3.9
Check: dependencies in R code
Result: NOTE
    Invalid MIT-MAGIC-COOKIE-1 key
Flavor: r-oldrel-osx-x86_64