CRAN Package Check Results for Package emdbook

Last updated on 2017-04-30 05:48:18.

Flavor Version Tinstall Tcheck Ttotal Status Flags
r-devel-linux-x86_64-debian-clang 1.3.9 1.54 27.18 28.72 OK
r-devel-linux-x86_64-debian-gcc 1.3.9 1.58 26.84 28.42 OK
r-devel-linux-x86_64-fedora-clang 1.3.9 47.59 OK --no-stop-on-test-error
r-devel-linux-x86_64-fedora-gcc 1.3.9 43.60 OK --no-stop-on-test-error
r-devel-windows-ix86+x86_64 1.3.9 7.00 68.00 75.00 OK
r-patched-linux-x86_64 1.3.9 1.71 26.76 28.47 OK
r-patched-solaris-sparc 1.3.9 269.60 OK
r-patched-solaris-x86 1.3.9 60.10 OK
r-release-linux-x86_64 1.3.9 1.50 27.34 28.84 OK
r-release-windows-ix86+x86_64 1.3.9 9.00 71.00 80.00 OK
r-release-osx-x86_64 1.3.9 OK
r-oldrel-windows-ix86+x86_64 1.3.9 8.00 59.00 67.00 OK
r-oldrel-osx-x86_64 1.3.9 NOTE

Check Details

Version: 1.3.9
Check: dependencies in R code
Result: NOTE
    Invalid MIT-MAGIC-COOKIE-1 key
Flavor: r-oldrel-osx-x86_64