CRAN Package Check Results for Package emdbook

Last updated on 2014-04-21 12:43:16.

Flavor Version Tinstall Tcheck Ttotal Status Flags
r-devel-linux-x86_64-debian-clang 1.3.4 1.64 24.14 25.78 NOTE
r-devel-linux-x86_64-debian-gcc 1.3.4 1.76 24.76 26.51 NOTE
r-devel-linux-x86_64-fedora-clang 1.3.4 50.22 NOTE
r-devel-linux-x86_64-fedora-gcc 1.3.4 48.75 NOTE
r-devel-osx-x86_64-clang 1.3.4 42.85 NOTE
r-devel-osx-x86_64-gcc 1.3.4 NOTE
r-devel-windows-ix86+x86_64 1.3.4 5.00 39.00 44.00 NOTE
r-patched-linux-x86_64 1.3.4 1.70 24.24 25.94 NOTE
r-patched-solaris-sparc 1.3.4 279.80 NOTE
r-patched-solaris-x86 1.3.4 66.60 NOTE
r-release-linux-x86_64 1.3.4 1.64 24.56 26.20 NOTE
r-release-osx-x86_64-mavericks 1.3.4 WARN
r-release-windows-ix86+x86_64 1.3.4 7.00 38.00 45.00 NOTE
r-oldrel-windows-ix86+x86_64 1.3.4 6.00 37.00 43.00 NOTE

Check Details

Version: 1.3.4
Check: dependencies in R code
Result: NOTE
    'library' or 'require' calls to packages already attached by Depends:
     ‘MASS’ ‘lattice’ ‘plyr’
     Please remove these calls from your code.
    Packages in Depends field not imported from:
     ‘MASS’ ‘lattice’ ‘plyr’
     These packages need to be imported from (in the NAMESPACE file)
     for when this namespace is loaded but not attached.
    See the information on DESCRIPTION files in the chapter ‘Creating R
    packages’ of the ‘Writing R Extensions’ manual.
Flavors: r-devel-linux-x86_64-debian-clang, r-devel-linux-x86_64-debian-gcc, r-devel-linux-x86_64-fedora-clang, r-devel-linux-x86_64-fedora-gcc, r-devel-osx-x86_64-clang, r-devel-osx-x86_64-gcc, r-devel-windows-ix86+x86_64, r-patched-linux-x86_64, r-patched-solaris-sparc, r-patched-solaris-x86, r-release-linux-x86_64, r-release-osx-x86_64-mavericks, r-release-windows-ix86+x86_64, r-oldrel-windows-ix86+x86_64

Version: 1.3.4
Check: top-level files
Result: NOTE
    Non-standard file/directory found at top level:
     ‘DATASETS’
Flavors: r-devel-linux-x86_64-fedora-clang, r-devel-linux-x86_64-fedora-gcc

Version: 1.3.4
Check: Rd line widths
Result: NOTE
    Rd file 'gridsearch2d.Rd':
     \usage lines wider than 90 characters:
     gridsearch2d(fun, v1min, v2min, v1max, v2max, n1 = 20, n2 = 20, logz = FALSE, sys3d = c("both", "contour", "image"), ...)
    
    These lines will be truncated in the PDF manual.
Flavors: r-devel-linux-x86_64-fedora-clang, r-devel-linux-x86_64-fedora-gcc

Version: 1.3.4
Check: PDF version of manual
Result: WARNING
    LaTeX errors when creating PDF version.
    This typically indicates Rd problems.
    LaTeX errors found:
    ! LaTeX Error: File `upquote.sty' not found.
    
    Type X to quit or <RETURN> to proceed,
    or enter new name. (Default extension: sty)
    
    77a1736/Rd2.tex:8: ==> Fatal error occurred, no output PDF file produced!
Flavor: r-release-osx-x86_64-mavericks