CRAN Package Check Results for Package emdbook

Last updated on 2014-07-31 09:49:20.

Flavor Version Tinstall Tcheck Ttotal Status Flags
r-devel-linux-x86_64-debian-clang 1.3.4 2.24 22.56 24.80 NOTE
r-devel-linux-x86_64-debian-gcc 1.3.4 1.55 22.36 23.91 NOTE
r-devel-linux-x86_64-fedora-clang 1.3.4 49.94 NOTE
r-devel-linux-x86_64-fedora-gcc 1.3.4 47.67 NOTE
r-devel-osx-x86_64-clang 1.3.4 43.77 NOTE
r-devel-windows-ix86+x86_64 1.3.4 5.00 36.00 41.00 NOTE
r-patched-linux-x86_64 1.3.4 1.75 22.77 24.52 NOTE
r-patched-solaris-sparc 1.3.4 286.30 NOTE
r-patched-solaris-x86 1.3.4 64.60 NOTE
r-release-linux-ix86 1.3.4 2.07 30.67 32.74 NOTE
r-release-linux-x86_64 1.3.4 1.58 22.92 24.51 NOTE
r-release-osx-x86_64-mavericks 1.3.4 NOTE
r-release-windows-ix86+x86_64 1.3.4 6.00 51.00 57.00 NOTE
r-oldrel-windows-ix86+x86_64 1.3.4 10.00 51.00 61.00 NOTE

Check Details

Version: 1.3.4
Check: dependencies in R code
Result: NOTE
    'library' or 'require' calls to packages already attached by Depends:
     MASS lattice plyr
     Please remove these calls from your code.
    Packages in Depends field not imported from:
     MASS lattice plyr
     These packages need to be imported from (in the NAMESPACE file)
     for when this namespace is loaded but not attached.
    See the information on DESCRIPTION files in the chapter Creating R
    packages of the Writing R Extensions manual.
Flavors: r-devel-linux-x86_64-debian-clang, r-devel-linux-x86_64-debian-gcc, r-devel-linux-x86_64-fedora-clang, r-devel-linux-x86_64-fedora-gcc, r-devel-osx-x86_64-clang, r-devel-windows-ix86+x86_64, r-patched-linux-x86_64, r-patched-solaris-sparc, r-patched-solaris-x86, r-release-linux-ix86, r-release-linux-x86_64, r-release-osx-x86_64-mavericks, r-release-windows-ix86+x86_64, r-oldrel-windows-ix86+x86_64

Version: 1.3.4
Check: top-level files
Result: NOTE
    Non-standard file/directory found at top level:
     DATASETS
Flavors: r-devel-linux-x86_64-fedora-clang, r-devel-linux-x86_64-fedora-gcc

Version: 1.3.4
Check: Rd line widths
Result: NOTE
    Rd file 'gridsearch2d.Rd':
     \usage lines wider than 90 characters:
     gridsearch2d(fun, v1min, v2min, v1max, v2max, n1 = 20, n2 = 20, logz = FALSE, sys3d = c("both", "contour", "image"), ...)
    
    These lines will be truncated in the PDF manual.
Flavors: r-devel-linux-x86_64-fedora-clang, r-devel-linux-x86_64-fedora-gcc