CRAN Package Check Results for Package emdbook

Last updated on 2016-06-24 21:46:58.

Flavor Version Tinstall Tcheck Ttotal Status Flags
r-devel-linux-x86_64-debian-gcc 1.3.9 1.48 21.35 22.82 OK
r-devel-linux-x86_64-fedora-clang 1.3.9 40.32 OK
r-devel-linux-x86_64-fedora-gcc 1.3.9 38.53 OK
r-devel-osx-x86_64-clang 1.3.9 34.64 OK
r-devel-windows-ix86+x86_64 1.3.9 7.00 44.00 51.00 OK
r-patched-linux-x86_64 1.3.9 1.46 21.13 22.58 OK
r-patched-solaris-sparc 1.3.9 252.30 OK
r-patched-solaris-x86 1.3.9 55.00 OK
r-release-linux-x86_64 1.3.9 1.40 21.37 22.77 OK
r-release-osx-x86_64-mavericks 1.3.9 NOTE
r-release-windows-ix86+x86_64 1.3.9 9.00 43.00 52.00 OK
r-oldrel-windows-ix86+x86_64 1.3.9 8.00 42.00 50.00 OK

Check Details

Version: 1.3.9
Check: dependencies in R code
Result: NOTE
    Invalid MIT-MAGIC-COOKIE-1 key
Flavor: r-release-osx-x86_64-mavericks