CRAN Package Check Results for Package emdbook

Last updated on 2017-03-23 15:48:23.

Flavor Version Tinstall Tcheck Ttotal Status Flags
r-devel-linux-x86_64-debian-clang 1.3.9 1.63 27.14 28.77 OK
r-devel-linux-x86_64-debian-gcc 1.3.9 1.48 26.69 28.17 OK
r-devel-linux-x86_64-fedora-clang 1.3.9 50.35 OK --no-stop-on-test-error
r-devel-linux-x86_64-fedora-gcc 1.3.9 48.43 OK --no-stop-on-test-error
r-devel-macos-x86_64-clang 1.3.9 37.17 OK --no-stop-on-test-error
r-devel-windows-ix86+x86_64 1.3.9 6.00 50.00 56.00 OK
r-patched-linux-x86_64 1.3.9 1.38 21.50 22.88 OK
r-patched-solaris-sparc 1.3.9 269.60 OK
r-patched-solaris-x86 1.3.9 60.30 OK
r-release-linux-x86_64 1.3.9 1.41 21.34 22.76 OK
r-release-osx-x86_64-mavericks 1.3.9 NOTE
r-release-windows-ix86+x86_64 1.3.9 15.00 59.00 74.00 OK
r-oldrel-windows-ix86+x86_64 1.3.9 9.00 62.00 71.00 OK

Check Details

Version: 1.3.9
Check: dependencies in R code
Result: NOTE
    Invalid MIT-MAGIC-COOKIE-1 key
Flavor: r-release-osx-x86_64-mavericks