CRAN Package Check Results for Package emdbook

Last updated on 2015-02-27 11:48:40.

Flavor Version Tinstall Tcheck Ttotal Status Flags
r-devel-linux-x86_64-debian-clang 1.3.7 1.53 21.93 23.46 NOTE
r-devel-linux-x86_64-debian-gcc 1.3.7 1.47 21.46 22.93 NOTE
r-devel-linux-x86_64-fedora-clang 1.3.7 48.10 NOTE
r-devel-linux-x86_64-fedora-gcc 1.3.7 43.69 NOTE
r-devel-osx-x86_64-clang 1.3.7 43.81 NOTE
r-devel-windows-ix86+x86_64 1.3.7 7.00 35.00 42.00 NOTE
r-patched-linux-x86_64 1.3.7 1.97 28.67 30.64 OK
r-patched-solaris-sparc 1.3.7 383.10 OK
r-patched-solaris-x86 1.3.7 83.60 OK
r-release-linux-ix86 1.3.7 2.49 35.90 38.38 OK
r-release-linux-x86_64 1.3.7 2.00 0.24 2.24 OK
r-release-osx-x86_64-mavericks 1.3.7 OK
r-release-osx-x86_64-snowleopard 1.3.7 OK
r-release-windows-ix86+x86_64 1.3.7 8.00 43.00 51.00 OK
r-oldrel-windows-ix86+x86_64 1.3.7 9.00 46.00 55.00 OK

Check Details

Version: 1.3.7
Check: DESCRIPTION meta-information
Result: NOTE
    Malformed Description field: should contain one or more complete sentences.
Flavors: r-devel-linux-x86_64-debian-clang, r-devel-linux-x86_64-debian-gcc, r-devel-linux-x86_64-fedora-clang, r-devel-linux-x86_64-fedora-gcc, r-devel-osx-x86_64-clang, r-devel-windows-ix86+x86_64