CRAN Package Check Results for Package emdbook

Last updated on 2016-07-24 19:48:49.

Flavor Version Tinstall Tcheck Ttotal Status Flags
r-devel-linux-x86_64-debian-clang 1.3.9 1.90 23.73 25.63 OK
r-devel-linux-x86_64-debian-gcc 1.3.9 1.83 23.24 25.08 OK
r-devel-linux-x86_64-fedora-gcc 1.3.9 38.57 OK
r-devel-osx-x86_64-clang 1.3.9 34.99 OK
r-devel-windows-ix86+x86_64 1.3.9 6.00 44.00 50.00 OK
r-patched-linux-x86_64 1.3.9 2.33 23.14 25.47 OK
r-patched-solaris-sparc 1.3.9 252.30 OK
r-patched-solaris-x86 1.3.9 53.50 OK
r-release-linux-x86_64 1.3.9 1.99 24.19 26.18 OK
r-release-osx-x86_64-mavericks 1.3.9 NOTE
r-release-windows-ix86+x86_64 1.3.9 6.00 44.00 50.00 OK
r-oldrel-windows-ix86+x86_64 1.3.9 9.00 59.00 68.00 OK

Check Details

Version: 1.3.9
Check: dependencies in R code
Result: NOTE
    Invalid MIT-MAGIC-COOKIE-1 key
Flavor: r-release-osx-x86_64-mavericks