CRAN Package Check Results for Package emdbook

Last updated on 2015-03-30 03:49:10.

Flavor Version Tinstall Tcheck Ttotal Status Flags
r-devel-linux-x86_64-debian-clang 1.3.7 1.59 22.19 23.78 NOTE
r-devel-linux-x86_64-debian-gcc 1.3.7 1.49 21.63 23.12 NOTE
r-devel-linux-x86_64-fedora-clang 1.3.7 46.62 NOTE
r-devel-linux-x86_64-fedora-gcc 1.3.7 46.94 NOTE
r-devel-osx-x86_64-clang 1.3.7 48.38 NOTE
r-prerel-windows-ix86+x86_64 1.3.7 5.00 33.00 38.00 NOTE
r-prerel-linux-x86_64 1.3.7 2.10 21.56 23.66 NOTE
r-prerel-solaris-sparc 1.3.7 304.40 NOTE
r-prerel-solaris-x86 1.3.7 65.40 NOTE
r-release-linux-x86_64 1.3.7 1.96 27.58 29.55 OK
r-release-osx-x86_64-mavericks 1.3.7 OK
r-release-osx-x86_64-snowleopard 1.3.7 OK
r-release-windows-ix86+x86_64 1.3.7 7.00 48.00 55.00 OK
r-oldrel-windows-ix86+x86_64 1.3.7 8.00 47.00 55.00 OK

Check Details

Version: 1.3.7
Check: DESCRIPTION meta-information
Result: NOTE
    Malformed Description field: should contain one or more complete sentences.
Flavors: r-devel-linux-x86_64-debian-clang, r-devel-linux-x86_64-debian-gcc, r-devel-linux-x86_64-fedora-clang, r-devel-linux-x86_64-fedora-gcc, r-devel-osx-x86_64-clang, r-prerel-windows-ix86+x86_64, r-prerel-linux-x86_64, r-prerel-solaris-sparc, r-prerel-solaris-x86