Last updated on 2023-06-09 08:56:08 CEST.
Flavor | Version | Tinstall | Tcheck | Ttotal | Status | Flags |
---|---|---|---|---|---|---|
r-devel-linux-x86_64-debian-clang | 1.3.12 | 13.31 | 100.86 | 114.17 | OK | |
r-devel-linux-x86_64-debian-gcc | 1.3.12 | 8.60 | 78.80 | 87.40 | OK | |
r-devel-linux-x86_64-fedora-clang | 1.3.12 | 142.80 | NOTE | |||
r-devel-linux-x86_64-fedora-gcc | 1.3.12 | 135.80 | OK | |||
r-devel-windows-x86_64 | 1.3.12 | 10.00 | 99.00 | 109.00 | OK | |
r-patched-linux-x86_64 | 1.3.12 | 15.51 | 97.44 | 112.95 | OK | |
r-release-linux-x86_64 | 1.3.12 | 12.25 | 99.87 | 112.12 | OK | |
r-release-macos-arm64 | 1.3.12 | 44.00 | OK | |||
r-release-macos-x86_64 | 1.3.12 | 71.00 | NOTE | |||
r-release-windows-x86_64 | 1.3.12 | 12.00 | 115.00 | 127.00 | OK | |
r-oldrel-macos-arm64 | 1.3.12 | 41.00 | OK | |||
r-oldrel-macos-x86_64 | 1.3.12 | 55.00 | NOTE | |||
r-oldrel-windows-x86_64 | 1.3.12 | 14.00 | 115.00 | 129.00 | OK |
Version: 1.3.12
Check: Rd cross-references
Result: NOTE
Undeclared package ‘mvtnorm’ in Rd xrefs
Flavor: r-devel-linux-x86_64-fedora-clang
Version: 1.3.12
Check: package dependencies
Result: NOTE
Package suggested but not available for checking: ‘ellipse’
Flavor: r-release-macos-x86_64
Version: 1.3.12
Check: package dependencies
Result: NOTE
Package suggested but not available for checking: ‘R2jags’
Flavor: r-oldrel-macos-x86_64