CRAN Package Check Results for Package emdbook

Last updated on 2016-08-29 03:46:56.

Flavor Version Tinstall Tcheck Ttotal Status Flags
r-devel-linux-x86_64-debian-clang 1.3.9 1.38 20.84 22.22 OK
r-devel-linux-x86_64-debian-gcc 1.3.9 1.60 20.40 22.00 OK
r-devel-linux-x86_64-fedora-clang 1.3.9 41.07 OK
r-devel-linux-x86_64-fedora-gcc 1.3.9 42.06 OK
r-devel-osx-x86_64-clang 1.3.9 34.56 OK
r-devel-windows-ix86+x86_64 1.3.9 7.00 41.00 48.00 OK
r-patched-linux-x86_64 1.3.9 1.43 20.98 22.41 OK
r-patched-solaris-sparc 1.3.9 252.30 OK
r-patched-solaris-x86 1.3.9 54.30 OK
r-release-linux-x86_64 1.3.9 1.51 21.42 22.93 OK
r-release-osx-x86_64-mavericks 1.3.9 NOTE
r-release-windows-ix86+x86_64 1.3.9 14.00 61.00 75.00 OK
r-oldrel-windows-ix86+x86_64 1.3.9 8.00 57.00 65.00 OK

Check Details

Version: 1.3.9
Check: dependencies in R code
Result: NOTE
    Invalid MIT-MAGIC-COOKIE-1 key
Flavor: r-release-osx-x86_64-mavericks