CRAN Package Check Results for Package emdbook

Last updated on 2014-10-30 15:49:02.

Flavor Version Tinstall Tcheck Ttotal Status Flags
r-devel-linux-x86_64-debian-clang 1.3.4 1.51 23.31 24.82 NOTE
r-devel-linux-x86_64-debian-gcc 1.3.4 1.49 22.44 23.93 NOTE
r-devel-linux-x86_64-fedora-clang 1.3.4 49.54 NOTE
r-devel-linux-x86_64-fedora-gcc 1.3.4 46.28 NOTE
r-devel-osx-x86_64-clang 1.3.4 45.81 NOTE
r-devel-windows-ix86+x86_64 1.3.4 6.00 33.00 39.00 NOTE
r-patched-linux-x86_64 1.3.4 1.54 23.26 24.80 NOTE
r-patched-solaris-sparc 1.3.4 282.00 NOTE
r-patched-solaris-x86 1.3.4 65.20 NOTE
r-release-linux-ix86 1.3.4 2.08 31.62 33.70 NOTE
r-release-linux-x86_64 1.3.4 1.60 23.61 25.20 NOTE
r-release-osx-x86_64-mavericks 1.3.4 NOTE
r-release-windows-ix86+x86_64 1.3.4 7.00 36.00 43.00 NOTE
r-oldrel-windows-ix86+x86_64 1.3.4 7.00 36.00 43.00 NOTE

Check Details

Version: 1.3.4
Check: top-level files
Result: NOTE
    Non-standard file/directory found at top level:
     ‘DATASETS’
Flavors: r-devel-linux-x86_64-debian-clang, r-devel-linux-x86_64-debian-gcc, r-devel-linux-x86_64-fedora-clang, r-devel-linux-x86_64-fedora-gcc, r-patched-linux-x86_64, r-release-linux-x86_64

Version: 1.3.4
Check: dependencies in R code
Result: NOTE
    'library' or 'require' calls to packages already attached by Depends:
     ‘MASS’ ‘lattice’ ‘plyr’
     Please remove these calls from your code.
    Packages in Depends field not imported from:
     ‘MASS’ ‘lattice’ ‘plyr’
     These packages need to be imported from (in the NAMESPACE file)
     for when this namespace is loaded but not attached.
    See the information on DESCRIPTION files in the chapter ‘Creating R
    packages’ of the ‘Writing R Extensions’ manual.
Flavors: r-devel-linux-x86_64-debian-clang, r-devel-linux-x86_64-debian-gcc, r-devel-linux-x86_64-fedora-clang, r-devel-linux-x86_64-fedora-gcc, r-devel-osx-x86_64-clang, r-devel-windows-ix86+x86_64, r-patched-linux-x86_64, r-patched-solaris-sparc, r-patched-solaris-x86, r-release-linux-ix86, r-release-linux-x86_64, r-release-osx-x86_64-mavericks, r-release-windows-ix86+x86_64, r-oldrel-windows-ix86+x86_64

Version: 1.3.4
Check: R code for possible problems
Result: NOTE
    HPDregionplot: no visible global function definition for ‘kde2d’
    HPDregionplot: no visible binding for global variable ‘kde2d’
    apply2d: no visible global function definition for ‘aaply’
    as.mcmc.bugs: no visible global function definition for ‘mcmc’
    contour3d: no visible binding for global variable ‘lines3d’
    curve3d: no visible global function definition for ‘wireframe’
Flavors: r-devel-linux-x86_64-debian-clang, r-devel-linux-x86_64-debian-gcc, r-devel-linux-x86_64-fedora-clang, r-devel-linux-x86_64-fedora-gcc, r-devel-osx-x86_64-clang, r-devel-windows-ix86+x86_64, r-patched-linux-x86_64, r-patched-solaris-sparc, r-patched-solaris-x86

Version: 1.3.4
Check: Rd line widths
Result: NOTE
    Rd file 'gridsearch2d.Rd':
     \usage lines wider than 90 characters:
     gridsearch2d(fun, v1min, v2min, v1max, v2max, n1 = 20, n2 = 20, logz = FALSE, sys3d = c("both", "contour", "image"), ...)
    
    These lines will be truncated in the PDF manual.
Flavors: r-devel-linux-x86_64-debian-clang, r-devel-linux-x86_64-debian-gcc, r-devel-linux-x86_64-fedora-clang, r-devel-linux-x86_64-fedora-gcc, r-patched-linux-x86_64, r-release-linux-x86_64