CRAN Package Check Results for Package emdbook

Last updated on 2017-08-23 09:47:09.

Flavor Version Tinstall Tcheck Ttotal Status Flags
r-devel-linux-x86_64-debian-clang 1.3.9 1.68 28.58 30.26 OK
r-devel-linux-x86_64-debian-gcc 1.3.9 1.51 26.79 28.30 OK
r-devel-linux-x86_64-fedora-clang 1.3.9 50.73 OK
r-devel-linux-x86_64-fedora-gcc 1.3.9 45.03 OK
r-devel-windows-ix86+x86_64 1.3.9 5.00 48.00 53.00 OK
r-patched-linux-x86_64 1.3.9 1.65 28.38 30.03 OK
r-patched-solaris-x86 1.3.9 62.00 OK
r-release-linux-x86_64 1.3.9 1.55 27.50 29.04 OK
r-release-windows-ix86+x86_64 1.3.9 6.00 82.00 88.00 OK
r-release-osx-x86_64 1.3.9 OK
r-oldrel-windows-ix86+x86_64 1.3.9 7.00 55.00 62.00 OK
r-oldrel-osx-x86_64 1.3.9 NOTE

Check Details

Version: 1.3.9
Check: dependencies in R code
Result: NOTE
    Invalid MIT-MAGIC-COOKIE-1 key
Flavor: r-oldrel-osx-x86_64