CRAN Package Check Results for Package emdbook

Last updated on 2017-01-19 11:47:52.

Flavor Version Tinstall Tcheck Ttotal Status Flags
r-devel-linux-x86_64-debian-clang 1.3.9 1.50 26.98 28.47 OK
r-devel-linux-x86_64-debian-gcc 1.3.9 1.67 26.79 28.46 OK
r-devel-linux-x86_64-fedora-clang 1.3.9 45.50 OK --no-stop-on-test-error
r-devel-linux-x86_64-fedora-gcc 1.3.9 45.14 OK --no-stop-on-test-error
r-devel-macos-x86_64-clang 1.3.9 37.47 OK --no-stop-on-test-error
r-devel-windows-ix86+x86_64 1.3.9 7.00 50.00 57.00 OK
r-patched-linux-x86_64 1.3.9 1.38 21.46 22.85 OK
r-patched-solaris-sparc 1.3.9 256.80 OK
r-patched-solaris-x86 1.3.9 54.80 OK
r-release-linux-x86_64 1.3.9 1.53 21.08 22.61 OK
r-release-osx-x86_64-mavericks 1.3.9 NOTE
r-release-windows-ix86+x86_64 1.3.9 5.00 46.00 51.00 OK
r-oldrel-windows-ix86+x86_64 1.3.9 7.00 42.00 49.00 OK

Check Details

Version: 1.3.9
Check: dependencies in R code
Result: NOTE
    Invalid MIT-MAGIC-COOKIE-1 key
Flavor: r-release-osx-x86_64-mavericks