CRAN Package Check Results for Package emdbook

Last updated on 2016-10-01 12:47:45.

Flavor Version Tinstall Tcheck Ttotal Status Flags
r-devel-linux-x86_64-debian-clang 1.3.9 1.51 23.71 25.22 OK
r-devel-linux-x86_64-debian-gcc 1.3.9 1.57 24.77 26.34 OK
r-devel-linux-x86_64-fedora-clang 1.3.9 43.81 OK
r-devel-linux-x86_64-fedora-gcc 1.3.9 42.68 OK
r-devel-macos-x86_64-clang 1.3.9 33.63 OK
r-devel-windows-ix86+x86_64 1.3.9 5.00 57.00 62.00 OK
r-patched-linux-x86_64 1.3.9 1.64 21.50 23.14 OK
r-patched-solaris-sparc 1.3.9 252.30 OK
r-patched-solaris-x86 1.3.9 54.10 OK
r-release-linux-x86_64 1.3.9 1.67 22.78 24.45 OK
r-release-osx-x86_64-mavericks 1.3.9 NOTE
r-release-windows-ix86+x86_64 1.3.9 5.00 42.00 47.00 OK
r-oldrel-windows-ix86+x86_64 1.3.9 9.00 57.00 66.00 OK

Check Details

Version: 1.3.9
Check: dependencies in R code
Result: NOTE
    Invalid MIT-MAGIC-COOKIE-1 key
Flavor: r-release-osx-x86_64-mavericks