CRAN Package Check Results for Package emdbook

Last updated on 2016-12-10 18:49:25.

Flavor Version Tinstall Tcheck Ttotal Status Flags
r-devel-linux-x86_64-debian-clang 1.3.9 1.70 27.67 29.36 OK
r-devel-linux-x86_64-debian-gcc 1.3.9 1.72 27.20 28.92 OK
r-devel-linux-x86_64-fedora-clang 1.3.9 52.16 OK --no-stop-on-test-error
r-devel-linux-x86_64-fedora-gcc 1.3.9 55.23 OK --no-stop-on-test-error
r-devel-macos-x86_64-clang 1.3.9 37.97 OK --no-stop-on-test-error
r-devel-windows-ix86+x86_64 1.3.9 6.00 48.00 54.00 OK
r-patched-linux-x86_64 1.3.9 1.40 21.07 22.48 OK
r-patched-solaris-sparc 1.3.9 252.30 OK
r-patched-solaris-x86 1.3.9 54.20 OK
r-release-linux-x86_64 1.3.9 1.56 21.09 22.65 OK
r-release-osx-x86_64-mavericks 1.3.9 NOTE
r-release-windows-ix86+x86_64 1.3.9 8.00 58.00 66.00 OK
r-oldrel-windows-ix86+x86_64 1.3.9 8.00 61.00 69.00 OK

Check Details

Version: 1.3.9
Check: dependencies in R code
Result: NOTE
    Invalid MIT-MAGIC-COOKIE-1 key
Flavor: r-release-osx-x86_64-mavericks