CRAN Package Check Results for Package emdbook

Last updated on 2017-10-19 00:52:36.

Flavor Version Tinstall Tcheck Ttotal Status Flags
r-devel-linux-x86_64-debian-clang 1.3.9 1.61 27.40 29.01 OK
r-devel-linux-x86_64-debian-gcc 1.3.9 1.82 29.65 31.47 OK
r-devel-linux-x86_64-fedora-clang 1.3.9 48.17 OK
r-devel-linux-x86_64-fedora-gcc 1.3.9 49.47 OK
r-devel-windows-ix86+x86_64 1.3.9 6.00 50.00 56.00 OK
r-patched-linux-x86_64 1.3.9 1.55 28.24 29.78 OK
r-patched-solaris-x86 1.3.9 63.20 OK
r-release-linux-x86_64 1.3.9 1.63 27.33 28.96 OK
r-release-windows-ix86+x86_64 1.3.9 8.00 74.00 82.00 OK
r-release-osx-x86_64 1.3.9 OK
r-oldrel-windows-ix86+x86_64 1.3.9 9.00 43.00 52.00 OK
r-oldrel-osx-x86_64 1.3.9 NOTE

Check Details

Version: 1.3.9
Check: dependencies in R code
Result: NOTE
    Invalid MIT-MAGIC-COOKIE-1 key
Flavor: r-oldrel-osx-x86_64