CRAN Package Check Results for Package emdi

Last updated on 2020-07-12 14:47:35 CEST.

Flavor Version Tinstall Tcheck Ttotal Status Flags
r-devel-linux-x86_64-debian-clang 2.0.0 27.66 345.45 373.11 OK
r-devel-linux-x86_64-debian-gcc 2.0.1 21.81 267.19 289.00 OK
r-devel-linux-x86_64-fedora-clang 2.0.1 463.17 NOTE
r-devel-linux-x86_64-fedora-gcc 2.0.1 450.19 NOTE
r-devel-windows-ix86+x86_64 2.0.1 72.00 380.00 452.00 OK
r-patched-linux-x86_64 2.0.0 28.96 341.24 370.20 OK
r-patched-solaris-x86 2.0.1 692.80 NOTE
r-release-linux-x86_64 2.0.1 24.64 338.61 363.25 OK
r-release-macos-x86_64 2.0.0 NOTE
r-release-windows-ix86+x86_64 2.0.0 76.00 443.00 519.00 OK
r-oldrel-macos-x86_64 2.0.1 NOTE
r-oldrel-windows-ix86+x86_64 2.0.1 51.00 305.00 356.00 OK

Check Details

Version: 2.0.1
Check: dependencies in R code
Result: NOTE
    Namespaces in Imports field not imported from:
     ‘graphics’ ‘maptools’ ‘rgeos’
     All declared Imports should be used.
Flavors: r-devel-linux-x86_64-fedora-clang, r-devel-linux-x86_64-fedora-gcc, r-patched-solaris-x86, r-oldrel-macos-x86_64

Version: 2.0.1
Check: data for non-ASCII characters
Result: NOTE
     Note: found 50 marked Latin-1 strings
Flavors: r-devel-linux-x86_64-fedora-clang, r-devel-linux-x86_64-fedora-gcc, r-patched-solaris-x86, r-oldrel-macos-x86_64

Version: 2.0.0
Check: dependencies in R code
Result: NOTE
    Namespaces in Imports field not imported from:
     ‘graphics’ ‘maptools’ ‘rgeos’
     All declared Imports should be used.
Flavor: r-release-macos-x86_64

Version: 2.0.0
Check: data for non-ASCII characters
Result: NOTE
     Note: found 50 marked Latin-1 strings
Flavor: r-release-macos-x86_64