CRAN Package Check Results for Package emg

Last updated on 2014-04-23 20:47:11.

Flavor Version Tinstall Tcheck Ttotal Status Flags
r-devel-linux-x86_64-debian-clang 1.0.5 0.89 12.22 13.10 NOTE
r-devel-linux-x86_64-debian-gcc 1.0.5 0.81 12.52 13.33 NOTE
r-devel-linux-x86_64-fedora-clang 1.0.5 25.72 NOTE
r-devel-linux-x86_64-fedora-gcc 1.0.5 25.25 NOTE
r-devel-osx-x86_64-clang 1.0.5 24.24 NOTE
r-devel-osx-x86_64-gcc 1.0.5 NOTE
r-devel-windows-ix86+x86_64 1.0.5 2.00 20.00 22.00 NOTE
r-patched-linux-x86_64 1.0.5 0.77 12.12 12.89 NOTE
r-patched-solaris-sparc 1.0.5 147.20 NOTE
r-patched-solaris-x86 1.0.5 38.60 NOTE
r-release-linux-ix86 1.0.5 1.00 25.00 26.00 NOTE
r-release-linux-x86_64 1.0.5 0.76 11.92 12.68 NOTE
r-release-osx-x86_64-mavericks 1.0.5 NOTE
r-release-windows-ix86+x86_64 1.0.5 4.00 26.00 30.00 NOTE
r-oldrel-windows-ix86+x86_64 1.0.5 3.00 23.00 26.00 NOTE

Check Details

Version: 1.0.5
Check: for hidden files and directories
Result: NOTE
    Found the following hidden files and directories:
     data/.Rhistory
    These were most likely included in error. See section ‘Package
    structure’ in the ‘Writing R Extensions’ manual.
Flavors: r-devel-linux-x86_64-debian-clang, r-devel-linux-x86_64-debian-gcc, r-devel-linux-x86_64-fedora-clang, r-devel-linux-x86_64-fedora-gcc, r-devel-osx-x86_64-clang, r-devel-osx-x86_64-gcc, r-devel-windows-ix86+x86_64, r-patched-linux-x86_64, r-patched-solaris-sparc, r-patched-solaris-x86, r-release-linux-ix86, r-release-linux-x86_64, r-release-osx-x86_64-mavericks, r-release-windows-ix86+x86_64, r-oldrel-windows-ix86+x86_64