CRAN Package Check Results for Package emhawkes

Last updated on 2020-09-20 06:48:18 CEST.

Flavor Version Tinstall Tcheck Ttotal Status Flags
r-devel-linux-x86_64-debian-clang 0.9.0 4.52 368.51 373.03 NOTE
r-devel-linux-x86_64-debian-gcc 0.9.0 3.19 248.37 251.56 NOTE
r-devel-linux-x86_64-fedora-clang 0.9.0 423.70 OK
r-devel-linux-x86_64-fedora-gcc 0.9.0 425.93 OK
r-devel-windows-ix86+x86_64 0.9.0 10.00 335.00 345.00 NOTE
r-patched-linux-x86_64 0.9.0 5.08 346.71 351.79 NOTE
r-patched-solaris-x86 0.9.0 553.80 OK
r-release-linux-x86_64 0.9.0 4.37 351.09 355.46 NOTE
r-release-macos-x86_64 0.9.0 OK
r-release-windows-ix86+x86_64 0.9.0 9.00 403.00 412.00 NOTE
r-oldrel-macos-x86_64 0.9.0 OK
r-oldrel-windows-ix86+x86_64 0.9.0 5.00 428.00 433.00 OK

Check Details

Version: 0.9.0
Check: package vignettes
Result: NOTE
    Package vignette with placeholder title 'Vignette Title':
     'example.Rmd'
Flavors: r-devel-linux-x86_64-debian-clang, r-devel-linux-x86_64-debian-gcc, r-devel-windows-ix86+x86_64, r-patched-linux-x86_64, r-release-linux-x86_64, r-release-windows-ix86+x86_64