CRAN Package Check Results for Package emld

Last updated on 2020-07-09 06:48:37 CEST.

Flavor Version Tinstall Tcheck Ttotal Status Flags
r-devel-linux-x86_64-debian-clang 0.4.0 6.92 96.47 103.39 OK
r-devel-linux-x86_64-debian-gcc 0.4.0 5.59 73.03 78.62 OK
r-devel-linux-x86_64-fedora-clang 0.4.0 107.59 OK
r-devel-linux-x86_64-fedora-gcc 0.5.0 102.27 OK
r-devel-windows-ix86+x86_64 0.5.0 21.00 149.00 170.00 OK
r-patched-linux-x86_64 0.4.0 7.16 93.70 100.86 OK
r-patched-solaris-x86 0.5.0 132.80 NOTE
r-release-linux-x86_64 0.4.0 7.56 94.87 102.43 OK
r-release-osx-x86_64 0.4.0 OK
r-release-windows-ix86+x86_64 0.4.0 13.00 121.00 134.00 OK
r-oldrel-osx-x86_64 0.4.0 OK
r-oldrel-windows-ix86+x86_64 0.4.0 18.00 164.00 182.00 OK

Check Details

Version: 0.5.0
Check: installed package size
Result: NOTE
     installed size is 5.3Mb
     sub-directories of 1Mb or more:
     xsd 4.1Mb
Flavor: r-patched-solaris-x86