CRAN Package Check Results for Package emma

Last updated on 2016-09-26 11:51:31.

Flavor Version Tinstall Tcheck Ttotal Status Flags
r-devel-linux-x86_64-debian-clang 0.1-0 1.32 24.73 26.05 NOTE
r-devel-linux-x86_64-debian-gcc 0.1-0 1.28 24.46 25.74 NOTE
r-devel-linux-x86_64-fedora-clang 0.1-0 48.29 NOTE
r-devel-linux-x86_64-fedora-gcc 0.1-0 48.51 NOTE
r-devel-macos-x86_64-clang 0.1-0 38.94 NOTE
r-devel-windows-ix86+x86_64 0.1-0 7.00 106.00 113.00 NOTE
r-patched-linux-x86_64 0.1-0 1.39 24.78 26.17 NOTE
r-patched-solaris-sparc 0.1-0 253.60 NOTE
r-patched-solaris-x86 0.1-0 65.10 NOTE
r-release-linux-x86_64 0.1-0 1.64 25.44 27.08 NOTE
r-release-osx-x86_64-mavericks 0.1-0 WARN
r-release-windows-ix86+x86_64 0.1-0 9.00 72.00 81.00 NOTE
r-oldrel-windows-ix86+x86_64 0.1-0 8.00 68.00 76.00 NOTE

Check Details

Version: 0.1-0
Check: dependencies in R code
Result: NOTE
    'library' or 'require' calls to packages already attached by Depends:
     ‘clusterSim’ ‘earth’
     Please remove these calls from your code.
    Packages in Depends field not imported from:
     ‘clusterSim’ ‘earth’
     These packages need to be imported from (in the NAMESPACE file)
     for when this namespace is loaded but not attached.
Flavors: r-devel-linux-x86_64-debian-clang, r-devel-linux-x86_64-debian-gcc, r-devel-windows-ix86+x86_64, r-patched-linux-x86_64, r-release-linux-x86_64, r-release-windows-ix86+x86_64

Version: 0.1-0
Check: R code for possible problems
Result: NOTE
    distance: no visible global function definition for
     ‘data.Normalization’
    emmatn: no visible global function definition for ‘runif’
    estimateModel: no visible global function definition for ‘as.formula’
    estimateModel: no visible global function definition for ‘earth’
    estimateModel: no visible global function definition for ‘plotmo’
    estimateModel: no visible global function definition for ‘predict’
    mutation: no visible global function definition for ‘runif’
    plot.emma: no visible global function definition for ‘colorRampPalette’
    plot.emma: no visible global function definition for ‘par’
    plot.emma: no visible global function definition for ‘persp’
    plot.emma: no visible global function definition for ‘points’
    plot.emma: no visible global function definition for ‘trans3d’
    Undefined global functions or variables:
     as.formula colorRampPalette data.Normalization earth par persp plotmo
     points predict runif trans3d
    Consider adding
     importFrom("grDevices", "colorRampPalette", "trans3d")
     importFrom("graphics", "par", "persp", "points")
     importFrom("stats", "as.formula", "predict", "runif")
    to your NAMESPACE file.
Flavors: r-devel-linux-x86_64-debian-clang, r-devel-linux-x86_64-debian-gcc, r-devel-linux-x86_64-fedora-clang, r-devel-linux-x86_64-fedora-gcc, r-devel-macos-x86_64-clang, r-devel-windows-ix86+x86_64, r-patched-linux-x86_64, r-patched-solaris-sparc, r-patched-solaris-x86, r-release-linux-x86_64, r-release-osx-x86_64-mavericks, r-release-windows-ix86+x86_64

Version: 0.1-0
Check: dependencies in R code
Result: NOTE
    'library' or 'require' calls to packages already attached by Depends:
     ‘clusterSim’ ‘earth’
     Please remove these calls from your code.
    Namespace in Imports field not imported from: ‘methods’
     All declared Imports should be used.
    Packages in Depends field not imported from:
     ‘clusterSim’ ‘earth’
     These packages need to be imported from (in the NAMESPACE file)
     for when this namespace is loaded but not attached.
Flavors: r-devel-linux-x86_64-fedora-clang, r-devel-linux-x86_64-fedora-gcc, r-devel-macos-x86_64-clang, r-patched-solaris-sparc, r-patched-solaris-x86, r-oldrel-windows-ix86+x86_64

Version: 0.1-0
Check: whether package can be installed
Result: WARN
    Found the following significant warnings:
     Warning: 'rgl_init' failed, running with rgl.useNULL = TRUE
Flavor: r-release-osx-x86_64-mavericks

Version: 0.1-0
Check: dependencies in R code
Result: NOTE
    Invalid MIT-MAGIC-COOKIE-1 key'library' or 'require' calls to packages already attached by Depends:
     ‘clusterSim’ ‘earth’
     Please remove these calls from your code.
    Namespace in Imports field not imported from: ‘methods’
     All declared Imports should be used.
    Packages in Depends field not imported from:
     ‘clusterSim’ ‘earth’
     These packages need to be imported from (in the NAMESPACE file)
     for when this namespace is loaded but not attached.
Flavor: r-release-osx-x86_64-mavericks

Version: 0.1-0
Check: S3 generic/method consistency
Result: WARN
    Invalid MIT-MAGIC-COOKIE-1 key
    See section ‘Generic functions and methods’ in the ‘Writing R
    Extensions’ manual.
Flavor: r-release-osx-x86_64-mavericks

Version: 0.1-0
Check: replacement functions
Result: WARN
    Invalid MIT-MAGIC-COOKIE-1 key
    The argument of a replacement function which corresponds to the right
    hand side must be named ‘value’.
Flavor: r-release-osx-x86_64-mavericks

Version: 0.1-0
Check: foreign function calls
Result: NOTE
    Invalid MIT-MAGIC-COOKIE-1 key
    See chapter ‘System and foreign language interfaces’ in the ‘Writing R
    Extensions’ manual.
Flavor: r-release-osx-x86_64-mavericks

Version: 0.1-0
Check: for missing documentation entries
Result: WARN
    Invalid MIT-MAGIC-COOKIE-1 key
    All user-level objects in a package should have documentation entries.
    See chapter ‘Writing R documentation files’ in the ‘Writing R
    Extensions’ manual.
Flavor: r-release-osx-x86_64-mavericks

Version: 0.1-0
Check: for code/documentation mismatches
Result: WARN
    Invalid MIT-MAGIC-COOKIE-1 key
    Invalid MIT-MAGIC-COOKIE-1 key
    Invalid MIT-MAGIC-COOKIE-1 key
Flavor: r-release-osx-x86_64-mavericks

Version: 0.1-0
Check: Rd \usage sections
Result: NOTE
    Invalid MIT-MAGIC-COOKIE-1 key
    The \usage entries for S3 methods should use the \method markup and not
    their full name.
    See chapter ‘Writing R documentation files’ in the ‘Writing R
    Extensions’ manual.
Flavor: r-release-osx-x86_64-mavericks

Version: 0.1-0
Check: R code for possible problems
Result: NOTE
    distance: no visible global function definition for
     'data.Normalization'
    estimateModel: no visible global function definition for 'earth'
    estimateModel: no visible global function definition for 'plotmo'
Flavor: r-oldrel-windows-ix86+x86_64