CRAN Package Check Results for Package emma

Last updated on 2014-07-24 22:48:36.

Flavor Version Tinstall Tcheck Ttotal Status Flags
r-devel-linux-x86_64-debian-clang 0.1-0 0.98 21.08 22.06 NOTE
r-devel-linux-x86_64-debian-gcc 0.1-0 0.97 20.63 21.60 NOTE
r-devel-linux-x86_64-fedora-clang 0.1-0 45.34 NOTE
r-devel-linux-x86_64-fedora-gcc 0.1-0 43.99 NOTE
r-devel-osx-x86_64-clang 0.1-0 41.63 NOTE
r-devel-windows-ix86+x86_64 0.1-0 6.00 36.00 42.00 NOTE
r-patched-linux-x86_64 0.1-0 1.01 21.60 22.61 NOTE
r-patched-solaris-sparc 0.1-0 250.00 NOTE
r-patched-solaris-x86 0.1-0 59.50 NOTE
r-release-linux-ix86 0.1-0 1.50 30.72 32.22 NOTE
r-release-linux-x86_64 0.1-0 1.08 21.85 22.93 NOTE
r-release-osx-x86_64-mavericks 0.1-0 NOTE
r-release-osx-x86_64-snowleopard 0.1-0 NOTE
r-release-windows-ix86+x86_64 0.1-0 5.00 39.00 44.00 NOTE
r-oldrel-windows-ix86+x86_64 0.1-0 6.00 39.00 45.00 NOTE

Check Details

Version: 0.1-0
Check: dependencies in R code
Result: NOTE
    'library' or 'require' calls to packages already attached by Depends:
     ‘clusterSim’ ‘earth’
     Please remove these calls from your code.
    Namespace in Imports field not imported from: ‘methods’
     All declared Imports should be used.
    Packages in Depends field not imported from:
     ‘clusterSim’ ‘earth’
     These packages need to be imported from (in the NAMESPACE file)
     for when this namespace is loaded but not attached.
    See the information on DESCRIPTION files in the chapter ‘Creating R
    packages’ of the ‘Writing R Extensions’ manual.
Flavors: r-devel-linux-x86_64-debian-clang, r-devel-linux-x86_64-debian-gcc, r-devel-linux-x86_64-fedora-clang, r-devel-linux-x86_64-fedora-gcc, r-devel-osx-x86_64-clang, r-devel-windows-ix86+x86_64, r-patched-linux-x86_64, r-patched-solaris-sparc, r-patched-solaris-x86, r-release-linux-ix86, r-release-linux-x86_64, r-release-osx-x86_64-mavericks, r-release-windows-ix86+x86_64, r-oldrel-windows-ix86+x86_64

Version: 0.1-0
Check: dependencies in R code
Result: NOTE
    ‘library’ or ‘require’ calls to packages already attached by Depends:
     ‘clusterSim’ ‘earth’
     Please remove these calls from your code.
    Namespace in Imports field not imported from: ‘methods’
     All declared Imports should be used.
    Packages in Depends field not imported from:
     ‘clusterSim’ ‘earth’
     These packages need to be imported from for the case when
     this namespace is loaded but not attached.
    See the information on DESCRIPTION files in the chapter ‘Creating R
    packages’ of the ‘Writing R Extensions’ manual.
Flavor: r-release-osx-x86_64-snowleopard