CRAN Package Check Results for Package emma

Last updated on 2015-07-06 11:48:02.

Flavor Version Tinstall Tcheck Ttotal Status Flags
r-devel-linux-x86_64-debian-clang 0.1-0 1.00 21.00 22.00 NOTE
r-devel-linux-x86_64-debian-gcc 0.1-0 0.97 20.38 21.36 NOTE
r-devel-linux-x86_64-fedora-clang 0.1-0 43.40 NOTE
r-devel-linux-x86_64-fedora-gcc 0.1-0 41.57 NOTE
r-devel-osx-x86_64-clang 0.1-0 39.22 NOTE
r-devel-windows-ix86+x86_64 0.1-0 6.00 36.00 42.00 NOTE
r-patched-linux-x86_64 0.1-0 1.15 21.10 22.25 NOTE
r-patched-solaris-sparc 0.1-0 299.20 NOTE
r-patched-solaris-x86 0.1-0 62.40 NOTE
r-release-linux-x86_64 0.1-0 1.00 20.96 21.96 NOTE
r-release-osx-x86_64-mavericks 0.1-0 NOTE
r-release-windows-ix86+x86_64 0.1-0 6.00 64.00 70.00 NOTE
r-oldrel-windows-ix86+x86_64 0.1-0 8.00 50.00 58.00 NOTE

Check Details

Version: 0.1-0
Check: dependencies in R code
Result: NOTE
    'library' or 'require' calls to packages already attached by Depends:
     ‘clusterSim’ ‘earth’
     Please remove these calls from your code.
    Namespace in Imports field not imported from: ‘methods’
     All declared Imports should be used.
    Packages in Depends field not imported from:
     ‘clusterSim’ ‘earth’
     These packages need to be imported from (in the NAMESPACE file)
     for when this namespace is loaded but not attached.
Flavors: r-devel-linux-x86_64-debian-clang, r-devel-linux-x86_64-debian-gcc, r-devel-linux-x86_64-fedora-clang, r-devel-linux-x86_64-fedora-gcc, r-devel-osx-x86_64-clang, r-devel-windows-ix86+x86_64, r-patched-linux-x86_64, r-patched-solaris-sparc, r-patched-solaris-x86, r-release-linux-x86_64, r-release-osx-x86_64-mavericks, r-release-windows-ix86+x86_64, r-oldrel-windows-ix86+x86_64

Version: 0.1-0
Check: R code for possible problems
Result: NOTE
    distance: no visible global function definition for
     ‘data.Normalization’
    emmatn: no visible global function definition for ‘runif’
    estimateModel: no visible global function definition for ‘as.formula’
    estimateModel: no visible global function definition for ‘earth’
    estimateModel: no visible global function definition for ‘plotmo’
    estimateModel: no visible global function definition for ‘predict’
    mutation: no visible global function definition for ‘runif’
    plot.emma: no visible global function definition for ‘colorRampPalette’
    plot.emma: no visible global function definition for ‘par’
    plot.emma: no visible global function definition for ‘persp’
    plot.emma: no visible global function definition for ‘points’
    plot.emma: no visible global function definition for ‘trans3d’
    Undefined global functions or variables:
     as.formula colorRampPalette data.Normalization earth par persp plotmo
     points predict runif trans3d
Flavors: r-devel-linux-x86_64-debian-clang, r-devel-linux-x86_64-debian-gcc, r-devel-linux-x86_64-fedora-clang, r-devel-linux-x86_64-fedora-gcc, r-devel-windows-ix86+x86_64

Version: 0.1-0
Check: R code for possible problems
Result: NOTE
    distance: no visible global function definition for
     ‘data.Normalization’
    estimateModel: no visible global function definition for ‘earth’
    estimateModel: no visible global function definition for ‘plotmo’
    Undefined global functions or variables:
     data.Normalization earth plotmo
Flavor: r-devel-osx-x86_64-clang

Version: 0.1-0
Check: R code for possible problems
Result: NOTE
    distance: no visible global function definition for
     ‘data.Normalization’
    estimateModel: no visible global function definition for ‘earth’
    estimateModel: no visible global function definition for ‘plotmo’
Flavors: r-patched-linux-x86_64, r-patched-solaris-sparc, r-patched-solaris-x86, r-release-linux-x86_64, r-release-osx-x86_64-mavericks, r-release-windows-ix86+x86_64, r-oldrel-windows-ix86+x86_64