CRAN Package Check Results for Package emma

Last updated on 2014-12-22 09:54:14.

Flavor Version Tinstall Tcheck Ttotal Status Flags
r-devel-linux-x86_64-debian-clang 0.1-0 1.02 21.99 23.01 NOTE
r-devel-linux-x86_64-debian-gcc 0.1-0 0.99 20.93 21.92 NOTE
r-devel-linux-x86_64-fedora-clang 0.1-0 46.90 NOTE
r-devel-linux-x86_64-fedora-gcc 0.1-0 44.22 NOTE
r-devel-osx-x86_64-clang 0.1-0 42.16 NOTE
r-devel-windows-ix86+x86_64 0.1-0 8.00 37.00 45.00 NOTE
r-patched-linux-x86_64 0.1-0 1.08 22.84 23.92 NOTE
r-patched-solaris-sparc 0.1-0 248.30 NOTE
r-patched-solaris-x86 0.1-0 62.90 NOTE
r-release-linux-ix86 0.1-0 1.44 29.24 30.68 NOTE
r-release-linux-x86_64 0.1-0 1.01 22.09 23.10 NOTE
r-release-osx-x86_64-mavericks 0.1-0 NOTE
r-release-osx-x86_64-snowleopard 0.1-0 NOTE
r-release-windows-ix86+x86_64 0.1-0 6.00 43.00 49.00 NOTE
r-oldrel-windows-ix86+x86_64 0.1-0 7.00 45.00 52.00 NOTE

Check Details

Version: 0.1-0
Check: dependencies in R code
Result: NOTE
    'library' or 'require' calls to packages already attached by Depends:
     ‘clusterSim’ ‘earth’
     Please remove these calls from your code.
    Namespace in Imports field not imported from: ‘methods’
     All declared Imports should be used.
    Packages in Depends field not imported from:
     ‘clusterSim’ ‘earth’
     These packages need to be imported from (in the NAMESPACE file)
     for when this namespace is loaded but not attached.
    See the information on DESCRIPTION files in the chapter ‘Creating R
    packages’ of the ‘Writing R Extensions’ manual.
Flavors: r-devel-linux-x86_64-debian-clang, r-devel-linux-x86_64-debian-gcc, r-devel-linux-x86_64-fedora-clang, r-devel-linux-x86_64-fedora-gcc, r-devel-osx-x86_64-clang, r-devel-windows-ix86+x86_64, r-patched-linux-x86_64, r-patched-solaris-sparc, r-patched-solaris-x86, r-release-linux-ix86, r-release-linux-x86_64, r-release-osx-x86_64-mavericks, r-release-windows-ix86+x86_64, r-oldrel-windows-ix86+x86_64

Version: 0.1-0
Check: R code for possible problems
Result: NOTE
    distance: no visible global function definition for
     ‘data.Normalization’
    estimateModel: no visible global function definition for ‘earth’
    estimateModel: no visible global function definition for ‘plotmo’
Flavors: r-devel-linux-x86_64-debian-clang, r-devel-linux-x86_64-debian-gcc, r-devel-linux-x86_64-fedora-clang, r-devel-linux-x86_64-fedora-gcc, r-devel-osx-x86_64-clang, r-devel-windows-ix86+x86_64, r-patched-linux-x86_64, r-patched-solaris-sparc, r-patched-solaris-x86, r-release-linux-ix86, r-release-linux-x86_64, r-release-windows-ix86+x86_64

Version: 0.1-0
Check: dependencies in R code
Result: NOTE
    ‘library’ or ‘require’ calls to packages already attached by Depends:
     ‘clusterSim’ ‘earth’
     Please remove these calls from your code.
    Namespace in Imports field not imported from: ‘methods’
     All declared Imports should be used.
    Packages in Depends field not imported from:
     ‘clusterSim’ ‘earth’
     These packages need to be imported from for the case when
     this namespace is loaded but not attached.
    See the information on DESCRIPTION files in the chapter ‘Creating R
    packages’ of the ‘Writing R Extensions’ manual.
Flavor: r-release-osx-x86_64-snowleopard