CRAN Package Check Results for Package emoa

Last updated on 2018-04-25 15:47:53 CEST.

Flavor Version Tinstall Tcheck Ttotal Status Flags
r-devel-linux-x86_64-debian-clang 0.5-0 5.16 21.49 26.65 NOTE
r-devel-linux-x86_64-debian-gcc 0.5-0 3.24 16.74 19.98 NOTE
r-devel-linux-x86_64-fedora-clang 0.5-0 30.21 NOTE
r-devel-linux-x86_64-fedora-gcc 0.5-0 29.14 NOTE
r-devel-windows-ix86+x86_64 0.5-0 25.00 43.00 68.00 NOTE
r-patched-linux-x86_64 0.5-0 4.56 20.58 25.14 NOTE
r-patched-solaris-x86 0.5-0 45.10 NOTE
r-release-linux-x86_64 0.5-0 4.60 20.55 25.15 NOTE
r-release-windows-ix86+x86_64 0.5-0 25.00 43.00 68.00 NOTE
r-release-osx-x86_64 0.5-0 NOTE
r-oldrel-windows-ix86+x86_64 0.5-0 29.00 38.00 67.00 NOTE
r-oldrel-osx-x86_64 0.5-0 NOTE

Check Details

Version: 0.5-0
Check: R code for possible problems
Result: NOTE
    nondominated_ordering: no visible binding for global variable ‘par’
    rsbxbeta: no visible global function definition for ‘runif’
    Undefined global functions or variables:
     par runif
    Consider adding
     importFrom("graphics", "par")
     importFrom("stats", "runif")
    to your NAMESPACE file.
Flavors: r-devel-linux-x86_64-debian-clang, r-devel-linux-x86_64-debian-gcc, r-devel-linux-x86_64-fedora-clang, r-devel-linux-x86_64-fedora-gcc, r-devel-windows-ix86+x86_64, r-patched-linux-x86_64, r-patched-solaris-x86, r-release-linux-x86_64, r-release-windows-ix86+x86_64, r-release-osx-x86_64, r-oldrel-windows-ix86+x86_64, r-oldrel-osx-x86_64

Version: 0.5-0
Check: compiled code
Result: NOTE
    File ‘emoa/libs/emoa.so’:
     Found no calls to: ‘R_registerRoutines’, ‘R_useDynamicSymbols’
    
    It is good practice to register native routines and to disable symbol
    search.
    
    See ‘Writing portable packages’ in the ‘Writing R Extensions’ manual.
Flavors: r-devel-linux-x86_64-debian-clang, r-devel-linux-x86_64-debian-gcc, r-devel-linux-x86_64-fedora-clang, r-devel-linux-x86_64-fedora-gcc, r-patched-linux-x86_64, r-release-linux-x86_64