CRAN Package Check Results for Package emoa

Last updated on 2016-07-30 06:47:36.

Flavor Version Tinstall Tcheck Ttotal Status Flags
r-devel-linux-x86_64-debian-clang 0.5-0 3.06 11.47 14.52 NOTE
r-devel-linux-x86_64-debian-gcc 0.5-0 2.86 11.29 14.15 NOTE
r-devel-linux-x86_64-fedora-clang 0.5-0 23.34 NOTE
r-devel-linux-x86_64-fedora-gcc 0.5-0 21.28 NOTE
r-devel-osx-x86_64-clang 0.5-0 20.94 NOTE
r-devel-windows-ix86+x86_64 0.5-0 15.00 32.00 47.00 NOTE
r-patched-linux-x86_64 0.5-0 3.29 13.45 16.74 NOTE
r-patched-solaris-sparc 0.5-0 143.70 NOTE
r-patched-solaris-x86 0.5-0 33.40 NOTE
r-release-linux-x86_64 0.5-0 3.31 13.70 17.01 NOTE
r-release-osx-x86_64-mavericks 0.5-0 NOTE
r-release-windows-ix86+x86_64 0.5-0 20.00 42.00 62.00 NOTE
r-oldrel-windows-ix86+x86_64 0.5-0 18.00 31.00 49.00 OK

Check Details

Version: 0.5-0
Check: R code for possible problems
Result: NOTE
    nondominated_ordering: no visible binding for global variable ‘par’
    rsbxbeta: no visible global function definition for ‘runif’
    Undefined global functions or variables:
     par runif
    Consider adding
     importFrom("graphics", "par")
     importFrom("stats", "runif")
    to your NAMESPACE file.
Flavors: r-devel-linux-x86_64-debian-clang, r-devel-linux-x86_64-debian-gcc, r-devel-linux-x86_64-fedora-clang, r-devel-linux-x86_64-fedora-gcc, r-devel-osx-x86_64-clang, r-devel-windows-ix86+x86_64, r-patched-linux-x86_64, r-patched-solaris-sparc, r-patched-solaris-x86, r-release-linux-x86_64, r-release-osx-x86_64-mavericks, r-release-windows-ix86+x86_64