CRAN Package Check Results for Package emoa

Last updated on 2020-09-22 05:50:45 CEST.

Flavor Version Tinstall Tcheck Ttotal Status Flags
r-devel-linux-x86_64-debian-clang 0.5-0.1 6.51 22.46 28.97 OK
r-devel-linux-x86_64-debian-gcc 0.5-0.1 0.30 2.13 2.43 ERROR
r-devel-linux-x86_64-fedora-clang 0.5-0.1 45.32 NOTE
r-devel-linux-x86_64-fedora-gcc 0.5-0.1 34.42 NOTE
r-devel-windows-ix86+x86_64 0.5-0.1 22.00 42.00 64.00 OK
r-patched-linux-x86_64 0.5-0.1 5.41 22.47 27.88 OK
r-patched-solaris-x86 0.5-0.1 51.10 OK
r-release-linux-x86_64 0.5-0.1 4.78 22.35 27.13 OK
r-release-macos-x86_64 0.5-0.1 OK
r-release-windows-ix86+x86_64 0.5-0.1 21.00 42.00 63.00 OK
r-oldrel-macos-x86_64 0.5-0.1 OK
r-oldrel-windows-ix86+x86_64 0.5-0.1 20.00 44.00 64.00 OK

Check Details

Version: 0.5-0.1
Check: whether package can be installed
Result: ERROR
    Installation failed.
Flavor: r-devel-linux-x86_64-debian-gcc

Version: 0.5-0.1
Check: compiled code
Result: NOTE
    File ‘emoa/libs/emoa.so’:
     Found no calls to: ‘R_registerRoutines’, ‘R_useDynamicSymbols’
    
    It is good practice to register native routines and to disable symbol
    search.
    
    See ‘Writing portable packages’ in the ‘Writing R Extensions’ manual.
Flavors: r-devel-linux-x86_64-fedora-clang, r-devel-linux-x86_64-fedora-gcc