CRAN Package Check Results for Package emoa

Last updated on 2017-01-24 19:48:37.

Flavor Version Tinstall Tcheck Ttotal Status Flags
r-devel-linux-x86_64-debian-clang 0.5-0 3.25 13.95 17.20 NOTE
r-devel-linux-x86_64-debian-gcc 0.5-0 3.10 13.43 16.53 NOTE
r-devel-linux-x86_64-fedora-clang 0.5-0 27.86 NOTE --no-stop-on-test-error
r-devel-linux-x86_64-fedora-gcc 0.5-0 27.69 NOTE --no-stop-on-test-error
r-devel-macos-x86_64-clang 0.5-0 24.30 NOTE --no-stop-on-test-error
r-devel-windows-ix86+x86_64 0.5-0 16.00 37.00 53.00 NOTE
r-patched-linux-x86_64 0.5-0 2.88 11.35 14.23 NOTE
r-patched-solaris-sparc 0.5-0 147.10 NOTE
r-patched-solaris-x86 0.5-0 32.30 NOTE
r-release-linux-x86_64 0.5-0 2.64 11.84 14.48 NOTE
r-release-osx-x86_64-mavericks 0.5-0 NOTE
r-release-windows-ix86+x86_64 0.5-0 35.00 41.00 76.00 NOTE
r-oldrel-windows-ix86+x86_64 0.5-0 42.00 37.00 79.00 OK

Check Details

Version: 0.5-0
Check: R code for possible problems
Result: NOTE
    nondominated_ordering: no visible binding for global variable ‘par’
    rsbxbeta: no visible global function definition for ‘runif’
    Undefined global functions or variables:
     par runif
    Consider adding
     importFrom("graphics", "par")
     importFrom("stats", "runif")
    to your NAMESPACE file.
Flavors: r-devel-linux-x86_64-debian-clang, r-devel-linux-x86_64-debian-gcc, r-devel-windows-ix86+x86_64, r-patched-linux-x86_64, r-patched-solaris-sparc, r-patched-solaris-x86, r-release-linux-x86_64, r-release-osx-x86_64-mavericks, r-release-windows-ix86+x86_64

Version: 0.5-0
Flags: --no-stop-on-test-error
Check: R code for possible problems
Result: NOTE
    nondominated_ordering: no visible binding for global variable ‘par’
    rsbxbeta: no visible global function definition for ‘runif’
    Undefined global functions or variables:
     par runif
    Consider adding
     importFrom("graphics", "par")
     importFrom("stats", "runif")
    to your NAMESPACE file.
Flavors: r-devel-linux-x86_64-fedora-clang, r-devel-linux-x86_64-fedora-gcc, r-devel-macos-x86_64-clang