CRAN Package Check Results for Package emoa

Last updated on 2015-07-28 11:51:33.

Flavor Version Tinstall Tcheck Ttotal Status Flags
r-devel-linux-x86_64-debian-clang 0.5-0 2.33 10.97 13.30 NOTE
r-devel-linux-x86_64-debian-gcc 0.5-0 2.62 10.68 13.29 NOTE
r-devel-linux-x86_64-fedora-clang 0.5-0 24.83 NOTE
r-devel-linux-x86_64-fedora-gcc 0.5-0 24.35 NOTE
r-devel-osx-x86_64-clang 0.5-0 24.13 OK
r-devel-windows-ix86+x86_64 0.5-0 21.00 27.00 48.00 NOTE
r-patched-linux-x86_64 0.5-0 2.71 11.38 14.08 OK
r-patched-solaris-sparc 0.5-0 161.30 OK
r-patched-solaris-x86 0.5-0 38.00 OK
r-release-linux-x86_64 0.5-0 2.64 11.30 13.94 OK
r-release-osx-x86_64-mavericks 0.5-0 OK
r-release-windows-ix86+x86_64 0.5-0 19.00 27.00 46.00 OK
r-oldrel-windows-ix86+x86_64 0.5-0 28.00 27.00 55.00 OK

Check Details

Version: 0.5-0
Check: R code for possible problems
Result: NOTE
    nondominated_ordering: no visible binding for global variable ‘par’
    rsbxbeta: no visible global function definition for ‘runif’
    Undefined global functions or variables:
     par runif
    Consider adding
     importFrom("graphics", "par")
     importFrom("stats", "runif")
    to your NAMESPACE.
Flavors: r-devel-linux-x86_64-debian-clang, r-devel-linux-x86_64-debian-gcc, r-devel-linux-x86_64-fedora-clang, r-devel-linux-x86_64-fedora-gcc, r-devel-windows-ix86+x86_64