CRAN Package Check Results for Package emoa

Last updated on 2017-08-18 17:47:40.

Flavor Version Tinstall Tcheck Ttotal Status Flags
r-devel-linux-x86_64-debian-clang 0.5-0 3.29 14.25 17.54 NOTE
r-devel-linux-x86_64-debian-gcc 0.5-0 3.30 14.33 17.63 NOTE
r-devel-linux-x86_64-fedora-clang 0.5-0 31.37 NOTE
r-devel-linux-x86_64-fedora-gcc 0.5-0 29.45 NOTE
r-devel-windows-ix86+x86_64 0.5-0 28.00 53.00 81.00 NOTE
r-patched-linux-x86_64 0.5-0 3.20 14.12 17.32 NOTE
r-patched-solaris-x86 0.5-0 40.30 NOTE
r-release-linux-x86_64 0.5-0 4.06 14.23 18.29 NOTE
r-release-windows-ix86+x86_64 0.5-0 20.00 38.00 58.00 NOTE
r-release-osx-x86_64 0.5-0 NOTE
r-oldrel-windows-ix86+x86_64 0.5-0 36.00 41.00 77.00 NOTE
r-oldrel-osx-x86_64 0.5-0 NOTE

Check Details

Version: 0.5-0
Check: R code for possible problems
Result: NOTE
    nondominated_ordering: no visible binding for global variable ‘par’
    rsbxbeta: no visible global function definition for ‘runif’
    Undefined global functions or variables:
     par runif
    Consider adding
     importFrom("graphics", "par")
     importFrom("stats", "runif")
    to your NAMESPACE file.
Flavors: r-devel-linux-x86_64-debian-clang, r-devel-linux-x86_64-debian-gcc, r-devel-linux-x86_64-fedora-clang, r-devel-linux-x86_64-fedora-gcc, r-devel-windows-ix86+x86_64, r-patched-linux-x86_64, r-patched-solaris-x86, r-release-linux-x86_64, r-release-windows-ix86+x86_64, r-release-osx-x86_64, r-oldrel-windows-ix86+x86_64, r-oldrel-osx-x86_64

Version: 0.5-0
Check: compiled code
Result: NOTE
    File ‘emoa/libs/emoa.so’:
     Found no calls to: ‘R_registerRoutines’, ‘R_useDynamicSymbols’
    
    It is good practice to register native routines and to disable symbol
    search.
    
    See ‘Writing portable packages’ in the ‘Writing R Extensions’ manual.
Flavors: r-devel-linux-x86_64-debian-clang, r-devel-linux-x86_64-debian-gcc, r-devel-linux-x86_64-fedora-clang, r-devel-linux-x86_64-fedora-gcc, r-patched-linux-x86_64, r-release-linux-x86_64