CRAN Package Check Results for Package emoa

Last updated on 2014-04-23 20:47:11.

Flavor Version Tinstall Tcheck Ttotal Status Flags
r-devel-linux-x86_64-debian-clang 0.5-0 2.21 12.12 14.33 OK
r-devel-linux-x86_64-debian-gcc 0.5-0 2.53 12.50 15.03 OK
r-devel-linux-x86_64-fedora-clang 0.5-0 26.73 OK
r-devel-linux-x86_64-fedora-gcc 0.5-0 26.48 OK
r-devel-osx-x86_64-clang 0.5-0 25.24 OK
r-devel-osx-x86_64-gcc 0.5-0 OK
r-devel-windows-ix86+x86_64 0.5-0 20.00 26.00 46.00 OK
r-patched-linux-x86_64 0.5-0 2.64 12.04 14.68 OK
r-patched-solaris-sparc 0.5-0 152.50 OK
r-patched-solaris-x86 0.5-0 40.00 OK
r-release-linux-ix86 0.5-0 5.00 27.00 32.00 OK
r-release-linux-x86_64 0.5-0 2.62 12.24 14.86 OK
r-release-osx-x86_64-mavericks 0.5-0 WARN
r-release-windows-ix86+x86_64 0.5-0 33.00 32.00 65.00 OK
r-oldrel-windows-ix86+x86_64 0.5-0 20.00 25.00 45.00 OK

Check Details

Version: 0.5-0
Check: PDF version of manual
Result: WARNING
    LaTeX errors when creating PDF version.
    This typically indicates Rd problems.
    LaTeX errors found:
    ! LaTeX Error: File `upquote.sty' not found.
    
    Type X to quit or <RETURN> to proceed,
    or enter new name. (Default extension: sty)
    
    cbddd9f/Rd2.tex:8: ==> Fatal error occurred, no output PDF file produced!
Flavor: r-release-osx-x86_64-mavericks