CRAN Package Check Results for Package emoa

Last updated on 2018-06-19 00:47:37 CEST.

Flavor Version Tinstall Tcheck Ttotal Status Flags
r-devel-linux-x86_64-debian-clang 0.5-0 5.43 19.39 24.82 NOTE
r-devel-linux-x86_64-debian-gcc 0.5-0 3.51 16.61 20.12 NOTE
r-devel-linux-x86_64-fedora-clang 0.5-0 30.50 NOTE
r-devel-linux-x86_64-fedora-gcc 0.5-0 28.92 NOTE
r-devel-windows-ix86+x86_64 0.5-0 24.00 44.00 68.00 NOTE
r-patched-linux-x86_64 0.5-0 4.84 19.63 24.47 NOTE
r-patched-solaris-x86 0.5-0 43.50 NOTE
r-release-linux-x86_64 0.5-0 4.55 19.59 24.14 NOTE
r-release-windows-ix86+x86_64 0.5-0 26.00 43.00 69.00 NOTE
r-release-osx-x86_64 0.5-0 NOTE
r-oldrel-windows-ix86+x86_64 0.5-0 28.00 46.00 74.00 NOTE
r-oldrel-osx-x86_64 0.5-0 NOTE

Check Details

Version: 0.5-0
Check: R code for possible problems
Result: NOTE
    nondominated_ordering: no visible binding for global variable ‘par’
    rsbxbeta: no visible global function definition for ‘runif’
    Undefined global functions or variables:
     par runif
    Consider adding
     importFrom("graphics", "par")
     importFrom("stats", "runif")
    to your NAMESPACE file.
Flavors: r-devel-linux-x86_64-debian-clang, r-devel-linux-x86_64-debian-gcc, r-devel-linux-x86_64-fedora-clang, r-devel-linux-x86_64-fedora-gcc, r-devel-windows-ix86+x86_64, r-patched-linux-x86_64, r-patched-solaris-x86, r-release-linux-x86_64, r-release-windows-ix86+x86_64, r-release-osx-x86_64, r-oldrel-windows-ix86+x86_64, r-oldrel-osx-x86_64

Version: 0.5-0
Check: compiled code
Result: NOTE
    File ‘emoa/libs/emoa.so’:
     Found no calls to: ‘R_registerRoutines’, ‘R_useDynamicSymbols’
    
    It is good practice to register native routines and to disable symbol
    search.
    
    See ‘Writing portable packages’ in the ‘Writing R Extensions’ manual.
Flavors: r-devel-linux-x86_64-debian-clang, r-devel-linux-x86_64-debian-gcc, r-devel-linux-x86_64-fedora-clang, r-devel-linux-x86_64-fedora-gcc, r-patched-linux-x86_64, r-release-linux-x86_64