CRAN Package Check Results for Package emoa

Last updated on 2016-05-01 18:47:22.

Flavor Version Tinstall Tcheck Ttotal Status Flags
r-devel-linux-x86_64-debian-gcc 0.5-0 2.72 11.49 14.20 NOTE
r-devel-linux-x86_64-fedora-clang 0.5-0 23.62 NOTE
r-devel-linux-x86_64-fedora-gcc 0.5-0 22.09 NOTE
r-devel-osx-x86_64-clang 0.5-0 28.22 NOTE
r-devel-windows-ix86+x86_64 0.5-0 16.00 32.00 48.00 NOTE
r-patched-linux-x86_64 0.5-0 2.66 11.58 14.25 NOTE
r-patched-solaris-sparc 0.5-0 142.60 NOTE
r-patched-solaris-x86 0.5-0 34.80 NOTE
r-release-linux-x86_64 0.5-0 2.81 12.47 15.28 OK
r-release-osx-x86_64-mavericks 0.5-0 OK
r-release-windows-ix86+x86_64 0.5-0 18.00 31.00 49.00 OK
r-oldrel-windows-ix86+x86_64 0.5-0 29.00 30.00 59.00 OK

Check Details

Version: 0.5-0
Check: R code for possible problems
Result: NOTE
    nondominated_ordering: no visible binding for global variable ‘par’
    rsbxbeta: no visible global function definition for ‘runif’
    Undefined global functions or variables:
     par runif
    Consider adding
     importFrom("graphics", "par")
     importFrom("stats", "runif")
    to your NAMESPACE file.
Flavors: r-devel-linux-x86_64-debian-gcc, r-devel-linux-x86_64-fedora-clang, r-devel-linux-x86_64-fedora-gcc, r-devel-osx-x86_64-clang, r-devel-windows-ix86+x86_64, r-patched-linux-x86_64, r-patched-solaris-sparc, r-patched-solaris-x86