CRAN Package Check Results for Package emoa

Last updated on 2016-08-26 23:48:50.

Flavor Version Tinstall Tcheck Ttotal Status Flags
r-devel-linux-x86_64-debian-clang 0.5-0 3.22 11.49 14.71 NOTE
r-devel-linux-x86_64-debian-gcc 0.5-0 4.10 15.27 19.37 NOTE
r-devel-linux-x86_64-fedora-clang 0.5-0 24.19 NOTE
r-devel-linux-x86_64-fedora-gcc 0.5-0 23.76 NOTE
r-devel-osx-x86_64-clang 0.5-0 21.09 NOTE
r-devel-windows-ix86+x86_64 0.5-0 26.00 42.00 68.00 NOTE
r-patched-linux-x86_64 0.5-0 2.63 11.32 13.95 NOTE
r-patched-solaris-sparc 0.5-0 143.70 NOTE
r-patched-solaris-x86 0.5-0 33.70 NOTE
r-release-linux-x86_64 0.5-0 3.18 12.02 15.20 NOTE
r-release-osx-x86_64-mavericks 0.5-0 NOTE
r-release-windows-ix86+x86_64 0.5-0 20.00 42.00 62.00 NOTE
r-oldrel-windows-ix86+x86_64 0.5-0 18.00 31.00 49.00 OK

Check Details

Version: 0.5-0
Check: R code for possible problems
Result: NOTE
    nondominated_ordering: no visible binding for global variable ‘par’
    rsbxbeta: no visible global function definition for ‘runif’
    Undefined global functions or variables:
     par runif
    Consider adding
     importFrom("graphics", "par")
     importFrom("stats", "runif")
    to your NAMESPACE file.
Flavors: r-devel-linux-x86_64-debian-clang, r-devel-linux-x86_64-debian-gcc, r-devel-linux-x86_64-fedora-clang, r-devel-linux-x86_64-fedora-gcc, r-devel-osx-x86_64-clang, r-devel-windows-ix86+x86_64, r-patched-linux-x86_64, r-patched-solaris-sparc, r-patched-solaris-x86, r-release-linux-x86_64, r-release-osx-x86_64-mavericks, r-release-windows-ix86+x86_64