CRAN Package Check Results for Package emoa

Last updated on 2016-02-12 12:47:17.

Flavor Version Tinstall Tcheck Ttotal Status Flags
r-devel-linux-x86_64-debian-gcc 0.5-0 2.67 10.56 13.23 NOTE
r-devel-linux-x86_64-fedora-clang 0.5-0 22.97 NOTE
r-devel-linux-x86_64-fedora-gcc 0.5-0 23.42 NOTE
r-devel-osx-x86_64-clang 0.5-0 26.81 NOTE
r-devel-windows-ix86+x86_64 0.5-0 30.00 37.00 67.00 NOTE
r-patched-linux-x86_64 0.5-0 2.84 11.16 14.00 OK
r-patched-solaris-sparc 0.5-0 144.10 OK
r-patched-solaris-x86 0.5-0 33.30 OK
r-release-linux-x86_64 0.5-0 2.76 11.19 13.95 OK
r-release-osx-x86_64-mavericks 0.5-0 OK
r-release-windows-ix86+x86_64 0.5-0 19.00 35.00 54.00 OK
r-oldrel-windows-ix86+x86_64 0.5-0 28.00 29.00 57.00 OK

Check Details

Version: 0.5-0
Check: R code for possible problems
Result: NOTE
    nondominated_ordering: no visible binding for global variable ‘par’
    rsbxbeta: no visible global function definition for ‘runif’
    Undefined global functions or variables:
     par runif
    Consider adding
     importFrom("graphics", "par")
     importFrom("stats", "runif")
    to your NAMESPACE file.
Flavors: r-devel-linux-x86_64-debian-gcc, r-devel-linux-x86_64-fedora-clang, r-devel-linux-x86_64-fedora-gcc, r-devel-osx-x86_64-clang, r-devel-windows-ix86+x86_64