CRAN Package Check Results for Package emoa

Last updated on 2015-09-02 17:49:15.

Flavor Version Tinstall Tcheck Ttotal Status Flags
r-devel-linux-x86_64-debian-clang 0.5-0 2.30 10.72 13.02 NOTE
r-devel-linux-x86_64-debian-gcc 0.5-0 2.57 10.65 13.22 NOTE
r-devel-linux-x86_64-fedora-clang 0.5-0 25.57 NOTE
r-devel-linux-x86_64-fedora-gcc 0.5-0 23.14 NOTE
r-devel-osx-x86_64-clang 0.5-0 24.24 OK
r-devel-windows-ix86+x86_64 0.5-0 20.00 48.00 68.00 NOTE
r-patched-linux-x86_64 0.5-0 2.67 11.10 13.77 OK
r-patched-solaris-sparc 0.5-0 161.30 OK
r-patched-solaris-x86 0.5-0 38.10 OK
r-release-linux-x86_64 0.5-0 2.63 11.31 13.94 OK
r-release-osx-x86_64-mavericks 0.5-0 OK
r-release-windows-ix86+x86_64 0.5-0 21.00 27.00 48.00 OK
r-oldrel-windows-ix86+x86_64 0.5-0 32.00 29.00 61.00 OK

Check Details

Version: 0.5-0
Check: R code for possible problems
Result: NOTE
    nondominated_ordering: no visible binding for global variable ‘par’
    rsbxbeta: no visible global function definition for ‘runif’
    Undefined global functions or variables:
     par runif
    Consider adding
     importFrom("graphics", "par")
     importFrom("stats", "runif")
    to your NAMESPACE.
Flavors: r-devel-linux-x86_64-debian-clang, r-devel-linux-x86_64-debian-gcc, r-devel-linux-x86_64-fedora-clang, r-devel-linux-x86_64-fedora-gcc, r-devel-windows-ix86+x86_64