CRAN Package Check Results for Package emoa

Last updated on 2017-03-23 23:50:40.

Flavor Version Tinstall Tcheck Ttotal Status Flags
r-devel-linux-x86_64-debian-clang 0.5-0 3.37 14.16 17.53 NOTE
r-devel-linux-x86_64-debian-gcc 0.5-0 2.94 13.98 16.93 NOTE
r-devel-linux-x86_64-fedora-clang 0.5-0 30.27 NOTE --no-stop-on-test-error
r-devel-linux-x86_64-fedora-gcc 0.5-0 28.49 NOTE --no-stop-on-test-error
r-devel-macos-x86_64-clang 0.5-0 24.47 NOTE --no-stop-on-test-error
r-devel-windows-ix86+x86_64 0.5-0 21.00 38.00 59.00 NOTE
r-patched-linux-x86_64 0.5-0 2.59 11.50 14.09 NOTE
r-patched-solaris-sparc 0.5-0 166.20 NOTE
r-patched-solaris-x86 0.5-0 39.60 NOTE
r-release-linux-x86_64 0.5-0 2.68 11.66 14.34 NOTE
r-release-osx-x86_64-mavericks 0.5-0 NOTE
r-release-windows-ix86+x86_64 0.5-0 35.00 41.00 76.00 NOTE
r-oldrel-windows-ix86+x86_64 0.5-0 42.00 37.00 79.00 OK

Check Details

Version: 0.5-0
Check: R code for possible problems
Result: NOTE
    nondominated_ordering: no visible binding for global variable ‘par’
    rsbxbeta: no visible global function definition for ‘runif’
    Undefined global functions or variables:
     par runif
    Consider adding
     importFrom("graphics", "par")
     importFrom("stats", "runif")
    to your NAMESPACE file.
Flavors: r-devel-linux-x86_64-debian-clang, r-devel-linux-x86_64-debian-gcc, r-devel-windows-ix86+x86_64, r-patched-linux-x86_64, r-patched-solaris-sparc, r-patched-solaris-x86, r-release-linux-x86_64, r-release-osx-x86_64-mavericks, r-release-windows-ix86+x86_64

Version: 0.5-0
Check: compiled code
Result: NOTE
    File ‘emoa/libs/emoa.so’:
     Found no calls to: ‘R_registerRoutines’, ‘R_useDynamicSymbols’
    
    It is good practice to register native routines and to disable symbol
    search.
    
    See ‘Writing portable packages’ in the ‘Writing R Extensions’ manual.
Flavors: r-devel-linux-x86_64-debian-clang, r-devel-linux-x86_64-debian-gcc

Version: 0.5-0
Flags: --no-stop-on-test-error
Check: R code for possible problems
Result: NOTE
    nondominated_ordering: no visible binding for global variable ‘par’
    rsbxbeta: no visible global function definition for ‘runif’
    Undefined global functions or variables:
     par runif
    Consider adding
     importFrom("graphics", "par")
     importFrom("stats", "runif")
    to your NAMESPACE file.
Flavors: r-devel-linux-x86_64-fedora-clang, r-devel-linux-x86_64-fedora-gcc, r-devel-macos-x86_64-clang

Version: 0.5-0
Flags: --no-stop-on-test-error
Check: compiled code
Result: NOTE
    File ‘emoa/libs/emoa.so’:
     Found no calls to: ‘R_registerRoutines’, ‘R_useDynamicSymbols’
    
    It is good practice to register native routines and to disable symbol
    search.
    
    See ‘Writing portable packages’ in the ‘Writing R Extensions’ manual.
Flavors: r-devel-linux-x86_64-fedora-clang, r-devel-linux-x86_64-fedora-gcc, r-devel-macos-x86_64-clang