CRAN Package Check Results for Package emoa

Last updated on 2016-09-28 04:48:40.

Flavor Version Tinstall Tcheck Ttotal Status Flags
r-devel-linux-x86_64-debian-clang 0.5-0 3.22 11.53 14.75 NOTE
r-devel-linux-x86_64-debian-gcc 0.5-0 3.03 11.83 14.87 NOTE
r-devel-linux-x86_64-fedora-clang 0.5-0 24.22 NOTE
r-devel-linux-x86_64-fedora-gcc 0.5-0 25.05 NOTE
r-devel-macos-x86_64-clang 0.5-0 21.45 NOTE
r-devel-windows-ix86+x86_64 0.5-0 28.00 55.00 83.00 NOTE
r-patched-linux-x86_64 0.5-0 2.82 11.56 14.37 NOTE
r-patched-solaris-sparc 0.5-0 143.70 NOTE
r-patched-solaris-x86 0.5-0 33.00 NOTE
r-release-linux-x86_64 0.5-0 2.83 11.82 14.65 NOTE
r-release-osx-x86_64-mavericks 0.5-0 NOTE
r-release-windows-ix86+x86_64 0.5-0 16.00 37.00 53.00 NOTE
r-oldrel-windows-ix86+x86_64 0.5-0 18.00 31.00 49.00 OK

Check Details

Version: 0.5-0
Check: R code for possible problems
Result: NOTE
    nondominated_ordering: no visible binding for global variable ‘par’
    rsbxbeta: no visible global function definition for ‘runif’
    Undefined global functions or variables:
     par runif
    Consider adding
     importFrom("graphics", "par")
     importFrom("stats", "runif")
    to your NAMESPACE file.
Flavors: r-devel-linux-x86_64-debian-clang, r-devel-linux-x86_64-debian-gcc, r-devel-linux-x86_64-fedora-clang, r-devel-linux-x86_64-fedora-gcc, r-devel-macos-x86_64-clang, r-devel-windows-ix86+x86_64, r-patched-linux-x86_64, r-patched-solaris-sparc, r-patched-solaris-x86, r-release-linux-x86_64, r-release-osx-x86_64-mavericks, r-release-windows-ix86+x86_64