CRAN Package Check Results for Package emoa

Last updated on 2016-06-01 05:48:30.

Flavor Version Tinstall Tcheck Ttotal Status Flags
r-devel-linux-x86_64-debian-gcc 0.5-0 3.40 12.39 15.80 NOTE
r-devel-linux-x86_64-fedora-clang 0.5-0 26.39 NOTE
r-devel-linux-x86_64-fedora-gcc 0.5-0 22.36 NOTE
r-devel-osx-x86_64-clang 0.5-0 27.45 NOTE
r-devel-windows-ix86+x86_64 0.5-0 17.00 32.00 49.00 NOTE
r-patched-linux-x86_64 0.5-0 3.07 12.41 15.48 NOTE
r-patched-solaris-sparc 0.5-0 142.80 NOTE
r-patched-solaris-x86 0.5-0 34.40 NOTE
r-release-linux-x86_64 0.5-0 2.64 11.66 14.31 NOTE
r-release-osx-x86_64-mavericks 0.5-0 NOTE
r-release-windows-ix86+x86_64 0.5-0 20.00 42.00 62.00 NOTE
r-oldrel-windows-ix86+x86_64 0.5-0 18.00 31.00 49.00 OK

Check Details

Version: 0.5-0
Check: R code for possible problems
Result: NOTE
    nondominated_ordering: no visible binding for global variable ‘par’
    rsbxbeta: no visible global function definition for ‘runif’
    Undefined global functions or variables:
     par runif
    Consider adding
     importFrom("graphics", "par")
     importFrom("stats", "runif")
    to your NAMESPACE file.
Flavors: r-devel-linux-x86_64-debian-gcc, r-devel-linux-x86_64-fedora-clang, r-devel-linux-x86_64-fedora-gcc, r-devel-osx-x86_64-clang, r-devel-windows-ix86+x86_64, r-patched-linux-x86_64, r-patched-solaris-sparc, r-patched-solaris-x86, r-release-linux-x86_64, r-release-osx-x86_64-mavericks, r-release-windows-ix86+x86_64