CRAN Package Check Results for Package emoa

Last updated on 2017-06-26 02:47:26.

Flavor Version Tinstall Tcheck Ttotal Status Flags
r-devel-linux-x86_64-debian-clang 0.5-0 3.40 14.09 17.49 NOTE
r-devel-linux-x86_64-debian-gcc 0.5-0 3.01 14.23 17.24 NOTE
r-devel-linux-x86_64-fedora-clang 0.5-0 28.70 NOTE
r-devel-linux-x86_64-fedora-gcc 0.5-0 27.47 NOTE
r-devel-windows-ix86+x86_64 0.5-0 28.00 50.00 78.00 NOTE
r-patched-linux-x86_64 0.5-0 3.02 14.14 17.16 NOTE
r-patched-solaris-sparc 0.5-0 166.20 NOTE
r-patched-solaris-x86 0.5-0 39.70 NOTE
r-release-linux-x86_64 0.5-0 2.92 14.32 17.24 NOTE
r-release-windows-ix86+x86_64 0.5-0 21.00 33.00 54.00 NOTE
r-release-osx-x86_64 0.5-0 NOTE
r-oldrel-windows-ix86+x86_64 0.5-0 36.00 41.00 77.00 NOTE
r-oldrel-osx-x86_64 0.5-0 NOTE

Check Details

Version: 0.5-0
Check: R code for possible problems
Result: NOTE
    nondominated_ordering: no visible binding for global variable ‘par’
    rsbxbeta: no visible global function definition for ‘runif’
    Undefined global functions or variables:
     par runif
    Consider adding
     importFrom("graphics", "par")
     importFrom("stats", "runif")
    to your NAMESPACE file.
Flavors: r-devel-linux-x86_64-debian-clang, r-devel-linux-x86_64-debian-gcc, r-devel-linux-x86_64-fedora-clang, r-devel-linux-x86_64-fedora-gcc, r-devel-windows-ix86+x86_64, r-patched-linux-x86_64, r-patched-solaris-sparc, r-patched-solaris-x86, r-release-linux-x86_64, r-release-windows-ix86+x86_64, r-release-osx-x86_64, r-oldrel-windows-ix86+x86_64, r-oldrel-osx-x86_64

Version: 0.5-0
Check: compiled code
Result: NOTE
    File ‘emoa/libs/emoa.so’:
     Found no calls to: ‘R_registerRoutines’, ‘R_useDynamicSymbols’
    
    It is good practice to register native routines and to disable symbol
    search.
    
    See ‘Writing portable packages’ in the ‘Writing R Extensions’ manual.
Flavors: r-devel-linux-x86_64-debian-clang, r-devel-linux-x86_64-debian-gcc, r-devel-linux-x86_64-fedora-clang, r-devel-linux-x86_64-fedora-gcc, r-patched-linux-x86_64, r-release-linux-x86_64