CRAN Package Check Results for Package emojifont

Last updated on 2023-05-28 20:57:44 CEST.

Flavor Version Tinstall Tcheck Ttotal Status Flags
r-devel-linux-x86_64-debian-clang 0.5.5 5.94 55.87 61.81 OK
r-devel-linux-x86_64-debian-gcc 0.5.5 4.82 42.95 47.77 OK
r-devel-linux-x86_64-fedora-clang 0.5.5 76.74 NOTE
r-devel-linux-x86_64-fedora-gcc 0.5.5 83.14 OK
r-devel-windows-x86_64 0.5.5 8.00 70.00 78.00 NOTE
r-patched-linux-x86_64 0.5.5 4.72 53.49 58.21 OK
r-release-linux-x86_64 0.5.5 4.41 53.32 57.73 OK
r-release-macos-arm64 0.5.5 34.00 NOTE
r-release-macos-x86_64 0.5.5 52.00 NOTE
r-release-windows-x86_64 0.5.5 10.00 74.00 84.00 NOTE
r-oldrel-macos-arm64 0.5.5 26.00 NOTE
r-oldrel-macos-x86_64 0.5.5 42.00 NOTE
r-oldrel-windows-x86_64 0.5.5 9.00 77.00 86.00 NOTE

Check Details

Version: 0.5.5
Check: installed package size
Result: NOTE
     installed size is 7.0Mb
     sub-directories of 1Mb or more:
     emoji_fonts 6.5Mb
Flavors: r-devel-linux-x86_64-fedora-clang, r-devel-windows-x86_64, r-release-macos-arm64, r-release-macos-x86_64, r-release-windows-x86_64, r-oldrel-macos-arm64, r-oldrel-macos-x86_64, r-oldrel-windows-x86_64