CRAN Package Check Results for Package emplik

Last updated on 2017-10-21 22:46:37.

Flavor Version Tinstall Tcheck Ttotal Status Flags
r-devel-linux-x86_64-debian-clang 1.0-3 3.30 48.37 51.68 NOTE
r-devel-linux-x86_64-debian-gcc 1.0-3 3.48 51.94 55.42 NOTE
r-devel-linux-x86_64-fedora-clang 1.0-3 112.87 NOTE
r-devel-linux-x86_64-fedora-gcc 1.0-3 116.19 NOTE
r-devel-windows-ix86+x86_64 1.0-3 11.00 159.00 170.00 OK
r-patched-linux-x86_64 1.0-3 3.39 48.07 51.46 NOTE
r-patched-solaris-x86 1.0-3 141.60 OK
r-release-linux-x86_64 1.0-3 3.44 48.24 51.67 NOTE
r-release-windows-ix86+x86_64 1.0-3 16.00 138.00 154.00 OK
r-release-osx-x86_64 1.0-3 OK
r-oldrel-windows-ix86+x86_64 1.0-3 12.00 121.00 133.00 OK
r-oldrel-osx-x86_64 1.0-3 OK

Check Details

Version: 1.0-3
Check: compiled code
Result: NOTE
    File ‘emplik/libs/emplik.so’:
     Found no calls to: ‘R_registerRoutines’, ‘R_useDynamicSymbols’
    
    It is good practice to register native routines and to disable symbol
    search.
    
    See ‘Writing portable packages’ in the ‘Writing R Extensions’ manual.
Flavors: r-devel-linux-x86_64-debian-clang, r-devel-linux-x86_64-debian-gcc, r-devel-linux-x86_64-fedora-clang, r-devel-linux-x86_64-fedora-gcc, r-patched-linux-x86_64, r-release-linux-x86_64