CRAN Package Check Results for Package emplik

Last updated on 2017-03-29 11:49:24.

Flavor Version Tinstall Tcheck Ttotal Status Flags
r-devel-linux-x86_64-debian-clang 1.0-3 3.51 48.71 52.22 NOTE
r-devel-linux-x86_64-debian-gcc 1.0-3 3.24 46.96 50.19 NOTE
r-devel-linux-x86_64-fedora-clang 1.0-3 108.82 NOTE --no-stop-on-test-error
r-devel-linux-x86_64-fedora-gcc 1.0-3 108.43 NOTE --no-stop-on-test-error
r-devel-macos-x86_64-clang 1.0-3 80.71 NOTE --no-stop-on-test-error
r-devel-windows-ix86+x86_64 1.0-3 13.00 112.00 125.00 OK
r-patched-linux-x86_64 1.0-3 3.28 47.37 50.65 NOTE
r-patched-solaris-sparc 1.0-3 622.20 OK
r-patched-solaris-x86 1.0-3 137.50 OK
r-release-linux-x86_64 1.0-3 3.18 43.19 46.38 OK
r-release-osx-x86_64-mavericks 1.0-3 OK
r-release-windows-ix86+x86_64 1.0-3 14.00 137.00 151.00 OK
r-oldrel-windows-ix86+x86_64 1.0-3 12.00 136.00 148.00 OK

Check Details

Version: 1.0-3
Check: compiled code
Result: NOTE
    File ‘emplik/libs/emplik.so’:
     Found no calls to: ‘R_registerRoutines’, ‘R_useDynamicSymbols’
    
    It is good practice to register native routines and to disable symbol
    search.
    
    See ‘Writing portable packages’ in the ‘Writing R Extensions’ manual.
Flavors: r-devel-linux-x86_64-debian-clang, r-devel-linux-x86_64-debian-gcc, r-patched-linux-x86_64

Version: 1.0-3
Flags: --no-stop-on-test-error
Check: compiled code
Result: NOTE
    File ‘emplik/libs/emplik.so’:
     Found no calls to: ‘R_registerRoutines’, ‘R_useDynamicSymbols’
    
    It is good practice to register native routines and to disable symbol
    search.
    
    See ‘Writing portable packages’ in the ‘Writing R Extensions’ manual.
Flavors: r-devel-linux-x86_64-fedora-clang, r-devel-linux-x86_64-fedora-gcc, r-devel-macos-x86_64-clang