CRAN Package Check Results for Package emplik

Last updated on 2018-05-22 05:49:22 CEST.

Flavor Version Tinstall Tcheck Ttotal Status Flags
r-devel-linux-x86_64-debian-clang 1.0-3 8.56 76.38 84.94 NOTE
r-devel-linux-x86_64-debian-gcc 1.0-3 7.78 66.14 73.92 NOTE
r-devel-linux-x86_64-fedora-clang 1.0-3 113.98 NOTE
r-devel-linux-x86_64-fedora-gcc 1.0-3 117.70 NOTE
r-devel-windows-ix86+x86_64 1.0-3 19.00 116.00 135.00 OK
r-patched-linux-x86_64 1.0-3 6.52 75.26 81.78 NOTE
r-patched-solaris-x86 1.0-3 142.60 OK
r-release-linux-x86_64 1.0-3 7.99 74.83 82.82 NOTE
r-release-windows-ix86+x86_64 1.0-3 19.00 143.00 162.00 OK
r-release-osx-x86_64 1.0-3 OK
r-oldrel-windows-ix86+x86_64 1.0-3 14.00 112.00 126.00 OK
r-oldrel-osx-x86_64 1.0-3 OK

Check Details

Version: 1.0-3
Check: compiled code
Result: NOTE
    File ‘emplik/libs/emplik.so’:
     Found no calls to: ‘R_registerRoutines’, ‘R_useDynamicSymbols’
    
    It is good practice to register native routines and to disable symbol
    search.
    
    See ‘Writing portable packages’ in the ‘Writing R Extensions’ manual.
Flavors: r-devel-linux-x86_64-debian-clang, r-devel-linux-x86_64-debian-gcc, r-devel-linux-x86_64-fedora-clang, r-devel-linux-x86_64-fedora-gcc, r-patched-linux-x86_64, r-release-linux-x86_64