CRAN Package Check Results for Package emplik

Last updated on 2014-04-24 03:47:43.

Flavor Version Tinstall Tcheck Ttotal Status Flags
r-devel-linux-x86_64-debian-clang 0.9-9-2 1.31 29.01 30.32 OK
r-devel-linux-x86_64-debian-gcc 0.9-9-2 1.34 28.18 29.52 OK
r-devel-linux-x86_64-fedora-clang 0.9-9-2 59.14 OK
r-devel-linux-x86_64-fedora-gcc 0.9-9-2 56.41 OK
r-devel-osx-x86_64-clang 0.9-9-2 47.01 OK
r-devel-osx-x86_64-gcc 0.9-9-2 ERROR
r-devel-windows-ix86+x86_64 0.9-9-2 4.00 38.00 42.00 OK
r-patched-linux-x86_64 0.9-9-2 1.29 28.27 29.56 OK
r-patched-solaris-sparc 0.9-9-2 303.00 OK
r-patched-solaris-x86 0.9-9-2 71.60 OK
r-release-linux-ix86 0.9-9-2 3.00 48.00 51.00 OK
r-release-linux-x86_64 0.9-9-2 1.29 28.27 29.56 OK
r-release-osx-x86_64-mavericks 0.9-9-2 WARN
r-release-osx-x86_64-snowleopard 0.9-9-2 OK
r-release-windows-ix86+x86_64 0.9-9-2 4.00 44.00 48.00 OK
r-oldrel-windows-ix86+x86_64 0.9-9-2 4.00 43.00 47.00 OK

Check Details

Version: 0.9-9-2
Check: package dependencies
Result: ERROR
    Package required but not available: ‘quantreg’
    
    See the information on DESCRIPTION files in the chapter ‘Creating R
    packages’ of the ‘Writing R Extensions’ manual.
Flavor: r-devel-osx-x86_64-gcc

Version: 0.9-9-2
Check: PDF version of manual
Result: WARNING
    LaTeX errors when creating PDF version.
    This typically indicates Rd problems.
    LaTeX errors found:
    ! LaTeX Error: File `upquote.sty' not found.
    
    Type X to quit or <RETURN> to proceed,
    or enter new name. (Default extension: sty)
    
    c449d4a/Rd2.tex:8: ==> Fatal error occurred, no output PDF file produced!
Flavor: r-release-osx-x86_64-mavericks