CRAN Package Check Results for Package emplik

Last updated on 2015-04-28 03:47:17.

Flavor Version Tinstall Tcheck Ttotal Status Flags
r-devel-linux-x86_64-debian-clang 0.9-9-6 1.53 25.08 26.61 OK
r-devel-linux-x86_64-debian-gcc 0.9-9-6 1.46 24.58 26.03 OK
r-devel-linux-x86_64-fedora-clang 0.9-9-6 51.33 OK
r-devel-linux-x86_64-fedora-gcc 0.9-9-6 48.33 OK
r-devel-osx-x86_64-clang 0.9-9-6 48.82 OK
r-devel-windows-ix86+x86_64 0.9-9-6 7.00 48.00 55.00 OK
r-patched-linux-x86_64 0.9-9-6 1.46 24.80 26.26 OK
r-patched-solaris-sparc 0.9-9-6 310.80 OK
r-patched-solaris-x86 0.9-9-6 64.10 OK
r-release-linux-x86_64 0.9-9-6 1.54 26.79 28.34 OK
r-release-osx-x86_64-mavericks 0.9-9-6 OK
r-release-osx-x86_64-snowleopard 0.9-9-6 ERROR
r-release-windows-ix86+x86_64 0.9-9-6 10.00 69.00 79.00 OK
r-oldrel-windows-ix86+x86_64 0.9-9-6 6.00 51.00 57.00 OK

Check Details

Version: 0.9-9-6
Check: package dependencies
Result: ERROR
    Package required but not available: ‘quantreg’
    
    See section ‘The DESCRIPTION file’ in the ‘Writing R Extensions’
    manual.
Flavor: r-release-osx-x86_64-snowleopard