CRAN Package Check Results for Package emplik

Last updated on 2015-05-25 23:47:22.

Flavor Version Tinstall Tcheck Ttotal Status Flags
r-devel-linux-x86_64-debian-clang 1.0-1 1.42 27.31 28.73 OK
r-devel-linux-x86_64-debian-gcc 1.0-1 1.42 25.54 26.96 OK
r-devel-linux-x86_64-fedora-clang 1.0-1 53.21 OK
r-devel-linux-x86_64-fedora-gcc 1.0-1 50.89 OK
r-devel-osx-x86_64-clang 1.0-1 50.83 OK
r-devel-windows-ix86+x86_64 1.0-1 8.00 55.00 63.00 OK
r-patched-linux-x86_64 1.0-1 1.44 25.83 27.27 OK
r-patched-solaris-sparc 1.0-1 309.00 OK
r-patched-solaris-x86 1.0-1 65.10 OK
r-release-linux-x86_64 1.0-1 1.46 25.94 27.40 OK
r-release-osx-x86_64-mavericks 1.0-1 OK
r-release-osx-x86_64-snowleopard 1.0-1 ERROR
r-release-windows-ix86+x86_64 1.0-1 7.00 47.00 54.00 OK
r-oldrel-windows-ix86+x86_64 1.0-1 8.00 53.00 61.00 OK

Check Details

Version: 1.0-1
Check: package dependencies
Result: ERROR
    Package required but not available: ‘quantreg’
    
    See section ‘The DESCRIPTION file’ in the ‘Writing R Extensions’
    manual.
Flavor: r-release-osx-x86_64-snowleopard