CRAN Package Check Results for Package emplik

Last updated on 2017-12-17 02:48:57 CET.

Flavor Version Tinstall Tcheck Ttotal Status Flags
r-devel-linux-x86_64-debian-clang 1.0-3 4.10 73.04 77.14 NOTE
r-devel-linux-x86_64-debian-gcc 1.0-3 3.91 57.52 61.43 NOTE
r-devel-linux-x86_64-fedora-clang 1.0-3 97.29 NOTE
r-devel-linux-x86_64-fedora-gcc 1.0-3 96.27 NOTE
r-devel-windows-ix86+x86_64 1.0-3 10.00 103.00 113.00 OK
r-patched-linux-x86_64 1.0-3 4.63 79.40 84.03 NOTE
r-patched-solaris-x86 1.0-3 138.60 OK
r-release-linux-x86_64 1.0-3 4.78 78.01 82.79 NOTE
r-release-windows-ix86+x86_64 1.0-3 10.00 147.00 157.00 OK
r-release-osx-x86_64 1.0-3 OK
r-oldrel-windows-ix86+x86_64 1.0-3 15.00 122.00 137.00 OK
r-oldrel-osx-x86_64 1.0-3 OK

Check Details

Version: 1.0-3
Check: compiled code
Result: NOTE
    File ‘emplik/libs/emplik.so’:
     Found no calls to: ‘R_registerRoutines’, ‘R_useDynamicSymbols’
    
    It is good practice to register native routines and to disable symbol
    search.
    
    See ‘Writing portable packages’ in the ‘Writing R Extensions’ manual.
Flavors: r-devel-linux-x86_64-debian-clang, r-devel-linux-x86_64-debian-gcc, r-devel-linux-x86_64-fedora-clang, r-devel-linux-x86_64-fedora-gcc, r-patched-linux-x86_64, r-release-linux-x86_64