CRAN Package Check Results for Package emplik

Last updated on 2015-07-28 06:47:47.

Flavor Version Tinstall Tcheck Ttotal Status Flags
r-devel-linux-x86_64-debian-clang 1.0-1 1.48 25.66 27.14 NOTE
r-devel-linux-x86_64-debian-gcc 1.0-1 1.45 25.73 27.18 NOTE
r-devel-linux-x86_64-fedora-clang 1.0-1 51.74 NOTE
r-devel-linux-x86_64-fedora-gcc 1.0-1 49.69 NOTE
r-devel-osx-x86_64-clang 1.0-1 47.19 OK
r-devel-windows-ix86+x86_64 1.0-1 7.00 51.00 58.00 NOTE
r-patched-linux-x86_64 1.0-1 1.43 25.92 27.35 OK
r-patched-solaris-sparc 1.0-1 319.90 OK
r-patched-solaris-x86 1.0-1 64.80 OK
r-release-linux-x86_64 1.0-1 1.40 25.48 26.88 OK
r-release-osx-x86_64-mavericks 1.0-1 OK
r-release-windows-ix86+x86_64 1.0-1 9.00 54.00 63.00 OK
r-oldrel-windows-ix86+x86_64 1.0-1 11.00 83.00 94.00 OK

Check Details

Version: 1.0-1
Check: R code for possible problems
Result: NOTE
    BJnoint: no visible global function definition for ‘lm’
    ROCnp: no visible global function definition for ‘optimize’
    WRegEst: no visible global function definition for ‘coef’
    WRegEst: no visible global function definition for ‘lm.wfit’
    el.cen.EM: no visible global function definition for ‘pchisq’
    el.cen.EM2: no visible global function definition for ‘pchisq’
    el.cen.test: no visible global function definition for ‘pchisq’
    el.ltrc.EM: no visible global function definition for ‘pchisq’
    el.test: no visible global function definition for ‘pchisq’
    el.test.wt: no visible global function definition for ‘uniroot’
    emplikH.disc: no visible global function definition for ‘uniroot’
    emplikH.disc2: no visible global function definition for ‘uniroot’
    emplikH1.test: no visible global function definition for ‘uniroot’
    emplikH2.test: no visible global function definition for ‘uniroot’
    iter: no visible global function definition for ‘lm’
    Undefined global functions or variables:
     coef lm lm.wfit optimize pchisq uniroot
    Consider adding
     importFrom("stats", "coef", "lm", "lm.wfit", "optimize", "pchisq",
     "uniroot")
    to your NAMESPACE.
Flavors: r-devel-linux-x86_64-debian-clang, r-devel-linux-x86_64-debian-gcc, r-devel-linux-x86_64-fedora-clang, r-devel-linux-x86_64-fedora-gcc, r-devel-windows-ix86+x86_64