CRAN Package Check Results for Package emplik

Last updated on 2017-06-27 04:48:03.

Flavor Version Tinstall Tcheck Ttotal Status Flags
r-devel-linux-x86_64-debian-clang 1.0-3 3.44 48.43 51.88 NOTE
r-devel-linux-x86_64-debian-gcc 1.0-3 3.15 47.77 50.92 NOTE
r-devel-linux-x86_64-fedora-clang 1.0-3 111.22 NOTE
r-devel-linux-x86_64-fedora-gcc 1.0-3 108.74 NOTE
r-devel-windows-ix86+x86_64 1.0-3 18.00 94.00 112.00 OK
r-patched-linux-x86_64 1.0-3 3.56 47.59 51.14 NOTE
r-patched-solaris-sparc 1.0-3 622.20 OK
r-patched-solaris-x86 1.0-3 138.60 OK
r-release-linux-x86_64 1.0-3 3.43 47.47 50.90 NOTE
r-release-windows-ix86+x86_64 1.0-3 11.00 141.00 152.00 OK
r-release-osx-x86_64 1.0-3 OK
r-oldrel-windows-ix86+x86_64 1.0-3 15.00 125.00 140.00 OK
r-oldrel-osx-x86_64 1.0-3 OK

Check Details

Version: 1.0-3
Check: compiled code
Result: NOTE
    File ‘emplik/libs/emplik.so’:
     Found no calls to: ‘R_registerRoutines’, ‘R_useDynamicSymbols’
    
    It is good practice to register native routines and to disable symbol
    search.
    
    See ‘Writing portable packages’ in the ‘Writing R Extensions’ manual.
Flavors: r-devel-linux-x86_64-debian-clang, r-devel-linux-x86_64-debian-gcc, r-devel-linux-x86_64-fedora-clang, r-devel-linux-x86_64-fedora-gcc, r-patched-linux-x86_64, r-release-linux-x86_64