CRAN Package Check Results for Package emplik

Last updated on 2017-02-22 03:47:20.

Flavor Version Tinstall Tcheck Ttotal Status Flags
r-devel-linux-x86_64-debian-clang 1.0-3 3.44 48.12 51.55 NOTE
r-devel-linux-x86_64-debian-gcc 1.0-3 3.46 46.72 50.18 NOTE
r-devel-linux-x86_64-fedora-clang 1.0-3 107.53 NOTE --no-stop-on-test-error
r-devel-linux-x86_64-fedora-gcc 1.0-3 105.66 NOTE --no-stop-on-test-error
r-devel-macos-x86_64-clang 1.0-3 87.28 NOTE --no-stop-on-test-error
r-devel-windows-ix86+x86_64 1.0-3 17.00 194.00 211.00 OK
r-patched-linux-x86_64 1.0-3 3.10 43.34 46.44 OK
r-patched-solaris-sparc 1.0-3 564.10 OK
r-patched-solaris-x86 1.0-3 121.60 OK
r-release-linux-x86_64 1.0-3 3.32 43.24 46.56 OK
r-release-osx-x86_64-mavericks 1.0-3 OK
r-release-windows-ix86+x86_64 1.0-3 23.00 124.00 147.00 OK
r-oldrel-windows-ix86+x86_64 1.0-3 16.00 136.00 152.00 OK

Check Details

Version: 1.0-3
Check: compiled code
Result: NOTE
    File ‘emplik/libs/emplik.so’:
     Found no calls to: ‘R_registerRoutines’, ‘R_useDynamicSymbols’
    
    It is good practice to register native routines and to disable symbol
    search.
    
    See ‘Writing portable packages’ in the ‘Writing R Extensions’ manual.
Flavors: r-devel-linux-x86_64-debian-clang, r-devel-linux-x86_64-debian-gcc

Version: 1.0-3
Flags: --no-stop-on-test-error
Check: compiled code
Result: NOTE
    File ‘emplik/libs/emplik.so’:
     Found no calls to: ‘R_registerRoutines’, ‘R_useDynamicSymbols’
    
    It is good practice to register native routines and to disable symbol
    search.
    
    See ‘Writing portable packages’ in the ‘Writing R Extensions’ manual.
Flavors: r-devel-linux-x86_64-fedora-clang, r-devel-linux-x86_64-fedora-gcc, r-devel-macos-x86_64-clang