CRAN Package Check Results for Package emplik

Last updated on 2017-08-21 05:47:59.

Flavor Version Tinstall Tcheck Ttotal Status Flags
r-devel-linux-x86_64-debian-clang 1.0-3 3.30 48.68 51.98 NOTE
r-devel-linux-x86_64-debian-gcc 1.0-3 3.28 47.73 51.01 NOTE
r-devel-linux-x86_64-fedora-clang 1.0-3 107.66 NOTE
r-devel-linux-x86_64-fedora-gcc 1.0-3 114.85 NOTE
r-devel-windows-ix86+x86_64 1.0-3 10.00 103.00 113.00 OK
r-patched-linux-x86_64 1.0-3 3.46 47.73 51.19 NOTE
r-patched-solaris-x86 1.0-3 138.60 OK
r-release-linux-x86_64 1.0-3 3.46 47.89 51.35 NOTE
r-release-windows-ix86+x86_64 1.0-3 14.00 97.00 111.00 OK
r-release-osx-x86_64 1.0-3 OK
r-oldrel-windows-ix86+x86_64 1.0-3 10.00 88.00 98.00 OK
r-oldrel-osx-x86_64 1.0-3 OK

Check Details

Version: 1.0-3
Check: compiled code
Result: NOTE
    File ‘emplik/libs/emplik.so’:
     Found no calls to: ‘R_registerRoutines’, ‘R_useDynamicSymbols’
    
    It is good practice to register native routines and to disable symbol
    search.
    
    See ‘Writing portable packages’ in the ‘Writing R Extensions’ manual.
Flavors: r-devel-linux-x86_64-debian-clang, r-devel-linux-x86_64-debian-gcc, r-devel-linux-x86_64-fedora-clang, r-devel-linux-x86_64-fedora-gcc, r-patched-linux-x86_64, r-release-linux-x86_64