CRAN Package Check Results for Package ems

Last updated on 2024-03-02 12:48:17 CET.

Flavor Version Tinstall Tcheck Ttotal Status Flags
r-devel-linux-x86_64-debian-clang 1.3.11 18.49 149.87 168.36 OK
r-devel-linux-x86_64-debian-gcc 1.3.11 15.27 112.36 127.63 OK
r-devel-linux-x86_64-fedora-clang 1.3.11 208.78 NOTE
r-devel-linux-x86_64-fedora-gcc 1.3.11 204.87 NOTE
r-devel-windows-x86_64 1.3.11 17.00 120.00 137.00 OK
r-patched-linux-x86_64 1.3.11 15.15 146.64 161.79 OK
r-release-linux-x86_64 1.3.11 13.85 146.60 160.45 OK
r-release-macos-arm64 1.3.11 56.00 OK
r-release-macos-x86_64 1.3.11 97.00 OK
r-release-windows-x86_64 1.3.11 25.00 152.00 177.00 OK
r-oldrel-macos-arm64 1.3.11 59.00 NOTE
r-oldrel-windows-x86_64 1.3.11 25.00 142.00 167.00 OK

Check Details

Version: 1.3.11
Check: data for non-ASCII characters
Result: NOTE Note: found 23639 marked Latin-1 strings Flavors: r-devel-linux-x86_64-fedora-clang, r-devel-linux-x86_64-fedora-gcc, r-oldrel-macos-arm64