CRAN Package Check Results for Package emulator

Last updated on 2015-09-01 05:48:15.

Flavor Version Tinstall Tcheck Ttotal Status Flags
r-devel-linux-x86_64-debian-clang 1.2-15 0.72 17.74 18.46 NOTE
r-devel-linux-x86_64-debian-gcc 1.2-15 0.70 17.55 18.25 NOTE
r-devel-linux-x86_64-fedora-clang 1.2-15 36.65 NOTE
r-devel-linux-x86_64-fedora-gcc 1.2-15 34.59 NOTE
r-devel-osx-x86_64-clang 1.2-15 37.07 OK
r-devel-windows-ix86+x86_64 1.2-15 4.00 60.00 64.00 NOTE
r-patched-linux-x86_64 1.2-15 0.76 17.89 18.65 OK
r-patched-solaris-sparc 1.2-15 234.10 OK
r-patched-solaris-x86 1.2-15 53.70 OK
r-release-linux-x86_64 1.2-15 1.12 18.42 19.54 OK
r-release-osx-x86_64-mavericks 1.2-15 OK
r-release-windows-ix86+x86_64 1.2-15 4.00 37.00 41.00 OK
r-oldrel-windows-ix86+x86_64 1.2-15 6.00 35.00 41.00 OK

Check Details

Version: 1.2-15
Check: R code for possible problems
Result: NOTE
    makeinputfiles: no visible global function definition for ‘qnorm’
    makeinputfiles: no visible global function definition for ‘qunif’
    makeinputfiles: no visible global function definition for ‘write.table’
    optimal.scale: no visible global function definition for ‘optimize’
    optimal.scales: no visible global function definition for ‘optim’
    sample.from.exp.est: no visible global function definition for ‘qnorm’
    sample.n.fit: no visible global function definition for ‘plot’
    sample.n.fit: no visible global function definition for ‘lines’
    sample.n.fit: no visible global function definition for ‘points’
    sample.n.fit: no visible global function definition for ‘legend’
    Undefined global functions or variables:
     legend lines optim optimize plot points qnorm qunif write.table
    Consider adding
     importFrom("graphics", "legend", "lines", "plot", "points")
     importFrom("stats", "optim", "optimize", "qnorm", "qunif")
     importFrom("utils", "write.table")
    to your NAMESPACE.
Flavors: r-devel-linux-x86_64-debian-clang, r-devel-linux-x86_64-debian-gcc, r-devel-linux-x86_64-fedora-clang, r-devel-linux-x86_64-fedora-gcc, r-devel-windows-ix86+x86_64