CRAN Package Check Results for Package emulator

Last updated on 2014-08-23 20:46:51.

Flavor Version Tinstall Tcheck Ttotal Status Flags
r-devel-linux-x86_64-debian-clang 1.2-13 0.78 17.26 18.03 NOTE
r-devel-linux-x86_64-debian-gcc 1.2-13 0.76 16.92 17.69 NOTE
r-devel-linux-x86_64-fedora-clang 1.2-13 38.49 NOTE
r-devel-linux-x86_64-fedora-gcc 1.2-13 37.21 NOTE
r-devel-osx-x86_64-clang 1.2-13 42.40 NOTE
r-devel-windows-ix86+x86_64 1.2-13 3.00 41.00 44.00 NOTE
r-patched-linux-x86_64 1.2-13 0.78 17.79 18.58 NOTE
r-patched-solaris-sparc 1.2-13 226.20 NOTE
r-patched-solaris-x86 1.2-13 54.30 NOTE
r-release-linux-ix86 1.2-13 1.30 26.50 27.80 NOTE
r-release-linux-x86_64 1.2-13 0.82 18.07 18.90 NOTE
r-release-osx-x86_64-mavericks 1.2-13 NOTE
r-release-osx-x86_64-snowleopard 1.2-13 OK
r-release-windows-ix86+x86_64 1.2-13 4.00 52.00 56.00 NOTE
r-oldrel-windows-ix86+x86_64 1.2-13 3.00 33.00 36.00 NOTE

Check Details

Version: 1.2-13
Check: dependencies in R code
Result: NOTE
    Package in Depends field not imported from: ‘mvtnorm’
     These packages need to be imported from (in the NAMESPACE file)
     for when this namespace is loaded but not attached.
    See the information on DESCRIPTION files in the chapter ‘Creating R
    packages’ of the ‘Writing R Extensions’ manual.
Flavors: r-devel-linux-x86_64-debian-clang, r-devel-linux-x86_64-debian-gcc, r-devel-linux-x86_64-fedora-clang, r-devel-linux-x86_64-fedora-gcc, r-devel-osx-x86_64-clang, r-devel-windows-ix86+x86_64, r-patched-linux-x86_64, r-patched-solaris-sparc, r-patched-solaris-x86, r-release-linux-ix86, r-release-linux-x86_64, r-release-osx-x86_64-mavericks, r-release-windows-ix86+x86_64, r-oldrel-windows-ix86+x86_64

Version: 1.2-13
Check: R code for possible problems
Result: NOTE
    cond.sample: no visible global function definition for ‘rmvt’
    sample.n.fit: no visible global function definition for ‘rmvnorm’
Flavors: r-devel-linux-x86_64-debian-clang, r-devel-linux-x86_64-debian-gcc, r-devel-linux-x86_64-fedora-clang, r-devel-linux-x86_64-fedora-gcc, r-devel-osx-x86_64-clang