CRAN Package Check Results for Package emulator

Last updated on 2016-02-11 23:47:25.

Flavor Version Tinstall Tcheck Ttotal Status Flags
r-devel-linux-x86_64-debian-gcc 1.2-15 0.75 17.28 18.03 NOTE
r-devel-linux-x86_64-fedora-clang 1.2-15 34.09 NOTE
r-devel-linux-x86_64-fedora-gcc 1.2-15 34.47 NOTE
r-devel-osx-x86_64-clang 1.2-15 41.61 NOTE
r-devel-windows-ix86+x86_64 1.2-15 5.00 47.00 52.00 NOTE
r-patched-linux-x86_64 1.2-15 0.98 18.43 19.41 OK
r-patched-solaris-sparc 1.2-15 223.40 OK
r-patched-solaris-x86 1.2-15 47.40 OK
r-release-linux-x86_64 1.2-15 0.90 17.97 18.87 OK
r-release-osx-x86_64-mavericks 1.2-15 OK
r-release-windows-ix86+x86_64 1.2-15 5.00 44.00 49.00 OK
r-oldrel-windows-ix86+x86_64 1.2-15 6.00 38.00 44.00 OK

Check Details

Version: 1.2-15
Check: R code for possible problems
Result: NOTE
    makeinputfiles: no visible global function definition for ‘qnorm’
    makeinputfiles: no visible global function definition for ‘qunif’
    makeinputfiles: no visible global function definition for ‘write.table’
    optimal.scale: no visible global function definition for ‘optimize’
    optimal.scales: no visible global function definition for ‘optim’
    sample.from.exp.est: no visible global function definition for ‘qnorm’
    sample.n.fit: no visible global function definition for ‘plot’
    sample.n.fit: no visible global function definition for ‘lines’
    sample.n.fit: no visible global function definition for ‘points’
    sample.n.fit: no visible global function definition for ‘legend’
    Undefined global functions or variables:
     legend lines optim optimize plot points qnorm qunif write.table
    Consider adding
     importFrom("graphics", "legend", "lines", "plot", "points")
     importFrom("stats", "optim", "optimize", "qnorm", "qunif")
     importFrom("utils", "write.table")
    to your NAMESPACE file.
Flavors: r-devel-linux-x86_64-debian-gcc, r-devel-linux-x86_64-fedora-clang, r-devel-linux-x86_64-fedora-gcc, r-devel-osx-x86_64-clang, r-devel-windows-ix86+x86_64