CRAN Package Check Results for Package emulator

Last updated on 2016-05-24 23:48:06.

Flavor Version Tinstall Tcheck Ttotal Status Flags
r-devel-linux-x86_64-debian-gcc 1.2-15 0.79 18.71 19.49 NOTE
r-devel-linux-x86_64-fedora-clang 1.2-15 37.50 NOTE
r-devel-linux-x86_64-fedora-gcc 1.2-15 33.54 NOTE
r-devel-osx-x86_64-clang 1.2-15 41.46 NOTE
r-devel-windows-ix86+x86_64 1.2-15 6.00 64.00 70.00 NOTE
r-patched-linux-x86_64 1.2-15 0.74 18.46 19.20 NOTE
r-patched-solaris-sparc 1.2-15 218.20 NOTE
r-patched-solaris-x86 1.2-15 48.00 NOTE
r-release-linux-x86_64 1.2-15 0.73 18.33 19.07 NOTE
r-release-osx-x86_64-mavericks 1.2-15 NOTE
r-release-windows-ix86+x86_64 1.2-15 6.00 64.00 70.00 NOTE
r-oldrel-windows-ix86+x86_64 1.2-15 5.00 44.00 49.00 OK

Check Details

Version: 1.2-15
Check: R code for possible problems
Result: NOTE
    makeinputfiles: no visible global function definition for ‘qnorm’
    makeinputfiles: no visible global function definition for ‘qunif’
    makeinputfiles: no visible global function definition for ‘write.table’
    optimal.scale: no visible global function definition for ‘optimize’
    optimal.scales: no visible global function definition for ‘optim’
    sample.from.exp.est: no visible global function definition for ‘qnorm’
    sample.n.fit: no visible global function definition for ‘plot’
    sample.n.fit: no visible global function definition for ‘lines’
    sample.n.fit: no visible global function definition for ‘points’
    sample.n.fit: no visible global function definition for ‘legend’
    Undefined global functions or variables:
     legend lines optim optimize plot points qnorm qunif write.table
    Consider adding
     importFrom("graphics", "legend", "lines", "plot", "points")
     importFrom("stats", "optim", "optimize", "qnorm", "qunif")
     importFrom("utils", "write.table")
    to your NAMESPACE file.
Flavors: r-devel-linux-x86_64-debian-gcc, r-devel-linux-x86_64-fedora-clang, r-devel-linux-x86_64-fedora-gcc, r-devel-osx-x86_64-clang, r-devel-windows-ix86+x86_64, r-patched-linux-x86_64, r-patched-solaris-sparc, r-patched-solaris-x86, r-release-linux-x86_64, r-release-osx-x86_64-mavericks, r-release-windows-ix86+x86_64