CRAN Package Check Results for Package emulator

Last updated on 2017-06-25 10:47:01.

Flavor Version Tinstall Tcheck Ttotal Status Flags
r-devel-linux-x86_64-debian-clang 1.2-15 0.90 21.93 22.82 NOTE
r-devel-linux-x86_64-debian-gcc 1.2-15 0.86 21.54 22.40 NOTE
r-devel-linux-x86_64-fedora-clang 1.2-15 40.20 NOTE
r-devel-linux-x86_64-fedora-gcc 1.2-15 38.79 NOTE
r-devel-windows-ix86+x86_64 1.2-15 4.00 53.00 57.00 NOTE
r-patched-linux-x86_64 1.2-15 0.95 21.82 22.78 NOTE
r-patched-solaris-sparc 1.2-15 245.90 NOTE
r-patched-solaris-x86 1.2-15 52.70 NOTE
r-release-linux-x86_64 1.2-15 0.87 21.62 22.49 NOTE
r-release-windows-ix86+x86_64 1.2-15 3.00 49.00 52.00 NOTE
r-release-osx-x86_64 1.2-15 NOTE
r-oldrel-windows-ix86+x86_64 1.2-15 5.00 64.00 69.00 NOTE
r-oldrel-osx-x86_64 1.2-15 NOTE

Check Details

Version: 1.2-15
Check: R code for possible problems
Result: NOTE
    makeinputfiles: no visible global function definition for ‘qnorm’
    makeinputfiles: no visible global function definition for ‘qunif’
    makeinputfiles: no visible global function definition for ‘write.table’
    optimal.scale: no visible global function definition for ‘optimize’
    optimal.scales: no visible global function definition for ‘optim’
    sample.from.exp.est: no visible global function definition for ‘qnorm’
    sample.n.fit: no visible global function definition for ‘plot’
    sample.n.fit: no visible global function definition for ‘lines’
    sample.n.fit: no visible global function definition for ‘points’
    sample.n.fit: no visible global function definition for ‘legend’
    Undefined global functions or variables:
     legend lines optim optimize plot points qnorm qunif write.table
    Consider adding
     importFrom("graphics", "legend", "lines", "plot", "points")
     importFrom("stats", "optim", "optimize", "qnorm", "qunif")
     importFrom("utils", "write.table")
    to your NAMESPACE file.
Flavors: r-devel-linux-x86_64-debian-clang, r-devel-linux-x86_64-debian-gcc, r-devel-linux-x86_64-fedora-clang, r-devel-linux-x86_64-fedora-gcc, r-devel-windows-ix86+x86_64, r-patched-linux-x86_64, r-patched-solaris-sparc, r-patched-solaris-x86, r-release-linux-x86_64, r-release-windows-ix86+x86_64, r-release-osx-x86_64, r-oldrel-windows-ix86+x86_64, r-oldrel-osx-x86_64