CRAN Package Check Results for Package emulator

Last updated on 2016-08-25 09:48:10.

Flavor Version Tinstall Tcheck Ttotal Status Flags
r-devel-linux-x86_64-debian-clang 1.2-15 0.82 19.33 20.15 NOTE
r-devel-linux-x86_64-debian-gcc 1.2-15 0.82 19.39 20.22 NOTE
r-devel-linux-x86_64-fedora-clang 1.2-15 34.95 NOTE
r-devel-linux-x86_64-fedora-gcc 1.2-15 34.44 NOTE
r-devel-osx-x86_64-clang 1.2-15 31.41 NOTE
r-devel-windows-ix86+x86_64 1.2-15 5.00 64.00 69.00 NOTE
r-patched-linux-x86_64 1.2-15 0.85 18.83 19.68 NOTE
r-patched-solaris-sparc 1.2-15 220.80 NOTE
r-patched-solaris-x86 1.2-15 45.80 NOTE
r-release-linux-x86_64 1.2-15 0.86 18.81 19.67 NOTE
r-release-osx-x86_64-mavericks 1.2-15 NOTE
r-release-windows-ix86+x86_64 1.2-15 6.00 64.00 70.00 NOTE
r-oldrel-windows-ix86+x86_64 1.2-15 5.00 44.00 49.00 OK

Check Details

Version: 1.2-15
Check: R code for possible problems
Result: NOTE
    makeinputfiles: no visible global function definition for ‘qnorm’
    makeinputfiles: no visible global function definition for ‘qunif’
    makeinputfiles: no visible global function definition for ‘write.table’
    optimal.scale: no visible global function definition for ‘optimize’
    optimal.scales: no visible global function definition for ‘optim’
    sample.from.exp.est: no visible global function definition for ‘qnorm’
    sample.n.fit: no visible global function definition for ‘plot’
    sample.n.fit: no visible global function definition for ‘lines’
    sample.n.fit: no visible global function definition for ‘points’
    sample.n.fit: no visible global function definition for ‘legend’
    Undefined global functions or variables:
     legend lines optim optimize plot points qnorm qunif write.table
    Consider adding
     importFrom("graphics", "legend", "lines", "plot", "points")
     importFrom("stats", "optim", "optimize", "qnorm", "qunif")
     importFrom("utils", "write.table")
    to your NAMESPACE file.
Flavors: r-devel-linux-x86_64-debian-clang, r-devel-linux-x86_64-debian-gcc, r-devel-linux-x86_64-fedora-clang, r-devel-linux-x86_64-fedora-gcc, r-devel-osx-x86_64-clang, r-devel-windows-ix86+x86_64, r-patched-linux-x86_64, r-patched-solaris-sparc, r-patched-solaris-x86, r-release-linux-x86_64, r-release-osx-x86_64-mavericks, r-release-windows-ix86+x86_64