CRAN Package Check Results for Package emulator

Last updated on 2014-04-25 09:52:13.

Flavor Version Tinstall Tcheck Ttotal Status Flags
r-devel-linux-x86_64-debian-clang 1.2-13 0.84 18.99 19.84 NOTE
r-devel-linux-x86_64-debian-gcc 1.2-13 0.89 19.00 19.89 NOTE
r-devel-linux-x86_64-fedora-clang 1.2-13 39.17 NOTE
r-devel-linux-x86_64-fedora-gcc 1.2-13 37.60 NOTE
r-devel-osx-x86_64-clang 1.2-13 39.51 NOTE
r-devel-osx-x86_64-gcc 1.2-13 NOTE
r-devel-windows-ix86+x86_64 1.2-13 4.00 35.00 39.00 NOTE
r-patched-linux-x86_64 1.2-13 0.92 19.22 20.14 NOTE
r-patched-solaris-sparc 1.2-13 225.30 NOTE
r-patched-solaris-x86 1.2-13 52.50 NOTE
r-release-linux-ix86 1.2-13 2.00 37.00 39.00 NOTE
r-release-linux-x86_64 1.2-13 0.84 18.62 19.46 NOTE
r-release-osx-x86_64-mavericks 1.2-13 NOTE
r-release-osx-x86_64-snowleopard 1.2-13 OK
r-release-windows-ix86+x86_64 1.2-13 4.00 33.00 37.00 NOTE
r-oldrel-windows-ix86+x86_64 1.2-13 3.00 33.00 36.00 NOTE

Check Details

Version: 1.2-13
Check: dependencies in R code
Result: NOTE
    Package in Depends field not imported from: ‘mvtnorm’
     These packages need to be imported from (in the NAMESPACE file)
     for when this namespace is loaded but not attached.
    See the information on DESCRIPTION files in the chapter ‘Creating R
    packages’ of the ‘Writing R Extensions’ manual.
Flavors: r-devel-linux-x86_64-debian-clang, r-devel-linux-x86_64-debian-gcc, r-devel-linux-x86_64-fedora-clang, r-devel-linux-x86_64-fedora-gcc, r-devel-osx-x86_64-clang, r-devel-osx-x86_64-gcc, r-devel-windows-ix86+x86_64, r-patched-linux-x86_64, r-patched-solaris-sparc, r-patched-solaris-x86, r-release-linux-ix86, r-release-linux-x86_64, r-release-osx-x86_64-mavericks, r-release-windows-ix86+x86_64, r-oldrel-windows-ix86+x86_64