CRAN Package Check Results for Package emulator

Last updated on 2015-07-31 18:48:15.

Flavor Version Tinstall Tcheck Ttotal Status Flags
r-devel-linux-x86_64-debian-clang 1.2-15 0.86 18.23 19.09 NOTE
r-devel-linux-x86_64-debian-gcc 1.2-15 1.16 18.13 19.30 NOTE
r-devel-linux-x86_64-fedora-clang 1.2-15 38.43 NOTE
r-devel-linux-x86_64-fedora-gcc 1.2-15 36.07 NOTE
r-devel-osx-x86_64-clang 1.2-15 37.53 OK
r-devel-windows-ix86+x86_64 1.2-15 6.00 40.00 46.00 NOTE
r-patched-linux-x86_64 1.2-15 0.78 18.04 18.82 OK
r-patched-solaris-sparc 1.2-15 234.10 OK
r-patched-solaris-x86 1.2-15 51.50 OK
r-release-linux-x86_64 1.2-15 0.80 18.80 19.60 OK
r-release-osx-x86_64-mavericks 1.2-15 OK
r-release-windows-ix86+x86_64 1.2-15 7.00 32.00 39.00 OK
r-oldrel-windows-ix86+x86_64 1.2-15 6.00 35.00 41.00 OK

Check Details

Version: 1.2-15
Check: R code for possible problems
Result: NOTE
    makeinputfiles: no visible global function definition for ‘qnorm’
    makeinputfiles: no visible global function definition for ‘qunif’
    makeinputfiles: no visible global function definition for ‘write.table’
    optimal.scale: no visible global function definition for ‘optimize’
    optimal.scales: no visible global function definition for ‘optim’
    sample.from.exp.est: no visible global function definition for ‘qnorm’
    sample.n.fit: no visible global function definition for ‘plot’
    sample.n.fit: no visible global function definition for ‘lines’
    sample.n.fit: no visible global function definition for ‘points’
    sample.n.fit: no visible global function definition for ‘legend’
    Undefined global functions or variables:
     legend lines optim optimize plot points qnorm qunif write.table
    Consider adding
     importFrom("graphics", "legend", "lines", "plot", "points")
     importFrom("stats", "optim", "optimize", "qnorm", "qunif")
     importFrom("utils", "write.table")
    to your NAMESPACE.
Flavors: r-devel-linux-x86_64-debian-clang, r-devel-linux-x86_64-debian-gcc, r-devel-linux-x86_64-fedora-clang, r-devel-linux-x86_64-fedora-gcc, r-devel-windows-ix86+x86_64